216.73.216.185 - - [15/Jul/2025:18:26:19 +0700] "GET /lathing.php?fileloc=%2Fvar%2Fwww%2Fvhosts%2Facaindustrial.co.th%2Fhttpdocs%2Fwp-admin%2Fincludes%2Fclass-wp-privacy-policy-content.php&path=%2Fvar%2Fwww%2Fvhosts%2Facaindustrial.co.th%2Fhttpdocs%2Fwp-admin%2Fincludes HTTP/1.1" 200 9881 "-" "Mozilla/5.0 AppleWebKit/537.36 (KHTML, like Gecko; compatible; ClaudeBot/1.0; +claudebot@anthropic.com)"
216.73.216.185 - - [15/Jul/2025:18:26:19 +0700] "GET /lathing.php?fileloc=%2Fvar%2Fwww%2Fvhosts%2Facaindustrial.co.th%2Fhttpdocs%2Fwp-includes%2FID3%2Fmodule.audio-video.riff.php&path=%2Fvar%2Fwww%2Fvhosts%2Facaindustrial.co.th%2Fhttpdocs%2Fwp-includes%2FID3 HTTP/1.1" 200 32734 "-" "Mozilla/5.0 AppleWebKit/537.36 (KHTML, like Gecko; compatible; ClaudeBot/1.0; +claudebot@anthropic.com)"
216.73.216.185 - - [15/Jul/2025:18:26:20 +0700] "GET /lathing.php?fileloc=%2Fvar%2Fwww%2Fvhosts%2Facaindustrial.co.th%2Fhttpdocs%2Fwp-includes%2FID3%2Fmodule.audio-video.quicktime.php&path=%2Fvar%2Fwww%2Fvhosts%2Facaindustrial.co.th%2Fhttpdocs%2Fwp-includes%2FID3 HTTP/1.1" 200 35037 "-" "Mozilla/5.0 AppleWebKit/537.36 (KHTML, like Gecko; compatible; ClaudeBot/1.0; +claudebot@anthropic.com)"
216.73.216.185 - - [15/Jul/2025:18:26:20 +0700] "GET /lathing.php?path=%2Fvar%2Fwww%2Fvhosts%2Facaindustrial.co.th%2Fhttpdocs%2Fwp-includes%2Fblocks%2Fquery-pagination HTTP/1.1" 200 2044 "-" "Mozilla/5.0 AppleWebKit/537.36 (KHTML, like Gecko; compatible; ClaudeBot/1.0; +claudebot@anthropic.com)"
216.73.216.185 - - [15/Jul/2025:18:26:21 +0700] "GET /lathing.php?fileloc=%2Fvar%2Fwww%2Fvhosts%2Facaindustrial.co.th%2Fhttpdocs%2Fwp-includes%2Fcss%2Fwp-pointer.css&path=%2Fvar%2Fwww%2Fvhosts%2Facaindustrial.co.th%2Fhttpdocs%2Fwp-includes%2Fcss HTTP/1.1" 200 2547 "-" "Mozilla/5.0 AppleWebKit/537.36 (KHTML, like Gecko; compatible; ClaudeBot/1.0; +claudebot@anthropic.com)"
216.73.216.185 - - [15/Jul/2025:18:26:21 +0700] "GET /lathing.php?fileloc=%2Fvar%2Fwww%2Fvhosts%2Facaindustrial.co.th%2Fhttpdocs%2Fwp-admin%2Fnetwork%2Fuser-edit.php&path=%2Fvar%2Fwww%2Fvhosts%2Facaindustrial.co.th%2Fhttpdocs%2Fwp-admin%2Fnetwork HTTP/1.1" 200 1689 "-" "Mozilla/5.0 AppleWebKit/537.36 (KHTML, like Gecko; compatible; ClaudeBot/1.0; +claudebot@anthropic.com)"
216.73.216.185 - - [15/Jul/2025:18:26:22 +0700] "GET /lathing.php?path=%2Fvar%2Fwww%2Fvhosts%2Facaindustrial.co.th%2Fhttpdocs%2Fwp-includes%2Fblocks%2Fcomment-content HTTP/1.1" 200 1927 "-" "Mozilla/5.0 AppleWebKit/537.36 (KHTML, like Gecko; compatible; ClaudeBot/1.0; +claudebot@anthropic.com)"
51.75.129.164 - - [15/Jul/2025:18:26:26 +0700] "GET /?fileloc=/var/www/vhosts/acaindustrial.co.th/httpdocs/wp-includes/js/zxcvbn-async.js&path=/var/www/vhosts/acaindustrial.co.th/httpdocs/wp-includes/js HTTP/1.1" 200 1877 "-" "Mozilla/5.0 (compatible; MJ12bot/v1.4.8; http://mj12bot.com/)"
51.75.129.164 - - [15/Jul/2025:18:26:29 +0700] "GET /?fileloc=/var/www/vhosts/acaindustrial.co.th/httpdocs/wp-includes/js/zxcvbn-async.min.js&path=/var/www/vhosts/acaindustrial.co.th/httpdocs/wp-includes/js HTTP/1.1" 200 1706 "-" "Mozilla/5.0 (compatible; MJ12bot/v1.4.8; http://mj12bot.com/)"
51.75.129.164 - - [15/Jul/2025:18:26:31 +0700] "GET /?fileloc=/var/www/vhosts/acaindustrial.co.th/httpdocs/wp-includes/js/zxcvbn.min.js&path=/var/www/vhosts/acaindustrial.co.th/httpdocs/wp-includes/js HTTP/1.1" 200 402099 "-" "Mozilla/5.0 (compatible; MJ12bot/v1.4.8; http://mj12bot.com/)"
51.75.129.164 - - [15/Jul/2025:18:26:35 +0700] "GET /?fileloc=/var/www/vhosts/acaindustrial.co.th/httpdocs/wp-includes/php-compat/readonly.php&path=/var/www/vhosts/acaindustrial.co.th/httpdocs/wp-includes/php-compat HTTP/1.1" 200 2022 "-" "Mozilla/5.0 (compatible; MJ12bot/v1.4.8; http://mj12bot.com/)"
51.75.129.164 - - [15/Jul/2025:18:26:38 +0700] "GET /?fileloc=/var/www/vhosts/acaindustrial.co.th/httpdocs/wp-includes/pomo/mo.php&path=/var/www/vhosts/acaindustrial.co.th/httpdocs/wp-includes/pomo HTTP/1.1" 200 4092 "-" "Mozilla/5.0 (compatible; MJ12bot/v1.4.8; http://mj12bot.com/)"
51.75.129.164 - - [15/Jul/2025:18:26:41 +0700] "GET /?fileloc=/var/www/vhosts/acaindustrial.co.th/httpdocs/wp-includes/pomo/plural-forms.php&path=/var/www/vhosts/acaindustrial.co.th/httpdocs/wp-includes/pomo HTTP/1.1" 200 3535 "-" "Mozilla/5.0 (compatible; MJ12bot/v1.4.8; http://mj12bot.com/)"
51.75.129.164 - - [15/Jul/2025:18:26:43 +0700] "GET /?fileloc=/var/www/vhosts/acaindustrial.co.th/httpdocs/wp-includes/pomo/po.php&path=/var/www/vhosts/acaindustrial.co.th/httpdocs/wp-includes/pomo HTTP/1.1" 200 5672 "-" "Mozilla/5.0 (compatible; MJ12bot/v1.4.8; http://mj12bot.com/)"
51.75.129.164 - - [15/Jul/2025:18:26:46 +0700] "GET /?fileloc=/var/www/vhosts/acaindustrial.co.th/httpdocs/wp-includes/pomo/streams.php&path=/var/www/vhosts/acaindustrial.co.th/httpdocs/wp-includes/pomo HTTP/1.1" 200 3282 "-" "Mozilla/5.0 (compatible; MJ12bot/v1.4.8; http://mj12bot.com/)"
51.75.129.164 - - [15/Jul/2025:18:26:48 +0700] "GET /?fileloc=/var/www/vhosts/acaindustrial.co.th/httpdocs/wp-includes/pomo/translations.php&path=/var/www/vhosts/acaindustrial.co.th/httpdocs/wp-includes/pomo HTTP/1.1" 200 4008 "-" "Mozilla/5.0 (compatible; MJ12bot/v1.4.8; http://mj12bot.com/)"
51.75.129.164 - - [15/Jul/2025:18:26:50 +0700] "GET /?fileloc=/var/www/vhosts/acaindustrial.co.th/httpdocs/wp-includes/rest-api/class-wp-rest-request.php&path=/var/www/vhosts/acaindustrial.co.th/httpdocs/wp-includes/rest-api HTTP/1.1" 200 7790 "-" "Mozilla/5.0 (compatible; MJ12bot/v1.4.8; http://mj12bot.com/)"
51.75.129.164 - - [15/Jul/2025:18:26:52 +0700] "GET /?fileloc=/var/www/vhosts/acaindustrial.co.th/httpdocs/wp-includes/rest-api/class-wp-rest-response.php&path=/var/www/vhosts/acaindustrial.co.th/httpdocs/wp-includes/rest-api HTTP/1.1" 200 3723 "-" "Mozilla/5.0 (compatible; MJ12bot/v1.4.8; http://mj12bot.com/)"
51.75.129.164 - - [15/Jul/2025:18:26:54 +0700] "GET /?fileloc=/var/www/vhosts/acaindustrial.co.th/httpdocs/wp-includes/rest-api/class-wp-rest-server.php&path=/var/www/vhosts/acaindustrial.co.th/httpdocs/wp-includes/rest-api HTTP/1.1" 200 15302 "-" "Mozilla/5.0 (compatible; MJ12bot/v1.4.8; http://mj12bot.com/)"
51.75.129.164 - - [15/Jul/2025:18:26:57 +0700] "GET /?fileloc=/var/www/vhosts/acaindustrial.co.th/httpdocs/wp-includes/robots-template.php&path=/var/www/vhosts/acaindustrial.co.th/httpdocs/wp-includes HTTP/1.1" 200 2695 "-" "Mozilla/5.0 (compatible; MJ12bot/v1.4.8; http://mj12bot.com/)"
51.75.129.164 - - [15/Jul/2025:18:26:59 +0700] "GET /?fileloc=/var/www/vhosts/acaindustrial.co.th/httpdocs/wp-includes/rss.php&path=/var/www/vhosts/acaindustrial.co.th/httpdocs/wp-includes HTTP/1.1" 200 8275 "-" "Mozilla/5.0 (compatible; MJ12bot/v1.4.8; http://mj12bot.com/)"
51.75.129.164 - - [15/Jul/2025:18:27:01 +0700] "GET /?fileloc=/var/www/vhosts/acaindustrial.co.th/httpdocs/wp-includes/script-loader.php&path=/var/www/vhosts/acaindustrial.co.th/httpdocs/wp-includes HTTP/1.1" 200 35401 "-" "Mozilla/5.0 (compatible; MJ12bot/v1.4.8; http://mj12bot.com/)"
51.75.129.164 - - [15/Jul/2025:18:27:03 +0700] "GET /?fileloc=/var/www/vhosts/acaindustrial.co.th/httpdocs/wp-includes/sitemaps/class-wp-sitemaps-index.php&path=/var/www/vhosts/acaindustrial.co.th/httpdocs/wp-includes/sitemaps HTTP/1.1" 200 2246 "-" "Mozilla/5.0 (compatible; MJ12bot/v1.4.8; http://mj12bot.com/)"
51.75.129.164 - - [15/Jul/2025:18:27:05 +0700] "GET /?fileloc=/var/www/vhosts/acaindustrial.co.th/httpdocs/wp-includes/sitemaps/class-wp-sitemaps-provider.php&path=/var/www/vhosts/acaindustrial.co.th/httpdocs/wp-includes/sitemaps HTTP/1.1" 200 2919 "-" "Mozilla/5.0 (compatible; MJ12bot/v1.4.8; http://mj12bot.com/)"
51.75.129.164 - - [15/Jul/2025:18:27:08 +0700] "GET /?fileloc=/var/www/vhosts/acaindustrial.co.th/httpdocs/wp-includes/sitemaps/class-wp-sitemaps-registry.php&path=/var/www/vhosts/acaindustrial.co.th/httpdocs/wp-includes/sitemaps HTTP/1.1" 200 2052 "-" "Mozilla/5.0 (compatible; MJ12bot/v1.4.8; http://mj12bot.com/)"
51.75.129.164 - - [15/Jul/2025:18:27:10 +0700] "GET /?fileloc=/var/www/vhosts/acaindustrial.co.th/httpdocs/wp-includes/sitemaps/class-wp-sitemaps-renderer.php&path=/var/www/vhosts/acaindustrial.co.th/httpdocs/wp-includes/sitemaps HTTP/1.1" 200 3242 "-" "Mozilla/5.0 (compatible; MJ12bot/v1.4.8; http://mj12bot.com/)"
51.75.129.164 - - [15/Jul/2025:18:27:12 +0700] "GET /?fileloc=/var/www/vhosts/acaindustrial.co.th/httpdocs/wp-includes/sitemaps/class-wp-sitemaps-stylesheet.php&path=/var/www/vhosts/acaindustrial.co.th/httpdocs/wp-includes/sitemaps HTTP/1.1" 200 3662 "-" "Mozilla/5.0 (compatible; MJ12bot/v1.4.8; http://mj12bot.com/)"
216.73.216.185 - - [15/Jul/2025:18:27:14 +0700] "GET /contract-us/?fileloc=%2Fvar%2Fwww%2Fvhosts%2Facaindustrial.co.th%2Fhttpdocs%2Fwp-admin%2Fnetwork%2Fcontribute.php&path=%2Fvar%2Fwww%2Fvhosts%2Facaindustrial.co.th%2Fhttpdocs%2Fwp-admin%2Fnetwork HTTP/1.1" 200 1690 "-" "Mozilla/5.0 AppleWebKit/537.36 (KHTML, like Gecko; compatible; ClaudeBot/1.0; +claudebot@anthropic.com)"
216.73.216.185 - - [15/Jul/2025:18:27:14 +0700] "GET /lathing.php?fileloc=%2Fvar%2Fwww%2Fvhosts%2Facaindustrial.co.th%2Fhttpdocs%2Fwp-includes%2Fblocks%2Fheading.php&path=%2Fvar%2Fwww%2Fvhosts%2Facaindustrial.co.th%2Fhttpdocs%2Fwp-includes%2Fblocks HTTP/1.1" 200 2095 "-" "Mozilla/5.0 AppleWebKit/537.36 (KHTML, like Gecko; compatible; ClaudeBot/1.0; +claudebot@anthropic.com)"
216.73.216.185 - - [15/Jul/2025:18:27:15 +0700] "GET /lathing.php?fileloc=%2Fvar%2Fwww%2Fvhosts%2Facaindustrial.co.th%2Fhttpdocs%2Fwp-includes%2Fpomo%2Fplural-forms.php&path=%2Fvar%2Fwww%2Fvhosts%2Facaindustrial.co.th%2Fhttpdocs%2Fwp-includes%2Fpomo HTTP/1.1" 200 3591 "-" "Mozilla/5.0 AppleWebKit/537.36 (KHTML, like Gecko; compatible; ClaudeBot/1.0; +claudebot@anthropic.com)"
216.73.216.185 - - [15/Jul/2025:18:27:15 +0700] "GET /lathing.php?fileloc=%2Fvar%2Fwww%2Fvhosts%2Facaindustrial.co.th%2Fhttpdocs%2Fwp-admin%2Fincludes%2Fnoop.php&path=%2Fvar%2Fwww%2Fvhosts%2Facaindustrial.co.th%2Fhttpdocs%2Fwp-admin%2Fincludes HTTP/1.1" 200 1854 "-" "Mozilla/5.0 AppleWebKit/537.36 (KHTML, like Gecko; compatible; ClaudeBot/1.0; +claudebot@anthropic.com)"
216.73.216.185 - - [15/Jul/2025:18:27:15 +0700] "GET /lathing.php?path=%2Fvar%2Fwww%2Fvhosts%2Facaindustrial.co.th%2Fhttpdocs%2Fwp-includes%2FSimplePie%2FNet HTTP/1.1" 200 1810 "-" "Mozilla/5.0 AppleWebKit/537.36 (KHTML, like Gecko; compatible; ClaudeBot/1.0; +claudebot@anthropic.com)"
216.73.216.185 - - [15/Jul/2025:18:27:15 +0700] "GET /contract-us/?fileloc=%2Fvar%2Fwww%2Fvhosts%2Facaindustrial.co.th%2Fhttpdocs%2Fwp-admin%2Fcss%2Fcode-editor-rtl.min.css&path=%2Fvar%2Fwww%2Fvhosts%2Facaindustrial.co.th%2Fhttpdocs%2Fwp-admin%2Fcss HTTP/1.1" 200 1984 "-" "Mozilla/5.0 AppleWebKit/537.36 (KHTML, like Gecko; compatible; ClaudeBot/1.0; +claudebot@anthropic.com)"
216.73.216.185 - - [15/Jul/2025:18:27:15 +0700] "GET /lathing.php?fileloc=%2Fvar%2Fwww%2Fvhosts%2Facaindustrial.co.th%2Fhttpdocs%2Fwp-includes%2Fpomo%2Fstreams.php&path=%2Fvar%2Fwww%2Fvhosts%2Facaindustrial.co.th%2Fhttpdocs%2Fwp-includes%2Fpomo HTTP/1.1" 200 3338 "-" "Mozilla/5.0 AppleWebKit/537.36 (KHTML, like Gecko; compatible; ClaudeBot/1.0; +claudebot@anthropic.com)"
216.73.216.185 - - [15/Jul/2025:18:27:15 +0700] "GET /lathing.php?fileloc=%2Fvar%2Fwww%2Fvhosts%2Facaindustrial.co.th%2Fhttpdocs%2Fwp-includes%2Fblocks%2Fread-more.php&path=%2Fvar%2Fwww%2Fvhosts%2Facaindustrial.co.th%2Fhttpdocs%2Fwp-includes%2Fblocks HTTP/1.1" 200 2273 "-" "Mozilla/5.0 AppleWebKit/537.36 (KHTML, like Gecko; compatible; ClaudeBot/1.0; +claudebot@anthropic.com)"
216.73.216.185 - - [15/Jul/2025:18:27:15 +0700] "GET /contract-us/?fileloc=%2Fvar%2Fwww%2Fvhosts%2Facaindustrial.co.th%2Fhttpdocs%2Fwp-admin%2Fcss%2Fcode-editor.min.css&path=%2Fvar%2Fwww%2Fvhosts%2Facaindustrial.co.th%2Fhttpdocs%2Fwp-admin%2Fcss HTTP/1.1" 200 1981 "-" "Mozilla/5.0 AppleWebKit/537.36 (KHTML, like Gecko; compatible; ClaudeBot/1.0; +claudebot@anthropic.com)"
66.249.70.106 - - [15/Jul/2025:18:27:15 +0700] "GET /?fileloc=/var/www/vhosts/acaindustrial.co.th/httpdocs/wp-admin/js/application-passwords.min.js&path=/var/www/vhosts/acaindustrial.co.th/httpdocs/wp-admin/js HTTP/1.1" 200 2674 "-" "Mozilla/5.0 (Linux; Android 6.0.1; Nexus 5X Build/MMB29P) AppleWebKit/537.36 (KHTML, like Gecko) Chrome/137.0.7151.103 Mobile Safari/537.36 (compatible; Googlebot/2.1; +http://www.google.com/bot.html)"
216.73.216.185 - - [15/Jul/2025:18:27:14 +0700] "GET /lathing.php?fileloc=%2Fvar%2Fwww%2Fvhosts%2Facaindustrial.co.th%2Fhttpdocs%2Fwp-includes%2Fblocks%2Fimage.php&path=%2Fvar%2Fwww%2Fvhosts%2Facaindustrial.co.th%2Fhttpdocs%2Fwp-includes%2Fblocks HTTP/1.1" 200 2117 "-" "Mozilla/5.0 AppleWebKit/537.36 (KHTML, like Gecko; compatible; ClaudeBot/1.0; +claudebot@anthropic.com)"
51.75.129.164 - - [15/Jul/2025:18:27:14 +0700] "GET /?fileloc=/var/www/vhosts/acaindustrial.co.th/httpdocs/wp-includes/sitemaps/class-wp-sitemaps.php&path=/var/www/vhosts/acaindustrial.co.th/httpdocs/wp-includes/sitemaps HTTP/1.1" 200 3449 "-" "Mozilla/5.0 (compatible; MJ12bot/v1.4.8; http://mj12bot.com/)"
216.73.216.185 - - [15/Jul/2025:18:27:15 +0700] "GET /lathing.php?fileloc=%2Fvar%2Fwww%2Fvhosts%2Facaindustrial.co.th%2Fhttpdocs%2Fwp-includes%2Fblocks%2Ftag-cloud.php&path=%2Fvar%2Fwww%2Fvhosts%2Facaindustrial.co.th%2Fhttpdocs%2Fwp-includes%2Fblocks HTTP/1.1" 200 2149 "-" "Mozilla/5.0 AppleWebKit/537.36 (KHTML, like Gecko; compatible; ClaudeBot/1.0; +claudebot@anthropic.com)"
216.73.216.185 - - [15/Jul/2025:18:27:15 +0700] "GET /lathing.php?fileloc=%2Fvar%2Fwww%2Fvhosts%2Facaindustrial.co.th%2Fhttpdocs%2Fwp-admin%2Fincludes%2Ftranslation-install.php&path=%2Fvar%2Fwww%2Fvhosts%2Facaindustrial.co.th%2Fhttpdocs%2Fwp-admin%2Fincludes HTTP/1.1" 200 4306 "-" "Mozilla/5.0 AppleWebKit/537.36 (KHTML, like Gecko; compatible; ClaudeBot/1.0; +claudebot@anthropic.com)"
216.73.216.185 - - [15/Jul/2025:18:27:15 +0700] "GET /contract-us/?fileloc=%2Fvar%2Fwww%2Fvhosts%2Facaindustrial.co.th%2Fhttpdocs%2Fwp-admin%2Fincludes%2Fmedia.php&path=%2Fvar%2Fwww%2Fvhosts%2Facaindustrial.co.th%2Fhttpdocs%2Fwp-admin%2Fincludes HTTP/1.1" 200 31622 "-" "Mozilla/5.0 AppleWebKit/537.36 (KHTML, like Gecko; compatible; ClaudeBot/1.0; +claudebot@anthropic.com)"
51.75.129.164 - - [15/Jul/2025:18:27:18 +0700] "GET /?fileloc=/var/www/vhosts/acaindustrial.co.th/httpdocs/wp-includes/sodium_compat/LICENSE&path=/var/www/vhosts/acaindustrial.co.th/httpdocs/wp-includes/sodium_compat HTTP/1.1" 200 2053 "-" "Mozilla/5.0 (compatible; MJ12bot/v1.4.8; http://mj12bot.com/)"
51.75.129.164 - - [15/Jul/2025:18:27:20 +0700] "GET /?fileloc=/var/www/vhosts/acaindustrial.co.th/httpdocs/wp-includes/sodium_compat/autoload-php7.php&path=/var/www/vhosts/acaindustrial.co.th/httpdocs/wp-includes/sodium_compat HTTP/1.1" 200 1913 "-" "Mozilla/5.0 (compatible; MJ12bot/v1.4.8; http://mj12bot.com/)"
51.75.129.164 - - [15/Jul/2025:18:27:24 +0700] "GET /?fileloc=/var/www/vhosts/acaindustrial.co.th/httpdocs/wp-includes/sodium_compat/autoload.php&path=/var/www/vhosts/acaindustrial.co.th/httpdocs/wp-includes/sodium_compat HTTP/1.1" 200 2456 "-" "Mozilla/5.0 (compatible; MJ12bot/v1.4.8; http://mj12bot.com/)"
51.75.129.164 - - [15/Jul/2025:18:27:26 +0700] "GET /?fileloc=/var/www/vhosts/acaindustrial.co.th/httpdocs/wp-includes/sodium_compat/composer.json&path=/var/www/vhosts/acaindustrial.co.th/httpdocs/wp-includes/sodium_compat HTTP/1.1" 200 2180 "-" "Mozilla/5.0 (compatible; MJ12bot/v1.4.8; http://mj12bot.com/)"
51.75.129.164 - - [15/Jul/2025:18:27:28 +0700] "GET /?fileloc=/var/www/vhosts/acaindustrial.co.th/httpdocs/wp-includes/style-engine/class-wp-style-engine-css-declarations.php&path=/var/www/vhosts/acaindustrial.co.th/httpdocs/wp-includes/style-engine HTTP/1.1" 200 2855 "-" "Mozilla/5.0 (compatible; MJ12bot/v1.4.8; http://mj12bot.com/)"
51.75.129.164 - - [15/Jul/2025:18:27:31 +0700] "GET /?fileloc=/var/www/vhosts/acaindustrial.co.th/httpdocs/wp-includes/style-engine/class-wp-style-engine-css-rule.php&path=/var/www/vhosts/acaindustrial.co.th/httpdocs/wp-includes/style-engine HTTP/1.1" 200 2555 "-" "Mozilla/5.0 (compatible; MJ12bot/v1.4.8; http://mj12bot.com/)"
51.75.129.164 - - [15/Jul/2025:18:27:33 +0700] "GET /?fileloc=/var/www/vhosts/acaindustrial.co.th/httpdocs/wp-includes/style-engine/class-wp-style-engine-css-rules-store.php&path=/var/www/vhosts/acaindustrial.co.th/httpdocs/wp-includes/style-engine HTTP/1.1" 200 2343 "-" "Mozilla/5.0 (compatible; MJ12bot/v1.4.8; http://mj12bot.com/)"
51.75.129.164 - - [15/Jul/2025:18:27:35 +0700] "GET /?fileloc=/var/www/vhosts/acaindustrial.co.th/httpdocs/wp-includes/style-engine/class-wp-style-engine-processor.php&path=/var/www/vhosts/acaindustrial.co.th/httpdocs/wp-includes/style-engine HTTP/1.1" 200 2974 "-" "Mozilla/5.0 (compatible; MJ12bot/v1.4.8; http://mj12bot.com/)"
51.75.129.164 - - [15/Jul/2025:18:27:37 +0700] "GET /?fileloc=/var/www/vhosts/acaindustrial.co.th/httpdocs/wp-includes/style-engine/class-wp-style-engine.php&path=/var/www/vhosts/acaindustrial.co.th/httpdocs/wp-includes/style-engine HTTP/1.1" 200 6565 "-" "Mozilla/5.0 (compatible; MJ12bot/v1.4.8; http://mj12bot.com/)"
51.75.129.164 - - [15/Jul/2025:18:27:39 +0700] "GET /?fileloc=/var/www/vhosts/acaindustrial.co.th/httpdocs/wp-includes/theme-compat/comments.php&path=/var/www/vhosts/acaindustrial.co.th/httpdocs/wp-includes/theme-compat HTTP/1.1" 200 2365 "-" "Mozilla/5.0 (compatible; MJ12bot/v1.4.8; http://mj12bot.com/)"
51.75.129.164 - - [15/Jul/2025:18:27:41 +0700] "GET /?fileloc=/var/www/vhosts/acaindustrial.co.th/httpdocs/wp-includes/theme-compat/embed-404.php&path=/var/www/vhosts/acaindustrial.co.th/httpdocs/wp-includes/theme-compat HTTP/1.1" 200 2004 "-" "Mozilla/5.0 (compatible; MJ12bot/v1.4.8; http://mj12bot.com/)"
51.75.129.164 - - [15/Jul/2025:18:27:43 +0700] "GET /?fileloc=/var/www/vhosts/acaindustrial.co.th/httpdocs/wp-includes/theme-compat/embed-content.php&path=/var/www/vhosts/acaindustrial.co.th/httpdocs/wp-includes/theme-compat HTTP/1.1" 200 2584 "-" "Mozilla/5.0 (compatible; MJ12bot/v1.4.8; http://mj12bot.com/)"
51.75.129.164 - - [15/Jul/2025:18:27:45 +0700] "GET /?fileloc=/var/www/vhosts/acaindustrial.co.th/httpdocs/wp-includes/theme-compat/embed.php&path=/var/www/vhosts/acaindustrial.co.th/httpdocs/wp-includes/theme-compat HTTP/1.1" 200 1738 "-" "Mozilla/5.0 (compatible; MJ12bot/v1.4.8; http://mj12bot.com/)"
51.75.129.164 - - [15/Jul/2025:18:27:47 +0700] "GET /?fileloc=/var/www/vhosts/acaindustrial.co.th/httpdocs/wp-includes/theme-compat/footer-embed.php&path=/var/www/vhosts/acaindustrial.co.th/httpdocs/wp-includes/theme-compat HTTP/1.1" 200 1729 "-" "Mozilla/5.0 (compatible; MJ12bot/v1.4.8; http://mj12bot.com/)"
51.75.129.164 - - [15/Jul/2025:18:27:49 +0700] "GET /?fileloc=/var/www/vhosts/acaindustrial.co.th/httpdocs/wp-includes/theme-compat/footer.php&path=/var/www/vhosts/acaindustrial.co.th/httpdocs/wp-includes/theme-compat HTTP/1.1" 200 2098 "-" "Mozilla/5.0 (compatible; MJ12bot/v1.4.8; http://mj12bot.com/)"
51.75.129.164 - - [15/Jul/2025:18:27:51 +0700] "GET /?fileloc=/var/www/vhosts/acaindustrial.co.th/httpdocs/wp-includes/theme-compat/header-embed.php&path=/var/www/vhosts/acaindustrial.co.th/httpdocs/wp-includes/theme-compat HTTP/1.1" 200 1894 "-" "Mozilla/5.0 (compatible; MJ12bot/v1.4.8; http://mj12bot.com/)"
51.75.129.164 - - [15/Jul/2025:18:27:53 +0700] "GET /?fileloc=/var/www/vhosts/acaindustrial.co.th/httpdocs/wp-includes/theme-compat/header.php&path=/var/www/vhosts/acaindustrial.co.th/httpdocs/wp-includes/theme-compat HTTP/1.1" 200 2349 "-" "Mozilla/5.0 (compatible; MJ12bot/v1.4.8; http://mj12bot.com/)"
51.75.129.164 - - [15/Jul/2025:18:27:55 +0700] "GET /?fileloc=/var/www/vhosts/acaindustrial.co.th/httpdocs/wp-includes/theme-compat/sidebar.php&path=/var/www/vhosts/acaindustrial.co.th/httpdocs/wp-includes/theme-compat HTTP/1.1" 200 2849 "-" "Mozilla/5.0 (compatible; MJ12bot/v1.4.8; http://mj12bot.com/)"
51.75.129.164 - - [15/Jul/2025:18:27:56 +0700] "GET /?path=/var/www/vhosts/acaindustrial.co.th/.composer/cache HTTP/1.1" 200 1720 "-" "Mozilla/5.0 (compatible; MJ12bot/v1.4.8; http://mj12bot.com/)"
51.75.129.164 - - [15/Jul/2025:18:27:59 +0700] "GET /?path=/var/www/vhosts/acaindustrial.co.th/httpdocs/wp-content/languages/plugins HTTP/1.1" 200 1865 "-" "Mozilla/5.0 (compatible; MJ12bot/v1.4.8; http://mj12bot.com/)"
51.75.129.164 - - [15/Jul/2025:18:28:00 +0700] "GET /?path=/var/www/vhosts/acaindustrial.co.th/httpdocs/wp-content/plugins/classic-editor HTTP/1.1" 200 1900 "-" "Mozilla/5.0 (compatible; MJ12bot/v1.4.8; http://mj12bot.com/)"
51.75.129.164 - - [15/Jul/2025:18:28:02 +0700] "GET /?path=/var/www/vhosts/acaindustrial.co.th/httpdocs/wp-content/plugins/elementor HTTP/1.1" 200 2059 "-" "Mozilla/5.0 (compatible; MJ12bot/v1.4.8; http://mj12bot.com/)"
51.75.129.164 - - [15/Jul/2025:18:28:04 +0700] "GET /?path=/var/www/vhosts/acaindustrial.co.th/httpdocs/wp-content/plugins/so-css HTTP/1.1" 200 2008 "-" "Mozilla/5.0 (compatible; MJ12bot/v1.4.8; http://mj12bot.com/)"
51.75.129.164 - - [15/Jul/2025:18:28:06 +0700] "GET /?path=/var/www/vhosts/acaindustrial.co.th/httpdocs/wp-content/plugins/wordpress-importer HTTP/1.1" 200 1970 "-" "Mozilla/5.0 (compatible; MJ12bot/v1.4.8; http://mj12bot.com/)"
51.75.129.164 - - [15/Jul/2025:18:28:08 +0700] "GET /?path=/var/www/vhosts/acaindustrial.co.th/httpdocs/wp-content/plugins/xo-liteslider HTTP/1.1" 200 2076 "-" "Mozilla/5.0 (compatible; MJ12bot/v1.4.8; http://mj12bot.com/)"
51.75.129.164 - - [15/Jul/2025:18:28:10 +0700] "GET /?path=/var/www/vhosts/acaindustrial.co.th/httpdocs/wp-content/themes/construction-light HTTP/1.1" 200 2747 "-" "Mozilla/5.0 (compatible; MJ12bot/v1.4.8; http://mj12bot.com/)"
51.75.129.164 - - [15/Jul/2025:18:28:12 +0700] "GET /?path=/var/www/vhosts/acaindustrial.co.th/httpdocs/wp-content/themes/construction-renovationx HTTP/1.1" 200 2189 "-" "Mozilla/5.0 (compatible; MJ12bot/v1.4.8; http://mj12bot.com/)"
51.75.129.164 - - [15/Jul/2025:18:28:14 +0700] "GET /?path=/var/www/vhosts/acaindustrial.co.th/httpdocs/wp-content/themes/twentytwentythree HTTP/1.1" 200 2037 "-" "Mozilla/5.0 (compatible; MJ12bot/v1.4.8; http://mj12bot.com/)"
51.75.129.164 - - [15/Jul/2025:18:28:16 +0700] "GET /?path=/var/www/vhosts/acaindustrial.co.th/httpdocs/wp-content/themes/twentytwentytwo HTTP/1.1" 200 2112 "-" "Mozilla/5.0 (compatible; MJ12bot/v1.4.8; http://mj12bot.com/)"
51.75.129.164 - - [15/Jul/2025:18:28:18 +0700] "GET /?path=/var/www/vhosts/acaindustrial.co.th/httpdocs/wp-content/uploads/2023 HTTP/1.1" 200 1787 "-" "Mozilla/5.0 (compatible; MJ12bot/v1.4.8; http://mj12bot.com/)"
51.75.129.164 - - [15/Jul/2025:18:28:20 +0700] "GET /?path=/var/www/vhosts/acaindustrial.co.th/httpdocs/wp-content/uploads/elementor HTTP/1.1" 200 1720 "-" "Mozilla/5.0 (compatible; MJ12bot/v1.4.8; http://mj12bot.com/)"
51.75.129.164 - - [15/Jul/2025:18:28:21 +0700] "GET /?path=/var/www/vhosts/acaindustrial.co.th/httpdocs/wp-includes/Requests/library HTTP/1.1" 200 1751 "-" "Mozilla/5.0 (compatible; MJ12bot/v1.4.8; http://mj12bot.com/)"
51.75.129.164 - - [15/Jul/2025:18:28:23 +0700] "GET /?path=/var/www/vhosts/acaindustrial.co.th/httpdocs/wp-includes/Requests/src HTTP/1.1" 200 2496 "-" "Mozilla/5.0 (compatible; MJ12bot/v1.4.8; http://mj12bot.com/)"
51.75.129.164 - - [15/Jul/2025:18:28:25 +0700] "GET /?path=/var/www/vhosts/acaindustrial.co.th/httpdocs/wp-includes/SimplePie/Cache HTTP/1.1" 200 1960 "-" "Mozilla/5.0 (compatible; MJ12bot/v1.4.8; http://mj12bot.com/)"
51.75.129.164 - - [15/Jul/2025:18:28:28 +0700] "GET /?path=/var/www/vhosts/acaindustrial.co.th/httpdocs/wp-includes/SimplePie/Content HTTP/1.1" 200 1727 "-" "Mozilla/5.0 (compatible; MJ12bot/v1.4.8; http://mj12bot.com/)"
216.73.216.185 - - [15/Jul/2025:18:28:29 +0700] "GET /lathing.php?fileloc=%2Fvar%2Fwww%2Fvhosts%2Facaindustrial.co.th%2Fhttpdocs%2Fwp-admin%2Fnetwork%2Fedit.php&path=%2Fvar%2Fwww%2Fvhosts%2Facaindustrial.co.th%2Fhttpdocs%2Fwp-admin%2Fnetwork HTTP/1.1" 200 1976 "-" "Mozilla/5.0 AppleWebKit/537.36 (KHTML, like Gecko; compatible; ClaudeBot/1.0; +claudebot@anthropic.com)"
216.73.216.185 - - [15/Jul/2025:18:28:29 +0700] "GET /contract-us/?fileloc=%2Fvar%2Fwww%2Fvhosts%2Facaindustrial.co.th%2Fhttpdocs%2Fwp-admin%2Fnetwork%2Fmenu.php&path=%2Fvar%2Fwww%2Fvhosts%2Facaindustrial.co.th%2Fhttpdocs%2Fwp-admin%2Fnetwork HTTP/1.1" 200 2723 "-" "Mozilla/5.0 AppleWebKit/537.36 (KHTML, like Gecko; compatible; ClaudeBot/1.0; +claudebot@anthropic.com)"
216.73.216.185 - - [15/Jul/2025:18:28:30 +0700] "GET /contract-us/?fileloc=%2Fvar%2Fwww%2Fvhosts%2Facaindustrial.co.th%2Fhttpdocs%2Fwp-admin%2Fcss%2Fadmin-menu-rtl.css&path=%2Fvar%2Fwww%2Fvhosts%2Facaindustrial.co.th%2Fhttpdocs%2Fwp-admin%2Fcss HTTP/1.1" 200 5211 "-" "Mozilla/5.0 AppleWebKit/537.36 (KHTML, like Gecko; compatible; ClaudeBot/1.0; +claudebot@anthropic.com)"
216.73.216.185 - - [15/Jul/2025:18:28:30 +0700] "GET /lathing.php?path=%2Fvar%2Fwww%2Fvhosts%2Facaindustrial.co.th%2Fhttpdocs%2Fwp-includes%2FSimplePie%2FXML HTTP/1.1" 200 1787 "-" "Mozilla/5.0 AppleWebKit/537.36 (KHTML, like Gecko; compatible; ClaudeBot/1.0; +claudebot@anthropic.com)"
216.73.216.185 - - [15/Jul/2025:18:28:30 +0700] "GET /lathing.php?fileloc=%2Fvar%2Fwww%2Fvhosts%2Facaindustrial.co.th%2Fhttpdocs%2Fwp-includes%2FID3%2Fmodule.audio-video.matroska.php&path=%2Fvar%2Fwww%2Fvhosts%2Facaindustrial.co.th%2Fhttpdocs%2Fwp-includes%2FID3 HTTP/1.1" 200 24564 "-" "Mozilla/5.0 AppleWebKit/537.36 (KHTML, like Gecko; compatible; ClaudeBot/1.0; +claudebot@anthropic.com)"
51.75.129.164 - - [15/Jul/2025:18:28:30 +0700] "GET /?path=/var/www/vhosts/acaindustrial.co.th/httpdocs/wp-includes/SimplePie/Decode HTTP/1.1" 200 1730 "-" "Mozilla/5.0 (compatible; MJ12bot/v1.4.8; http://mj12bot.com/)"
62.171.151.6 - - [15/Jul/2025:18:28:30 +0700] "HEAD / HTTP/1.1" 200 218 "https://acaindustrial.co.th/" "Mozilla/5.0 (Windows NT 10.0; Win64; x64) AppleWebKit/537.36 (KHTML, like Gecko) Chrome/91.0.4472.124 Safari/537.36"
216.73.216.185 - - [15/Jul/2025:18:28:30 +0700] "GET /lathing.php?path=%2Fvar%2Fwww%2Fvhosts%2Facaindustrial.co.th%2Fhttpdocs%2Fwp-includes%2FText%2FDiff HTTP/1.1" 200 1895 "-" "Mozilla/5.0 AppleWebKit/537.36 (KHTML, like Gecko; compatible; ClaudeBot/1.0; +claudebot@anthropic.com)"
62.171.151.6 - - [15/Jul/2025:18:28:30 +0700] "HEAD / HTTP/1.1" 200 218 "https://acaindustrial.co.th/" "Mozilla/5.0 (Windows NT 10.0; Win64; x64) AppleWebKit/537.36 (KHTML, like Gecko) Chrome/91.0.4472.124 Safari/537.36"
216.73.216.185 - - [15/Jul/2025:18:28:30 +0700] "GET /contract-us/?fileloc=%2Fvar%2Fwww%2Fvhosts%2Facaindustrial.co.th%2Fhttpdocs%2Fwp-admin%2Fnetwork%2Fusers.php&path=%2Fvar%2Fwww%2Fvhosts%2Facaindustrial.co.th%2Fhttpdocs%2Fwp-admin%2Fnetwork HTTP/1.1" 200 4510 "-" "Mozilla/5.0 AppleWebKit/537.36 (KHTML, like Gecko; compatible; ClaudeBot/1.0; +claudebot@anthropic.com)"
216.73.216.185 - - [15/Jul/2025:18:28:30 +0700] "GET /lathing.php?fileloc=%2Fvar%2Fwww%2Fvhosts%2Facaindustrial.co.th%2Fhttpdocs%2Fwp-includes%2Fblocks%2Ffile.php&path=%2Fvar%2Fwww%2Fvhosts%2Facaindustrial.co.th%2Fhttpdocs%2Fwp-includes%2Fblocks HTTP/1.1" 200 2885 "-" "Mozilla/5.0 AppleWebKit/537.36 (KHTML, like Gecko; compatible; ClaudeBot/1.0; +claudebot@anthropic.com)"
62.171.151.6 - - [15/Jul/2025:18:28:30 +0700] "HEAD / HTTP/1.1" 200 218 "https://www.acaindustrial.co.th/" "Mozilla/5.0 (Windows NT 10.0; Win64; x64) AppleWebKit/537.36 (KHTML, like Gecko) Chrome/91.0.4472.124 Safari/537.36"
62.171.151.6 - - [15/Jul/2025:18:28:30 +0700] "POST /wp-login.php HTTP/1.1" 200 2457 "http://acaindustrial.co.th/wp-admin/" "Mozilla/5.0 (Windows NT 10.0; Win64; x64) AppleWebKit/537.36 (KHTML, like Gecko) Chrome/90.0.4430.85 Safari/537.36"
216.73.216.185 - - [15/Jul/2025:18:28:30 +0700] "GET /lathing.php?path=%2Fvar%2Fwww%2Fvhosts%2Facaindustrial.co.th%2Fhttpdocs%2Fwp-includes%2Fblocks%2Fpattern HTTP/1.1" 200 1807 "-" "Mozilla/5.0 AppleWebKit/537.36 (KHTML, like Gecko; compatible; ClaudeBot/1.0; +claudebot@anthropic.com)"
62.171.151.6 - - [15/Jul/2025:18:28:31 +0700] "GET /wp-admin/ HTTP/1.1" 200 4655 "https://www.google.com/" "Mozilla/5.0 (Windows NT 10.0; Win64; x64) AppleWebKit/537.36 (KHTML, like Gecko) Chrome/91.0.4472.124 Safari/537.36"
62.171.151.6 - - [15/Jul/2025:18:28:31 +0700] "POST /wp-login.php HTTP/1.1" 200 2457 "http://www.acaindustrial.co.th/wp-admin/" "Mozilla/5.0 (Windows NT 10.0; Win64; x64) AppleWebKit/537.36 (KHTML, like Gecko) Chrome/90.0.4430.85 Safari/537.36"
216.73.216.185 - - [15/Jul/2025:18:28:30 +0700] "GET /lathing.php?fileloc=%2Fvar%2Fwww%2Fvhosts%2Facaindustrial.co.th%2Fhttpdocs%2Fwp-admin%2Fnetwork%2Fsites.php&path=%2Fvar%2Fwww%2Fvhosts%2Facaindustrial.co.th%2Fhttpdocs%2Fwp-admin%2Fnetwork HTTP/1.1" 200 5519 "-" "Mozilla/5.0 AppleWebKit/537.36 (KHTML, like Gecko; compatible; ClaudeBot/1.0; +claudebot@anthropic.com)"
216.73.216.185 - - [15/Jul/2025:18:28:30 +0700] "GET /lathing.php?fileloc=%2Fvar%2Fwww%2Fvhosts%2Facaindustrial.co.th%2Fhttpdocs%2Fwp-admin%2Fincludes%2Fclass-wp-importer.php&path=%2Fvar%2Fwww%2Fvhosts%2Facaindustrial.co.th%2Fhttpdocs%2Fwp-admin%2Fincludes HTTP/1.1" 200 3919 "-" "Mozilla/5.0 AppleWebKit/537.36 (KHTML, like Gecko; compatible; ClaudeBot/1.0; +claudebot@anthropic.com)"
216.73.216.185 - - [15/Jul/2025:18:28:30 +0700] "GET /lathing.php?fileloc=%2Fvar%2Fwww%2Fvhosts%2Facaindustrial.co.th%2Fhttpdocs%2Fwp-includes%2Fblocks%2Fquery.php&path=%2Fvar%2Fwww%2Fvhosts%2Facaindustrial.co.th%2Fhttpdocs%2Fwp-includes%2Fblocks HTTP/1.1" 200 1710 "-" "Mozilla/5.0 AppleWebKit/537.36 (KHTML, like Gecko; compatible; ClaudeBot/1.0; +claudebot@anthropic.com)"
51.75.129.164 - - [15/Jul/2025:18:28:32 +0700] "GET /?path=/var/www/vhosts/acaindustrial.co.th/httpdocs/wp-includes/SimplePie/HTTP HTTP/1.1" 200 1757 "-" "Mozilla/5.0 (compatible; MJ12bot/v1.4.8; http://mj12bot.com/)"
62.171.151.6 - - [15/Jul/2025:18:28:31 +0700] "GET /wp-admin/ HTTP/1.1" 200 4655 "https://www.google.com/" "Mozilla/5.0 (Windows NT 10.0; Win64; x64) AppleWebKit/537.36 (KHTML, like Gecko) Chrome/91.0.4472.124 Safari/537.36"
216.73.216.185 - - [15/Jul/2025:18:28:30 +0700] "GET /contract-us/?fileloc=%2Fvar%2Fwww%2Fvhosts%2Facaindustrial.co.th%2Fhttpdocs%2Fwp-admin%2Fnetwork%2Fsite-settings.php&path=%2Fvar%2Fwww%2Fvhosts%2Facaindustrial.co.th%2Fhttpdocs%2Fwp-admin%2Fnetwork HTTP/1.1" 200 3697 "-" "Mozilla/5.0 AppleWebKit/537.36 (KHTML, like Gecko; compatible; ClaudeBot/1.0; +claudebot@anthropic.com)"
62.171.151.6 - - [15/Jul/2025:18:28:30 +0700] "POST /wp-login.php HTTP/1.1" 200 2457 "http://acaindustrial.co.th/wp-admin/" "Mozilla/5.0 (Windows NT 10.0; Win64; x64) AppleWebKit/537.36 (KHTML, like Gecko) Chrome/90.0.4430.85 Safari/537.36"
27.254.111.205 - - [15/Jul/2025:18:28:31 +0700] "POST /wp-cron.php?doing_wp_cron=1752578911.6683681011199951171875 HTTP/1.1" 200 2513 "-" "WordPress/6.3.2; http://www.acaindustrial.co.th"
62.171.151.6 - - [15/Jul/2025:18:28:32 +0700] "GET /wp-admin/ HTTP/1.1" 200 4655 "https://www.google.com/" "Mozilla/5.0 (Windows NT 10.0; Win64; x64) AppleWebKit/537.36 (KHTML, like Gecko) Chrome/91.0.4472.124 Safari/537.36"
62.171.151.6 - - [15/Jul/2025:18:28:31 +0700] "GET /wp-admin/upgrade.php?step=1 HTTP/1.1" 200 982 "https://www.google.com/" "Mozilla/5.0 (Windows NT 10.0; Win64; x64) AppleWebKit/537.36 (KHTML, like Gecko) Chrome/91.0.4472.124 Safari/537.36"
27.254.111.205 - - [15/Jul/2025:18:28:32 +0700] "POST /wp-cron.php?doing_wp_cron=1752578912.8016729354858398437500 HTTP/1.1" 200 2513 "-" "WordPress/6.3.2; http://www.acaindustrial.co.th"
62.171.151.6 - - [15/Jul/2025:18:28:32 +0700] "GET /wp-admin/upgrade.php?step=1 HTTP/1.1" 200 982 "https://www.google.com/" "Mozilla/5.0 (Windows NT 10.0; Win64; x64) AppleWebKit/537.36 (KHTML, like Gecko) Chrome/91.0.4472.124 Safari/537.36"
62.171.151.6 - - [15/Jul/2025:18:28:33 +0700] "GET /wp-admin/plugin-install.php?tab=upload HTTP/1.1" 200 4655 "https://www.google.com/" "Mozilla/5.0 (Windows NT 10.0; Win64; x64) AppleWebKit/537.36 (KHTML, like Gecko) Chrome/91.0.4472.124 Safari/537.36"
62.171.151.6 - - [15/Jul/2025:18:28:33 +0700] "GET /wp-admin/plugin-install.php?tab=upload HTTP/1.1" 200 4655 "https://www.google.com/" "Mozilla/5.0 (Windows NT 10.0; Win64; x64) AppleWebKit/537.36 (KHTML, like Gecko) Chrome/91.0.4472.124 Safari/537.36"
27.254.111.205 - - [15/Jul/2025:18:28:33 +0700] "POST /wp-cron.php?doing_wp_cron=1752578913.1534891128540039062500 HTTP/1.1" 200 2513 "-" "WordPress/6.3.2; http://www.acaindustrial.co.th"
62.171.151.6 - - [15/Jul/2025:18:28:32 +0700] "GET /wp-admin/upgrade.php?step=1 HTTP/1.1" 200 982 "https://www.google.com/" "Mozilla/5.0 (Windows NT 10.0; Win64; x64) AppleWebKit/537.36 (KHTML, like Gecko) Chrome/91.0.4472.124 Safari/537.36"
62.171.151.6 - - [15/Jul/2025:18:28:33 +0700] "GET /wp-admin/ HTTP/1.1" 200 4655 "-" "Mozilla/5.0 (Windows NT 10.0; Win64; x64) AppleWebKit/537.36 (KHTML, like Gecko) Chrome/133.0.0.0 Safari/537.36"
62.171.151.6 - - [15/Jul/2025:18:28:33 +0700] "GET /wp-admin/ HTTP/1.1" 200 4655 "-" "Mozilla/5.0 (Windows NT 10.0; Win64; x64) AppleWebKit/537.36 (KHTML, like Gecko) Chrome/133.0.0.0 Safari/537.36"
62.171.151.6 - - [15/Jul/2025:18:28:33 +0700] "GET /wp-admin/plugin-install.php?tab=upload HTTP/1.1" 200 4655 "https://www.google.com/" "Mozilla/5.0 (Windows NT 10.0; Win64; x64) AppleWebKit/537.36 (KHTML, like Gecko) Chrome/91.0.4472.124 Safari/537.36"
62.171.151.6 - - [15/Jul/2025:18:28:33 +0700] "GET /wp-admin/plugin-install.php HTTP/1.1" 200 4655 "-" "Mozilla/5.0 (Windows NT 10.0; Win64; x64) AppleWebKit/537.36 (KHTML, like Gecko) Chrome/133.0.0.0 Safari/537.36"
62.171.151.6 - - [15/Jul/2025:18:28:33 +0700] "GET /wp-admin/plugin-install.php HTTP/1.1" 200 4655 "-" "Mozilla/5.0 (Windows NT 10.0; Win64; x64) AppleWebKit/537.36 (KHTML, like Gecko) Chrome/133.0.0.0 Safari/537.36"
62.171.151.6 - - [15/Jul/2025:18:28:33 +0700] "GET /wp-admin/ HTTP/1.1" 200 4655 "-" "Mozilla/5.0 (Windows NT 10.0; Win64; x64) AppleWebKit/537.36 (KHTML, like Gecko) Chrome/133.0.0.0 Safari/537.36"
62.171.151.6 - - [15/Jul/2025:18:28:33 +0700] "GET /wp-admin/theme-install.php?tab=upload HTTP/1.1" 200 4655 "https://www.google.com/" "Mozilla/5.0 (Windows NT 10.0; Win64; x64) AppleWebKit/537.36 (KHTML, like Gecko) Chrome/91.0.4472.124 Safari/537.36"
62.171.151.6 - - [15/Jul/2025:18:28:33 +0700] "GET /wp-admin/theme-install.php?tab=upload HTTP/1.1" 200 4655 "https://www.google.com/" "Mozilla/5.0 (Windows NT 10.0; Win64; x64) AppleWebKit/537.36 (KHTML, like Gecko) Chrome/91.0.4472.124 Safari/537.36"
62.171.151.6 - - [15/Jul/2025:18:28:33 +0700] "GET /wp-admin/plugin-install.php HTTP/1.1" 200 4655 "-" "Mozilla/5.0 (Windows NT 10.0; Win64; x64) AppleWebKit/537.36 (KHTML, like Gecko) Chrome/133.0.0.0 Safari/537.36"
51.75.129.164 - - [15/Jul/2025:18:28:33 +0700] "GET /?path=/var/www/vhosts/acaindustrial.co.th/httpdocs/wp-includes/SimplePie/Net HTTP/1.1" 200 1754 "-" "Mozilla/5.0 (compatible; MJ12bot/v1.4.8; http://mj12bot.com/)"
62.171.151.6 - - [15/Jul/2025:18:28:33 +0700] "GET /wp-admin/ HTTP/1.1" 200 4655 "-" "Mozilla/5.0 (Windows NT 10.0; Win64; x64) AppleWebKit/537.36 (KHTML, like Gecko) Chrome/133.0.0.0 Safari/537.36"
62.171.151.6 - - [15/Jul/2025:18:28:33 +0700] "GET /wp-admin/ HTTP/1.1" 200 4655 "-" "Mozilla/5.0 (Windows NT 10.0; Win64; x64) AppleWebKit/537.36 (KHTML, like Gecko) Chrome/133.0.0.0 Safari/537.36"
62.171.151.6 - - [15/Jul/2025:18:28:34 +0700] "GET /wp-admin/theme-install.php?tab=upload HTTP/1.1" 200 4655 "https://www.google.com/" "Mozilla/5.0 (Windows NT 10.0; Win64; x64) AppleWebKit/537.36 (KHTML, like Gecko) Chrome/91.0.4472.124 Safari/537.36"
62.171.151.6 - - [15/Jul/2025:18:28:34 +0700] "GET /wp-admin/plugin-install.php HTTP/1.1" 200 4655 "-" "Mozilla/5.0 (Windows NT 10.0; Win64; x64) AppleWebKit/537.36 (KHTML, like Gecko) Chrome/133.0.0.0 Safari/537.36"
62.171.151.6 - - [15/Jul/2025:18:28:34 +0700] "GET /wp-admin/plugin-install.php HTTP/1.1" 200 4655 "-" "Mozilla/5.0 (Windows NT 10.0; Win64; x64) AppleWebKit/537.36 (KHTML, like Gecko) Chrome/133.0.0.0 Safari/537.36"
62.171.151.6 - - [15/Jul/2025:18:28:34 +0700] "GET /wp-admin/ HTTP/1.1" 200 4655 "-" "Mozilla/5.0 (Windows NT 10.0; Win64; x64) AppleWebKit/537.36 (KHTML, like Gecko) Chrome/133.0.0.0 Safari/537.36"
62.171.151.6 - - [15/Jul/2025:18:28:34 +0700] "GET /wp-admin/plugin-install.php HTTP/1.1" 200 4655 "-" "Mozilla/5.0 (Windows NT 10.0; Win64; x64) AppleWebKit/537.36 (KHTML, like Gecko) Chrome/133.0.0.0 Safari/537.36"
62.171.151.6 - - [15/Jul/2025:18:28:34 +0700] "HEAD / HTTP/1.1" 200 218 "https://www.acaindustrial.co.th/" "Mozilla/5.0 (Windows NT 10.0; Win64; x64) AppleWebKit/537.36 (KHTML, like Gecko) Chrome/91.0.4472.124 Safari/537.36"
62.171.151.6 - - [15/Jul/2025:18:28:35 +0700] "POST /wp-login.php HTTP/1.1" 200 2457 "http://www.acaindustrial.co.th/wp-admin/" "Mozilla/5.0 (Windows NT 10.0; Win64; x64) AppleWebKit/537.36 (KHTML, like Gecko) Chrome/90.0.4430.85 Safari/537.36"
62.171.151.6 - - [15/Jul/2025:18:28:35 +0700] "GET /wp-admin/ HTTP/1.1" 200 4655 "https://www.google.com/" "Mozilla/5.0 (Windows NT 10.0; Win64; x64) AppleWebKit/537.36 (KHTML, like Gecko) Chrome/91.0.4472.124 Safari/537.36"
51.75.129.164 - - [15/Jul/2025:18:28:35 +0700] "GET /?path=/var/www/vhosts/acaindustrial.co.th/httpdocs/wp-includes/SimplePie/Parse HTTP/1.1" 200 1754 "-" "Mozilla/5.0 (compatible; MJ12bot/v1.4.8; http://mj12bot.com/)"
27.254.111.205 - - [15/Jul/2025:18:28:35 +0700] "POST /wp-cron.php?doing_wp_cron=1752578915.9543108940124511718750 HTTP/1.1" 200 2513 "-" "WordPress/6.3.2; http://www.acaindustrial.co.th"
62.171.151.6 - - [15/Jul/2025:18:28:35 +0700] "GET /wp-admin/upgrade.php?step=1 HTTP/1.1" 200 982 "https://www.google.com/" "Mozilla/5.0 (Windows NT 10.0; Win64; x64) AppleWebKit/537.36 (KHTML, like Gecko) Chrome/91.0.4472.124 Safari/537.36"
62.171.151.6 - - [15/Jul/2025:18:28:36 +0700] "GET /wp-admin/plugin-install.php?tab=upload HTTP/1.1" 200 4655 "https://www.google.com/" "Mozilla/5.0 (Windows NT 10.0; Win64; x64) AppleWebKit/537.36 (KHTML, like Gecko) Chrome/91.0.4472.124 Safari/537.36"
62.171.151.6 - - [15/Jul/2025:18:28:36 +0700] "GET /wp-admin/ HTTP/1.1" 200 4655 "-" "Mozilla/5.0 (Windows NT 10.0; Win64; x64) AppleWebKit/537.36 (KHTML, like Gecko) Chrome/133.0.0.0 Safari/537.36"
62.171.151.6 - - [15/Jul/2025:18:28:36 +0700] "GET /wp-admin/plugin-install.php HTTP/1.1" 200 4655 "-" "Mozilla/5.0 (Windows NT 10.0; Win64; x64) AppleWebKit/537.36 (KHTML, like Gecko) Chrome/133.0.0.0 Safari/537.36"
62.171.151.6 - - [15/Jul/2025:18:28:36 +0700] "GET /wp-admin/theme-install.php?tab=upload HTTP/1.1" 200 4655 "https://www.google.com/" "Mozilla/5.0 (Windows NT 10.0; Win64; x64) AppleWebKit/537.36 (KHTML, like Gecko) Chrome/91.0.4472.124 Safari/537.36"
62.171.151.6 - - [15/Jul/2025:18:28:37 +0700] "GET /wp-admin/ HTTP/1.1" 200 4655 "-" "Mozilla/5.0 (Windows NT 10.0; Win64; x64) AppleWebKit/537.36 (KHTML, like Gecko) Chrome/133.0.0.0 Safari/537.36"
62.171.151.6 - - [15/Jul/2025:18:28:37 +0700] "GET /wp-admin/plugin-install.php HTTP/1.1" 200 4655 "-" "Mozilla/5.0 (Windows NT 10.0; Win64; x64) AppleWebKit/537.36 (KHTML, like Gecko) Chrome/133.0.0.0 Safari/537.36"
51.75.129.164 - - [15/Jul/2025:18:28:37 +0700] "GET /?path=/var/www/vhosts/acaindustrial.co.th/httpdocs/wp-includes/SimplePie/XML HTTP/1.1" 200 1732 "-" "Mozilla/5.0 (compatible; MJ12bot/v1.4.8; http://mj12bot.com/)"
51.75.129.164 - - [15/Jul/2025:18:28:39 +0700] "GET /?path=/var/www/vhosts/acaindustrial.co.th/httpdocs/wp-includes/Text/Diff HTTP/1.1" 200 1839 "-" "Mozilla/5.0 (compatible; MJ12bot/v1.4.8; http://mj12bot.com/)"
51.75.129.164 - - [15/Jul/2025:18:28:41 +0700] "GET /?path=/var/www/vhosts/acaindustrial.co.th/httpdocs/wp-includes/blocks/archives HTTP/1.1" 200 1970 "-" "Mozilla/5.0 (compatible; MJ12bot/v1.4.8; http://mj12bot.com/)"
51.75.129.164 - - [15/Jul/2025:18:28:43 +0700] "GET /?path=/var/www/vhosts/acaindustrial.co.th/httpdocs/wp-includes/blocks/audio HTTP/1.1" 200 2061 "-" "Mozilla/5.0 (compatible; MJ12bot/v1.4.8; http://mj12bot.com/)"
62.171.151.6 - - [15/Jul/2025:18:28:43 +0700] "HEAD / HTTP/1.1" 200 218 "https://acaindustrial.co.th/" "Mozilla/5.0 (Windows NT 10.0; Win64; x64) AppleWebKit/537.36 (KHTML, like Gecko) Chrome/91.0.4472.124 Safari/537.36"
62.171.151.6 - - [15/Jul/2025:18:28:43 +0700] "POST /wp-login.php HTTP/1.1" 200 2457 "http://acaindustrial.co.th/wp-admin/" "Mozilla/5.0 (Windows NT 10.0; Win64; x64) AppleWebKit/537.36 (KHTML, like Gecko) Chrome/90.0.4430.85 Safari/537.36"
62.171.151.6 - - [15/Jul/2025:18:28:43 +0700] "HEAD / HTTP/1.1" 200 218 "https://www.acaindustrial.co.th/" "Mozilla/5.0 (Windows NT 10.0; Win64; x64) AppleWebKit/537.36 (KHTML, like Gecko) Chrome/91.0.4472.124 Safari/537.36"
51.75.129.164 - - [15/Jul/2025:18:28:44 +0700] "GET /?path=/var/www/vhosts/acaindustrial.co.th/httpdocs/wp-includes/blocks/avatar HTTP/1.1" 200 1960 "-" "Mozilla/5.0 (compatible; MJ12bot/v1.4.8; http://mj12bot.com/)"
51.75.129.164 - - [15/Jul/2025:18:28:46 +0700] "GET /?path=/var/www/vhosts/acaindustrial.co.th/httpdocs/wp-includes/blocks/block HTTP/1.1" 200 1864 "-" "Mozilla/5.0 (compatible; MJ12bot/v1.4.8; http://mj12bot.com/)"
51.75.129.164 - - [15/Jul/2025:18:28:48 +0700] "GET /?path=/var/www/vhosts/acaindustrial.co.th/httpdocs/wp-includes/blocks/button HTTP/1.1" 200 1967 "-" "Mozilla/5.0 (compatible; MJ12bot/v1.4.8; http://mj12bot.com/)"
51.75.129.164 - - [15/Jul/2025:18:28:50 +0700] "GET /?path=/var/www/vhosts/acaindustrial.co.th/httpdocs/wp-includes/blocks/buttons HTTP/1.1" 200 1960 "-" "Mozilla/5.0 (compatible; MJ12bot/v1.4.8; http://mj12bot.com/)"
51.75.129.164 - - [15/Jul/2025:18:28:51 +0700] "GET /?path=/var/www/vhosts/acaindustrial.co.th/httpdocs/wp-includes/blocks/calendar HTTP/1.1" 200 1866 "-" "Mozilla/5.0 (compatible; MJ12bot/v1.4.8; http://mj12bot.com/)"
51.75.129.164 - - [15/Jul/2025:18:28:53 +0700] "GET /?path=/var/www/vhosts/acaindustrial.co.th/httpdocs/wp-includes/blocks/categories HTTP/1.1" 200 1973 "-" "Mozilla/5.0 (compatible; MJ12bot/v1.4.8; http://mj12bot.com/)"
51.75.129.164 - - [15/Jul/2025:18:28:55 +0700] "GET /?path=/var/www/vhosts/acaindustrial.co.th/httpdocs/wp-includes/blocks/code HTTP/1.1" 200 2053 "-" "Mozilla/5.0 (compatible; MJ12bot/v1.4.8; http://mj12bot.com/)"
51.75.129.164 - - [15/Jul/2025:18:28:57 +0700] "GET /?path=/var/www/vhosts/acaindustrial.co.th/httpdocs/wp-includes/blocks/column HTTP/1.1" 200 1750 "-" "Mozilla/5.0 (compatible; MJ12bot/v1.4.8; http://mj12bot.com/)"
51.75.129.164 - - [15/Jul/2025:18:28:58 +0700] "GET /?path=/var/www/vhosts/acaindustrial.co.th/httpdocs/wp-includes/blocks/columns HTTP/1.1" 200 1965 "-" "Mozilla/5.0 (compatible; MJ12bot/v1.4.8; http://mj12bot.com/)"
51.75.129.164 - - [15/Jul/2025:18:29:00 +0700] "GET /?path=/var/www/vhosts/acaindustrial.co.th/httpdocs/wp-includes/blocks/comment-author-name HTTP/1.1" 200 1760 "-" "Mozilla/5.0 (compatible; MJ12bot/v1.4.8; http://mj12bot.com/)"
51.75.129.164 - - [15/Jul/2025:18:29:02 +0700] "GET /?path=/var/www/vhosts/acaindustrial.co.th/httpdocs/wp-includes/blocks/comment-content HTTP/1.1" 200 1872 "-" "Mozilla/5.0 (compatible; MJ12bot/v1.4.8; http://mj12bot.com/)"
51.75.129.164 - - [15/Jul/2025:18:29:04 +0700] "GET /?path=/var/www/vhosts/acaindustrial.co.th/httpdocs/wp-includes/blocks/comment-date HTTP/1.1" 200 1756 "-" "Mozilla/5.0 (compatible; MJ12bot/v1.4.8; http://mj12bot.com/)"
51.75.129.164 - - [15/Jul/2025:18:29:05 +0700] "GET /?path=/var/www/vhosts/acaindustrial.co.th/httpdocs/wp-includes/blocks/comment-edit-link HTTP/1.1" 200 1758 "-" "Mozilla/5.0 (compatible; MJ12bot/v1.4.8; http://mj12bot.com/)"
51.75.129.164 - - [15/Jul/2025:18:29:07 +0700] "GET /?path=/var/www/vhosts/acaindustrial.co.th/httpdocs/wp-includes/blocks/comment-reply-link HTTP/1.1" 200 1761 "-" "Mozilla/5.0 (compatible; MJ12bot/v1.4.8; http://mj12bot.com/)"
51.75.129.164 - - [15/Jul/2025:18:29:09 +0700] "GET /?path=/var/www/vhosts/acaindustrial.co.th/httpdocs/wp-includes/blocks/comment-template HTTP/1.1" 200 1883 "-" "Mozilla/5.0 (compatible; MJ12bot/v1.4.8; http://mj12bot.com/)"
51.75.129.164 - - [15/Jul/2025:18:29:10 +0700] "GET /?path=/var/www/vhosts/acaindustrial.co.th/httpdocs/wp-includes/blocks/comments HTTP/1.1" 200 1982 "-" "Mozilla/5.0 (compatible; MJ12bot/v1.4.8; http://mj12bot.com/)"
51.75.129.164 - - [15/Jul/2025:18:29:12 +0700] "GET /?path=/var/www/vhosts/acaindustrial.co.th/httpdocs/wp-includes/blocks/comments-pagination HTTP/1.1" 200 1992 "-" "Mozilla/5.0 (compatible; MJ12bot/v1.4.8; http://mj12bot.com/)"
51.75.129.164 - - [15/Jul/2025:18:29:14 +0700] "GET /?path=/var/www/vhosts/acaindustrial.co.th/httpdocs/wp-includes/blocks/comments-pagination-next HTTP/1.1" 200 1766 "-" "Mozilla/5.0 (compatible; MJ12bot/v1.4.8; http://mj12bot.com/)"
51.75.129.164 - - [15/Jul/2025:18:29:16 +0700] "GET /?path=/var/www/vhosts/acaindustrial.co.th/httpdocs/wp-includes/blocks/comments-pagination-numbers HTTP/1.1" 200 1889 "-" "Mozilla/5.0 (compatible; MJ12bot/v1.4.8; http://mj12bot.com/)"
51.75.129.164 - - [15/Jul/2025:18:29:18 +0700] "GET /?path=/var/www/vhosts/acaindustrial.co.th/httpdocs/wp-includes/blocks/comments-pagination-previous HTTP/1.1" 200 1766 "-" "Mozilla/5.0 (compatible; MJ12bot/v1.4.8; http://mj12bot.com/)"
216.73.216.185 - - [15/Jul/2025:18:29:18 +0700] "GET /contract-us/?fileloc=%2Fvar%2Fwww%2Fvhosts%2Facaindustrial.co.th%2Fhttpdocs%2Fwp-admin%2Fcss%2Fcustomize-nav-menus-rtl.css&path=%2Fvar%2Fwww%2Fvhosts%2Facaindustrial.co.th%2Fhttpdocs%2Fwp-admin%2Fcss HTTP/1.1" 200 5890 "-" "Mozilla/5.0 AppleWebKit/537.36 (KHTML, like Gecko; compatible; ClaudeBot/1.0; +claudebot@anthropic.com)"
216.73.216.185 - - [15/Jul/2025:18:29:18 +0700] "GET /contract-us/?fileloc=%2Fvar%2Fwww%2Fvhosts%2Facaindustrial.co.th%2Fhttpdocs%2Fwp-admin%2Fcss%2Fcustomize-controls-rtl.css&path=%2Fvar%2Fwww%2Fvhosts%2Facaindustrial.co.th%2Fhttpdocs%2Fwp-admin%2Fcss HTTP/1.1" 200 14069 "-" "Mozilla/5.0 AppleWebKit/537.36 (KHTML, like Gecko; compatible; ClaudeBot/1.0; +claudebot@anthropic.com)"
216.73.216.185 - - [15/Jul/2025:18:29:19 +0700] "GET /contract-us/?fileloc=%2Fvar%2Fwww%2Fvhosts%2Facaindustrial.co.th%2Fhttpdocs%2Fwp-admin%2Fincludes%2Fcontinents-cities.php&path=%2Fvar%2Fwww%2Fvhosts%2Facaindustrial.co.th%2Fhttpdocs%2Fwp-admin%2Fincludes HTTP/1.1" 200 5002 "-" "Mozilla/5.0 AppleWebKit/537.36 (KHTML, like Gecko; compatible; ClaudeBot/1.0; +claudebot@anthropic.com)"
216.73.216.185 - - [15/Jul/2025:18:29:19 +0700] "GET /lathing.php?path=%2Fvar%2Fwww%2Fvhosts%2Facaindustrial.co.th%2Fhttpdocs%2Fwp-includes%2Fsodium_compat%2Flib HTTP/1.1" 200 2046 "-" "Mozilla/5.0 AppleWebKit/537.36 (KHTML, like Gecko; compatible; ClaudeBot/1.0; +claudebot@anthropic.com)"
216.73.216.185 - - [15/Jul/2025:18:29:19 +0700] "GET /contract-us/?fileloc=%2Fvar%2Fwww%2Fvhosts%2Facaindustrial.co.th%2Fhttpdocs%2Fwp-admin%2Fnetwork%2Ftheme-install.php&path=%2Fvar%2Fwww%2Fvhosts%2Facaindustrial.co.th%2Fhttpdocs%2Fwp-admin%2Fnetwork HTTP/1.1" 200 1779 "-" "Mozilla/5.0 AppleWebKit/537.36 (KHTML, like Gecko; compatible; ClaudeBot/1.0; +claudebot@anthropic.com)"
51.75.129.164 - - [15/Jul/2025:18:29:19 +0700] "GET /?path=/var/www/vhosts/acaindustrial.co.th/httpdocs/wp-includes/blocks/comments-title HTTP/1.1" 200 1875 "-" "Mozilla/5.0 (compatible; MJ12bot/v1.4.8; http://mj12bot.com/)"
216.73.216.185 - - [15/Jul/2025:18:29:19 +0700] "GET /lathing.php?fileloc=%2Fvar%2Fwww%2Fvhosts%2Facaindustrial.co.th%2Fhttpdocs%2Fwp-admin%2Fuser%2Fuser-edit.php&path=%2Fvar%2Fwww%2Fvhosts%2Facaindustrial.co.th%2Fhttpdocs%2Fwp-admin%2Fuser HTTP/1.1" 200 1678 "-" "Mozilla/5.0 AppleWebKit/537.36 (KHTML, like Gecko; compatible; ClaudeBot/1.0; +claudebot@anthropic.com)"
216.73.216.185 - - [15/Jul/2025:18:29:19 +0700] "GET /lathing.php?fileloc=%2Fvar%2Fwww%2Fvhosts%2Facaindustrial.co.th%2Fhttpdocs%2Fwp-admin%2Fnetwork%2Fplugin-install.php&path=%2Fvar%2Fwww%2Fvhosts%2Facaindustrial.co.th%2Fhttpdocs%2Fwp-admin%2Fnetwork HTTP/1.1" 200 1779 "-" "Mozilla/5.0 AppleWebKit/537.36 (KHTML, like Gecko; compatible; ClaudeBot/1.0; +claudebot@anthropic.com)"
216.73.216.185 - - [15/Jul/2025:18:29:19 +0700] "GET /contract-us/?fileloc=%2Fvar%2Fwww%2Fvhosts%2Facaindustrial.co.th%2Fhttpdocs%2Fwp-admin%2Fincludes%2Fclass-plugin-installer-skin.php&path=%2Fvar%2Fwww%2Fvhosts%2Facaindustrial.co.th%2Fhttpdocs%2Fwp-admin%2Fincludes HTTP/1.1" 200 4771 "-" "Mozilla/5.0 AppleWebKit/537.36 (KHTML, like Gecko; compatible; ClaudeBot/1.0; +claudebot@anthropic.com)"
216.73.216.185 - - [15/Jul/2025:18:29:20 +0700] "GET /lathing.php?fileloc=%2Fvar%2Fwww%2Fvhosts%2Facaindustrial.co.th%2Fhttpdocs%2Fwp-admin%2Fnetwork%2Fsite-themes.php&path=%2Fvar%2Fwww%2Fvhosts%2Facaindustrial.co.th%2Fhttpdocs%2Fwp-admin%2Fnetwork HTTP/1.1" 200 3826 "-" "Mozilla/5.0 AppleWebKit/537.36 (KHTML, like Gecko; compatible; ClaudeBot/1.0; +claudebot@anthropic.com)"
216.73.216.185 - - [15/Jul/2025:18:29:20 +0700] "GET /lathing.php?fileloc=%2Fvar%2Fwww%2Fvhosts%2Facaindustrial.co.th%2Fhttpdocs%2Fwp-includes%2Fblocks%2Fcomment-author-name.php&path=%2Fvar%2Fwww%2Fvhosts%2Facaindustrial.co.th%2Fhttpdocs%2Fwp-includes%2Fblocks HTTP/1.1" 200 2310 "-" "Mozilla/5.0 AppleWebKit/537.36 (KHTML, like Gecko; compatible; ClaudeBot/1.0; +claudebot@anthropic.com)"
216.73.216.185 - - [15/Jul/2025:18:29:20 +0700] "GET /lathing.php?path=%2Fvar%2Fwww%2Fvhosts%2Facaindustrial.co.th%2Fhttpdocs%2Fwp-includes%2Fblocks%2Fpost-content HTTP/1.1" 200 1805 "-" "Mozilla/5.0 AppleWebKit/537.36 (KHTML, like Gecko; compatible; ClaudeBot/1.0; +claudebot@anthropic.com)"
216.73.216.185 - - [15/Jul/2025:18:29:20 +0700] "GET /lathing.php?fileloc=%2Fvar%2Fwww%2Fvhosts%2Facaindustrial.co.th%2Fhttpdocs%2Fwp-includes%2Fblocks%2Fcomment-template.php&path=%2Fvar%2Fwww%2Fvhosts%2Facaindustrial.co.th%2Fhttpdocs%2Fwp-includes%2Fblocks HTTP/1.1" 200 3147 "-" "Mozilla/5.0 AppleWebKit/537.36 (KHTML, like Gecko; compatible; ClaudeBot/1.0; +claudebot@anthropic.com)"
216.73.216.185 - - [15/Jul/2025:18:29:20 +0700] "GET /lathing.php?fileloc=%2Fvar%2Fwww%2Fvhosts%2Facaindustrial.co.th%2Fhttpdocs%2Fwp-admin%2Fincludes%2Ftemplate.php&path=%2Fvar%2Fwww%2Fvhosts%2Facaindustrial.co.th%2Fhttpdocs%2Fwp-admin%2Fincludes HTTP/1.1" 200 27092 "-" "Mozilla/5.0 AppleWebKit/537.36 (KHTML, like Gecko; compatible; ClaudeBot/1.0; +claudebot@anthropic.com)"
