20.171.207.237 - - [15/Jul/2025:18:39:30 +0700] "GET /?fileloc=%2Fvar%2Fwww%2Fvhosts%2Facaindustrial.co.th%2Fhttpdocs%2Fwp-includes%2Fpomo%2Fpo.php&path=%2Fvar%2Fwww%2Fvhosts%2Facaindustrial.co.th%2Fhttpdocs%2Fwp-includes%2Fpomo HTTP/1.1" 200 5672 "-" "Mozilla/5.0 AppleWebKit/537.36 (KHTML, like Gecko; compatible; GPTBot/1.2; +https://openai.com/gptbot)"
20.171.207.237 - - [15/Jul/2025:18:39:31 +0700] "GET /?path=%2Fvar%2Fwww%2Fvhosts%2Facaindustrial.co.th%2Fhttpdocs%2Fwp-includes%2Fcss%2Fdist HTTP/1.1" 200 2078 "-" "Mozilla/5.0 AppleWebKit/537.36 (KHTML, like Gecko; compatible; GPTBot/1.2; +https://openai.com/gptbot)"
20.171.207.237 - - [15/Jul/2025:18:39:32 +0700] "GET /?fileloc=%2Fvar%2Fwww%2Fvhosts%2Facaindustrial.co.th%2Fhttpdocs%2Fwp-includes%2Fglobal-styles-and-settings.php&path=%2Fvar%2Fwww%2Fvhosts%2Facaindustrial.co.th%2Fhttpdocs%2Fwp-includes HTTP/1.1" 200 6269 "-" "Mozilla/5.0 AppleWebKit/537.36 (KHTML, like Gecko; compatible; GPTBot/1.2; +https://openai.com/gptbot)"
20.171.207.237 - - [15/Jul/2025:18:39:33 +0700] "GET /?fileloc=%2Fvar%2Fwww%2Fvhosts%2Facaindustrial.co.th%2Fhttpdocs%2Fwp-includes%2Fcss%2Fdashicons.css&path=%2Fvar%2Fwww%2Fvhosts%2Facaindustrial.co.th%2Fhttpdocs%2Fwp-includes%2Fcss HTTP/1.1" 200 38243 "-" "Mozilla/5.0 AppleWebKit/537.36 (KHTML, like Gecko; compatible; GPTBot/1.2; +https://openai.com/gptbot)"
20.171.207.237 - - [15/Jul/2025:18:39:35 +0700] "GET /?fileloc=%2Fvar%2Fwww%2Fvhosts%2Facaindustrial.co.th%2Fhttpdocs%2Fwp-includes%2Fclass-wp-feed-cache-transient.php&path=%2Fvar%2Fwww%2Fvhosts%2Facaindustrial.co.th%2Fhttpdocs%2Fwp-includes HTTP/1.1" 200 2270 "-" "Mozilla/5.0 AppleWebKit/537.36 (KHTML, like Gecko; compatible; GPTBot/1.2; +https://openai.com/gptbot)"
20.171.207.237 - - [15/Jul/2025:18:39:36 +0700] "GET /?fileloc=%2Fvar%2Fwww%2Fvhosts%2Facaindustrial.co.th%2Fhttpdocs%2Fwp-includes%2Fclass-http.php&path=%2Fvar%2Fwww%2Fvhosts%2Facaindustrial.co.th%2Fhttpdocs%2Fwp-includes HTTP/1.1" 200 1681 "-" "Mozilla/5.0 AppleWebKit/537.36 (KHTML, like Gecko; compatible; GPTBot/1.2; +https://openai.com/gptbot)"
20.171.207.237 - - [15/Jul/2025:18:39:37 +0700] "GET /?path=%2Fvar%2Fwww%2Fvhosts%2Facaindustrial.co.th%2Fhttpdocs%2Fwp-admin%2Fcss HTTP/1.1" 200 4229 "-" "Mozilla/5.0 AppleWebKit/537.36 (KHTML, like Gecko; compatible; GPTBot/1.2; +https://openai.com/gptbot)"
20.171.207.237 - - [15/Jul/2025:18:39:38 +0700] "GET /?path=%2Fvar%2Fwww%2Fvhosts%2Facaindustrial.co.th%2Fhttpdocs%2Fwp-includes%2Fhtml-api HTTP/1.1" 200 1878 "-" "Mozilla/5.0 AppleWebKit/537.36 (KHTML, like Gecko; compatible; GPTBot/1.2; +https://openai.com/gptbot)"
20.171.207.237 - - [15/Jul/2025:18:39:39 +0700] "GET /?fileloc=%2Fvar%2Fwww%2Fvhosts%2Facaindustrial.co.th%2Fhttpdocs%2Fwp-includes%2Fwidgets%2Fclass-wp-widget-media-gallery.php&path=%2Fvar%2Fwww%2Fvhosts%2Facaindustrial.co.th%2Fhttpdocs%2Fwp-includes%2Fwidgets HTTP/1.1" 200 3843 "-" "Mozilla/5.0 AppleWebKit/537.36 (KHTML, like Gecko; compatible; GPTBot/1.2; +https://openai.com/gptbot)"
20.171.207.237 - - [15/Jul/2025:18:39:40 +0700] "GET /?fileloc=%2Fvar%2Fwww%2Fvhosts%2Facaindustrial.co.th%2Fhttpdocs%2Fwp-includes%2Fnav-menu-template.php&path=%2Fvar%2Fwww%2Fvhosts%2Facaindustrial.co.th%2Fhttpdocs%2Fwp-includes HTTP/1.1" 200 7832 "-" "Mozilla/5.0 AppleWebKit/537.36 (KHTML, like Gecko; compatible; GPTBot/1.2; +https://openai.com/gptbot)"
20.171.207.237 - - [15/Jul/2025:18:39:42 +0700] "GET /?path=%2Fvar%2Fwww%2Fvhosts%2Facaindustrial.co.th%2Fhttpdocs%2Fwp-admin%2Fjs HTTP/1.1" 200 4506 "-" "Mozilla/5.0 AppleWebKit/537.36 (KHTML, like Gecko; compatible; GPTBot/1.2; +https://openai.com/gptbot)"
20.171.207.237 - - [15/Jul/2025:18:39:43 +0700] "GET /?path=%2Fvar%2Fwww%2Fvhosts%2Facaindustrial.co.th%2Fhttpdocs%2Fwp-includes%2Fcss%2Fdist%2Fedit-post HTTP/1.1" 200 1960 "-" "Mozilla/5.0 AppleWebKit/537.36 (KHTML, like Gecko; compatible; GPTBot/1.2; +https://openai.com/gptbot)"
20.171.207.237 - - [15/Jul/2025:18:39:44 +0700] "GET /?path=%2Fvar%2Fwww%2Fvhosts%2Facaindustrial.co.th%2Fhttpdocs%2Fwp-includes%2Fcss%2Fdist%2Fedit-site HTTP/1.1" 200 1850 "-" "Mozilla/5.0 AppleWebKit/537.36 (KHTML, like Gecko; compatible; GPTBot/1.2; +https://openai.com/gptbot)"
20.171.207.237 - - [15/Jul/2025:18:39:45 +0700] "GET /?path=%2Fvar%2Fwww%2Fvhosts%2Facaindustrial.co.th%2Fhttpdocs%2Fwp-includes%2Fcss%2Fdist%2Feditor HTTP/1.1" 200 1845 "-" "Mozilla/5.0 AppleWebKit/537.36 (KHTML, like Gecko; compatible; GPTBot/1.2; +https://openai.com/gptbot)"
20.171.207.237 - - [15/Jul/2025:18:39:46 +0700] "GET /?fileloc=%2Fvar%2Fwww%2Fvhosts%2Facaindustrial.co.th%2Fhttpdocs%2Fwp-includes%2Fwidgets%2Fclass-wp-widget-archives.php&path=%2Fvar%2Fwww%2Fvhosts%2Facaindustrial.co.th%2Fhttpdocs%2Fwp-includes%2Fwidgets HTTP/1.1" 200 3539 "-" "Mozilla/5.0 AppleWebKit/537.36 (KHTML, like Gecko; compatible; GPTBot/1.2; +https://openai.com/gptbot)"
20.171.207.237 - - [15/Jul/2025:18:39:47 +0700] "GET /?fileloc=%2Fvar%2Fwww%2Fvhosts%2Facaindustrial.co.th%2Fhttpdocs%2Fwp-includes%2Fwidgets%2Fclass-wp-widget-categories.php&path=%2Fvar%2Fwww%2Fvhosts%2Facaindustrial.co.th%2Fhttpdocs%2Fwp-includes%2Fwidgets HTTP/1.1" 200 3634 "-" "Mozilla/5.0 AppleWebKit/537.36 (KHTML, like Gecko; compatible; GPTBot/1.2; +https://openai.com/gptbot)"
20.171.207.237 - - [15/Jul/2025:18:39:48 +0700] "GET /?fileloc=%2Fvar%2Fwww%2Fvhosts%2Facaindustrial.co.th%2Fhttpdocs%2Fwp-includes%2Fwidgets%2Fclass-wp-widget-calendar.php&path=%2Fvar%2Fwww%2Fvhosts%2Facaindustrial.co.th%2Fhttpdocs%2Fwp-includes%2Fwidgets HTTP/1.1" 200 2566 "-" "Mozilla/5.0 AppleWebKit/537.36 (KHTML, like Gecko; compatible; GPTBot/1.2; +https://openai.com/gptbot)"
20.171.207.237 - - [15/Jul/2025:18:39:50 +0700] "GET /?fileloc=%2Fvar%2Fwww%2Fvhosts%2Facaindustrial.co.th%2Fhttpdocs%2Fwp-includes%2Fhtml-api%2Fclass-wp-html-tag-processor.php&path=%2Fvar%2Fwww%2Fvhosts%2Facaindustrial.co.th%2Fhttpdocs%2Fwp-includes%2Fhtml-api HTTP/1.1" 200 22736 "-" "Mozilla/5.0 AppleWebKit/537.36 (KHTML, like Gecko; compatible; GPTBot/1.2; +https://openai.com/gptbot)"
20.171.207.237 - - [15/Jul/2025:18:39:51 +0700] "GET /?fileloc=%2Fvar%2Fwww%2Fvhosts%2Facaindustrial.co.th%2Fhttpdocs%2Fwp-admin%2Fuser%2Fmenu.php&path=%2Fvar%2Fwww%2Fvhosts%2Facaindustrial.co.th%2Fhttpdocs%2Fwp-admin%2Fuser HTTP/1.1" 200 1794 "-" "Mozilla/5.0 AppleWebKit/537.36 (KHTML, like Gecko; compatible; GPTBot/1.2; +https://openai.com/gptbot)"
20.171.207.237 - - [15/Jul/2025:18:39:52 +0700] "GET /?fileloc=%2Fvar%2Fwww%2Fvhosts%2Facaindustrial.co.th%2Fhttpdocs%2Fwp-admin%2Fuser%2Fabout.php&path=%2Fvar%2Fwww%2Fvhosts%2Facaindustrial.co.th%2Fhttpdocs%2Fwp-admin%2Fuser HTTP/1.1" 200 1630 "-" "Mozilla/5.0 AppleWebKit/537.36 (KHTML, like Gecko; compatible; GPTBot/1.2; +https://openai.com/gptbot)"
20.171.207.237 - - [15/Jul/2025:18:39:53 +0700] "GET /?fileloc=%2Fvar%2Fwww%2Fvhosts%2Facaindustrial.co.th%2Fhttpdocs%2Fwp-admin%2Fcss%2Flist-tables-rtl.min.css&path=%2Fvar%2Fwww%2Fvhosts%2Facaindustrial.co.th%2Fhttpdocs%2Fwp-admin%2Fcss HTTP/1.1" 200 8409 "-" "Mozilla/5.0 AppleWebKit/537.36 (KHTML, like Gecko; compatible; GPTBot/1.2; +https://openai.com/gptbot)"
20.171.207.237 - - [15/Jul/2025:18:39:54 +0700] "GET /?fileloc=%2Fvar%2Fwww%2Fvhosts%2Facaindustrial.co.th%2Fhttpdocs%2Fwp-admin%2Fjs%2Fpassword-toggle.js&path=%2Fvar%2Fwww%2Fvhosts%2Facaindustrial.co.th%2Fhttpdocs%2Fwp-admin%2Fjs HTTP/1.1" 200 1967 "-" "Mozilla/5.0 AppleWebKit/537.36 (KHTML, like Gecko; compatible; GPTBot/1.2; +https://openai.com/gptbot)"
20.171.207.237 - - [15/Jul/2025:18:39:55 +0700] "GET /?fileloc=%2Fvar%2Fwww%2Fvhosts%2Facaindustrial.co.th%2Fhttpdocs%2Fwp-includes%2Fcss%2Fdist%2Fedit-site%2Fstyle-rtl.css&path=%2Fvar%2Fwww%2Fvhosts%2Facaindustrial.co.th%2Fhttpdocs%2Fwp-includes%2Fcss%2Fdist%2Fedit-site HTTP/1.1" 200 15561 "-" "Mozilla/5.0 AppleWebKit/537.36 (KHTML, like Gecko; compatible; GPTBot/1.2; +https://openai.com/gptbot)"
20.171.207.237 - - [15/Jul/2025:18:39:57 +0700] "GET /?fileloc=%2Fvar%2Fwww%2Fvhosts%2Facaindustrial.co.th%2Fhttpdocs%2Fwp-includes%2Fcss%2Fdist%2Feditor%2Fstyle-rtl.min.css&path=%2Fvar%2Fwww%2Fvhosts%2Facaindustrial.co.th%2Fhttpdocs%2Fwp-includes%2Fcss%2Fdist%2Feditor HTTP/1.1" 200 5077 "-" "Mozilla/5.0 AppleWebKit/537.36 (KHTML, like Gecko; compatible; GPTBot/1.2; +https://openai.com/gptbot)"
20.171.207.237 - - [15/Jul/2025:18:39:58 +0700] "GET /?fileloc=%2Fvar%2Fwww%2Fvhosts%2Facaindustrial.co.th%2Fhttpdocs%2Fwp-includes%2Fcss%2Fdist%2Fedit-site%2Fstyle.css&path=%2Fvar%2Fwww%2Fvhosts%2Facaindustrial.co.th%2Fhttpdocs%2Fwp-includes%2Fcss%2Fdist%2Fedit-site HTTP/1.1" 200 15536 "-" "Mozilla/5.0 AppleWebKit/537.36 (KHTML, like Gecko; compatible; GPTBot/1.2; +https://openai.com/gptbot)"
20.171.207.237 - - [15/Jul/2025:18:39:59 +0700] "GET /?fileloc=%2Fvar%2Fwww%2Fvhosts%2Facaindustrial.co.th%2Fhttpdocs%2Fwp-includes%2Fcss%2Fdist%2Feditor%2Fstyle.css&path=%2Fvar%2Fwww%2Fvhosts%2Facaindustrial.co.th%2Fhttpdocs%2Fwp-includes%2Fcss%2Fdist%2Feditor HTTP/1.1" 200 5263 "-" "Mozilla/5.0 AppleWebKit/537.36 (KHTML, like Gecko; compatible; GPTBot/1.2; +https://openai.com/gptbot)"
20.171.207.237 - - [15/Jul/2025:18:40:00 +0700] "GET /?fileloc=%2Fvar%2Fwww%2Fvhosts%2Facaindustrial.co.th%2Fhttpdocs%2Fwp-includes%2Fcss%2Fdist%2Feditor%2Fstyle-rtl.css&path=%2Fvar%2Fwww%2Fvhosts%2Facaindustrial.co.th%2Fhttpdocs%2Fwp-includes%2Fcss%2Fdist%2Feditor HTTP/1.1" 200 5276 "-" "Mozilla/5.0 AppleWebKit/537.36 (KHTML, like Gecko; compatible; GPTBot/1.2; +https://openai.com/gptbot)"
20.171.207.237 - - [15/Jul/2025:18:40:01 +0700] "GET /?fileloc=%2Fvar%2Fwww%2Fvhosts%2Facaindustrial.co.th%2Fhttpdocs%2Fwp-includes%2Fcss%2Fdist%2Fedit-post%2Fclassic.min.css&path=%2Fvar%2Fwww%2Fvhosts%2Facaindustrial.co.th%2Fhttpdocs%2Fwp-includes%2Fcss%2Fdist%2Fedit-post HTTP/1.1" 200 2032 "-" "Mozilla/5.0 AppleWebKit/537.36 (KHTML, like Gecko; compatible; GPTBot/1.2; +https://openai.com/gptbot)"
20.171.207.237 - - [15/Jul/2025:18:40:02 +0700] "GET /?fileloc=%2Fvar%2Fwww%2Fvhosts%2Facaindustrial.co.th%2Fhttpdocs%2Fwp-includes%2Fcss%2Fdist%2Fedit-post%2Fclassic.css&path=%2Fvar%2Fwww%2Fvhosts%2Facaindustrial.co.th%2Fhttpdocs%2Fwp-includes%2Fcss%2Fdist%2Fedit-post HTTP/1.1" 200 2040 "-" "Mozilla/5.0 AppleWebKit/537.36 (KHTML, like Gecko; compatible; GPTBot/1.2; +https://openai.com/gptbot)"
20.171.207.237 - - [15/Jul/2025:18:40:03 +0700] "GET /?fileloc=%2Fvar%2Fwww%2Fvhosts%2Facaindustrial.co.th%2Fhttpdocs%2Fwp-includes%2Fcss%2Fdist%2Fedit-post%2Fclassic-rtl.min.css&path=%2Fvar%2Fwww%2Fvhosts%2Facaindustrial.co.th%2Fhttpdocs%2Fwp-includes%2Fcss%2Fdist%2Fedit-post HTTP/1.1" 200 2008 "-" "Mozilla/5.0 AppleWebKit/537.36 (KHTML, like Gecko; compatible; GPTBot/1.2; +https://openai.com/gptbot)"
216.73.216.185 - - [15/Jul/2025:18:40:04 +0700] "GET /lathing.php?fileloc=%2Fvar%2Fwww%2Fvhosts%2Facaindustrial.co.th%2Fhttpdocs%2Fwp-includes%2Fcss%2Feditor-rtl.css&path=%2Fvar%2Fwww%2Fvhosts%2Facaindustrial.co.th%2Fhttpdocs%2Fwp-includes%2Fcss HTTP/1.1" 200 8118 "-" "Mozilla/5.0 AppleWebKit/537.36 (KHTML, like Gecko; compatible; ClaudeBot/1.0; +claudebot@anthropic.com)"
216.73.216.185 - - [15/Jul/2025:18:40:04 +0700] "GET /lathing.php?fileloc=%2Fvar%2Fwww%2Fvhosts%2Facaindustrial.co.th%2Fhttpdocs%2Fwp-admin%2Fcss%2Fadmin-menu-rtl.min.css&path=%2Fvar%2Fwww%2Fvhosts%2Facaindustrial.co.th%2Fhttpdocs%2Fwp-admin%2Fcss HTTP/1.1" 200 4382 "-" "Mozilla/5.0 AppleWebKit/537.36 (KHTML, like Gecko; compatible; ClaudeBot/1.0; +claudebot@anthropic.com)"
216.73.216.185 - - [15/Jul/2025:18:40:04 +0700] "GET /lathing.php?fileloc=%2Fvar%2Fwww%2Fvhosts%2Facaindustrial.co.th%2Fhttpdocs%2Fwp-includes%2Fpomo%2Fmo.php&path=%2Fvar%2Fwww%2Fvhosts%2Facaindustrial.co.th%2Fhttpdocs%2Fwp-includes%2Fpomo HTTP/1.1" 200 4147 "-" "Mozilla/5.0 AppleWebKit/537.36 (KHTML, like Gecko; compatible; ClaudeBot/1.0; +claudebot@anthropic.com)"
216.73.216.185 - - [15/Jul/2025:18:40:05 +0700] "GET /lathing.php?path=%2Fvar%2Fwww%2Fvhosts%2Facaindustrial.co.th%2Fhttpdocs%2Fwp-includes%2Fblocks%2Frss HTTP/1.1" 200 2012 "-" "Mozilla/5.0 AppleWebKit/537.36 (KHTML, like Gecko; compatible; ClaudeBot/1.0; +claudebot@anthropic.com)"
216.73.216.185 - - [15/Jul/2025:18:40:05 +0700] "GET /lathing.php?path=%2Fvar%2Fwww%2Fvhosts%2Facaindustrial.co.th%2Fhttpdocs%2Fwp-includes%2Fblocks%2Fpost-title HTTP/1.1" 200 1922 "-" "Mozilla/5.0 AppleWebKit/537.36 (KHTML, like Gecko; compatible; ClaudeBot/1.0; +claudebot@anthropic.com)"
20.171.207.237 - - [15/Jul/2025:18:40:05 +0700] "GET /?fileloc=%2Fvar%2Fwww%2Fvhosts%2Facaindustrial.co.th%2Fhttpdocs%2Fwp-includes%2Fcss%2Fdist%2Fedit-post%2Fclassic-rtl.css&path=%2Fvar%2Fwww%2Fvhosts%2Facaindustrial.co.th%2Fhttpdocs%2Fwp-includes%2Fcss%2Fdist%2Fedit-post HTTP/1.1" 200 2039 "-" "Mozilla/5.0 AppleWebKit/537.36 (KHTML, like Gecko; compatible; GPTBot/1.2; +https://openai.com/gptbot)"
216.73.216.185 - - [15/Jul/2025:18:40:05 +0700] "GET /lathing.php?fileloc=%2Fvar%2Fwww%2Fvhosts%2Facaindustrial.co.th%2Fhttpdocs%2Fwp-includes%2Fcss%2Feditor.css&path=%2Fvar%2Fwww%2Fvhosts%2Facaindustrial.co.th%2Fhttpdocs%2Fwp-includes%2Fcss HTTP/1.1" 200 8096 "-" "Mozilla/5.0 AppleWebKit/537.36 (KHTML, like Gecko; compatible; ClaudeBot/1.0; +claudebot@anthropic.com)"
216.73.216.185 - - [15/Jul/2025:18:40:05 +0700] "GET /contract-us/?fileloc=%2Fvar%2Fwww%2Fvhosts%2Facaindustrial.co.th%2Fhttpdocs%2Fwp-admin%2Fcss%2Fwidgets-rtl.css&path=%2Fvar%2Fwww%2Fvhosts%2Facaindustrial.co.th%2Fhttpdocs%2Fwp-admin%2Fcss HTTP/1.1" 200 5521 "-" "Mozilla/5.0 AppleWebKit/537.36 (KHTML, like Gecko; compatible; ClaudeBot/1.0; +claudebot@anthropic.com)"
216.73.216.185 - - [15/Jul/2025:18:40:05 +0700] "GET /contract-us/?fileloc=%2Fvar%2Fwww%2Fvhosts%2Facaindustrial.co.th%2Fhttpdocs%2Fwp-admin%2Fcss%2Fcustomize-widgets.min.css&path=%2Fvar%2Fwww%2Fvhosts%2Facaindustrial.co.th%2Fhttpdocs%2Fwp-admin%2Fcss HTTP/1.1" 200 3526 "-" "Mozilla/5.0 AppleWebKit/537.36 (KHTML, like Gecko; compatible; ClaudeBot/1.0; +claudebot@anthropic.com)"
216.73.216.185 - - [15/Jul/2025:18:40:05 +0700] "GET /lathing.php?path=%2Fvar%2Fwww%2Fvhosts%2Facaindustrial.co.th%2Fhttpdocs%2Fwp-includes%2Fblocks%2Fnextpage HTTP/1.1" 200 1924 "-" "Mozilla/5.0 AppleWebKit/537.36 (KHTML, like Gecko; compatible; ClaudeBot/1.0; +claudebot@anthropic.com)"
216.73.216.185 - - [15/Jul/2025:18:40:05 +0700] "GET /contract-us/?fileloc=%2Fvar%2Fwww%2Fvhosts%2Facaindustrial.co.th%2Fhttpdocs%2Fwp-admin%2Fuser%2Findex.php&path=%2Fvar%2Fwww%2Fvhosts%2Facaindustrial.co.th%2Fhttpdocs%2Fwp-admin%2Fuser HTTP/1.1" 200 1681 "-" "Mozilla/5.0 AppleWebKit/537.36 (KHTML, like Gecko; compatible; ClaudeBot/1.0; +claudebot@anthropic.com)"
216.73.216.185 - - [15/Jul/2025:18:40:05 +0700] "GET /lathing.php?fileloc=%2Fvar%2Fwww%2Fvhosts%2Facaindustrial.co.th%2Fhttpdocs%2Fwp-admin%2Fcss%2Fcustomize-controls.css&path=%2Fvar%2Fwww%2Fvhosts%2Facaindustrial.co.th%2Fhttpdocs%2Fwp-admin%2Fcss HTTP/1.1" 200 14036 "-" "Mozilla/5.0 AppleWebKit/537.36 (KHTML, like Gecko; compatible; ClaudeBot/1.0; +claudebot@anthropic.com)"
20.171.207.237 - - [15/Jul/2025:18:40:06 +0700] "GET /?fileloc=%2Fvar%2Fwww%2Fvhosts%2Facaindustrial.co.th%2Fhttpdocs%2Fwp-includes%2Fcss%2Fdist%2Fedit-post%2Fstyle.css&path=%2Fvar%2Fwww%2Fvhosts%2Facaindustrial.co.th%2Fhttpdocs%2Fwp-includes%2Fcss%2Fdist%2Fedit-post HTTP/1.1" 200 9623 "-" "Mozilla/5.0 AppleWebKit/537.36 (KHTML, like Gecko; compatible; GPTBot/1.2; +https://openai.com/gptbot)"
216.73.216.185 - - [15/Jul/2025:18:40:05 +0700] "GET /lathing.php?fileloc=%2Fvar%2Fwww%2Fvhosts%2Facaindustrial.co.th%2Fhttpdocs%2Fwp-includes%2Fcss%2Fadmin-bar-rtl.min.css&path=%2Fvar%2Fwww%2Fvhosts%2Facaindustrial.co.th%2Fhttpdocs%2Fwp-includes%2Fcss HTTP/1.1" 200 5325 "-" "Mozilla/5.0 AppleWebKit/537.36 (KHTML, like Gecko; compatible; ClaudeBot/1.0; +claudebot@anthropic.com)"
216.73.216.185 - - [15/Jul/2025:18:40:05 +0700] "GET /lathing.php?fileloc=%2Fvar%2Fwww%2Fvhosts%2Facaindustrial.co.th%2Fhttpdocs%2Fwp-admin%2Fincludes%2Fclass-theme-installer-skin.php&path=%2Fvar%2Fwww%2Fvhosts%2Facaindustrial.co.th%2Fhttpdocs%2Fwp-admin%2Fincludes HTTP/1.1" 200 5188 "-" "Mozilla/5.0 AppleWebKit/537.36 (KHTML, like Gecko; compatible; ClaudeBot/1.0; +claudebot@anthropic.com)"
20.171.207.237 - - [15/Jul/2025:18:40:07 +0700] "GET /?fileloc=%2Fvar%2Fwww%2Fvhosts%2Facaindustrial.co.th%2Fhttpdocs%2Fwp-includes%2Fcss%2Fdist%2Fedit-post%2Fstyle-rtl.css&path=%2Fvar%2Fwww%2Fvhosts%2Facaindustrial.co.th%2Fhttpdocs%2Fwp-includes%2Fcss%2Fdist%2Fedit-post HTTP/1.1" 200 9642 "-" "Mozilla/5.0 AppleWebKit/537.36 (KHTML, like Gecko; compatible; GPTBot/1.2; +https://openai.com/gptbot)"
20.171.207.237 - - [15/Jul/2025:18:40:08 +0700] "GET /?fileloc=%2Fvar%2Fwww%2Fvhosts%2Facaindustrial.co.th%2Fhttpdocs%2Fwp-admin%2Fcss%2Fcode-editor-rtl.min.css&path=%2Fvar%2Fwww%2Fvhosts%2Facaindustrial.co.th%2Fhttpdocs%2Fwp-admin%2Fcss HTTP/1.1" 200 1928 "-" "Mozilla/5.0 AppleWebKit/537.36 (KHTML, like Gecko; compatible; GPTBot/1.2; +https://openai.com/gptbot)"
20.171.207.237 - - [15/Jul/2025:18:40:09 +0700] "GET /?fileloc=%2Fvar%2Fwww%2Fvhosts%2Facaindustrial.co.th%2Fhttpdocs%2Fwp-admin%2Fcss%2Fadmin-menu-rtl.min.css&path=%2Fvar%2Fwww%2Fvhosts%2Facaindustrial.co.th%2Fhttpdocs%2Fwp-admin%2Fcss HTTP/1.1" 200 4326 "-" "Mozilla/5.0 AppleWebKit/537.36 (KHTML, like Gecko; compatible; GPTBot/1.2; +https://openai.com/gptbot)"
20.171.207.237 - - [15/Jul/2025:18:40:10 +0700] "GET /?fileloc=%2Fvar%2Fwww%2Fvhosts%2Facaindustrial.co.th%2Fhttpdocs%2Fwp-admin%2Fcss%2Fnav-menus-rtl.min.css&path=%2Fvar%2Fwww%2Fvhosts%2Facaindustrial.co.th%2Fhttpdocs%2Fwp-admin%2Fcss HTTP/1.1" 200 4924 "-" "Mozilla/5.0 AppleWebKit/537.36 (KHTML, like Gecko; compatible; GPTBot/1.2; +https://openai.com/gptbot)"
20.171.207.237 - - [15/Jul/2025:18:40:12 +0700] "GET /?fileloc=%2Fvar%2Fwww%2Fvhosts%2Facaindustrial.co.th%2Fhttpdocs%2Fwp-admin%2Fcss%2Fabout-rtl.min.css&path=%2Fvar%2Fwww%2Fvhosts%2Facaindustrial.co.th%2Fhttpdocs%2Fwp-admin%2Fcss HTTP/1.1" 200 5341 "-" "Mozilla/5.0 AppleWebKit/537.36 (KHTML, like Gecko; compatible; GPTBot/1.2; +https://openai.com/gptbot)"
20.171.207.237 - - [15/Jul/2025:18:40:13 +0700] "GET /?fileloc=%2Fvar%2Fwww%2Fvhosts%2Facaindustrial.co.th%2Fhttpdocs%2Fwp-admin%2Fcss%2Flogin-rtl.min.css&path=%2Fvar%2Fwww%2Fvhosts%2Facaindustrial.co.th%2Fhttpdocs%2Fwp-admin%2Fcss HTTP/1.1" 200 3544 "-" "Mozilla/5.0 AppleWebKit/537.36 (KHTML, like Gecko; compatible; GPTBot/1.2; +https://openai.com/gptbot)"
20.171.207.237 - - [15/Jul/2025:18:40:14 +0700] "GET /?fileloc=%2Fvar%2Fwww%2Fvhosts%2Facaindustrial.co.th%2Fhttpdocs%2Fwp-admin%2Fcss%2Fnav-menus-rtl.css&path=%2Fvar%2Fwww%2Fvhosts%2Facaindustrial.co.th%2Fhttpdocs%2Fwp-admin%2Fcss HTTP/1.1" 200 5654 "-" "Mozilla/5.0 AppleWebKit/537.36 (KHTML, like Gecko; compatible; GPTBot/1.2; +https://openai.com/gptbot)"
20.171.207.237 - - [15/Jul/2025:18:40:15 +0700] "GET /?fileloc=%2Fvar%2Fwww%2Fvhosts%2Facaindustrial.co.th%2Fhttpdocs%2Fwp-admin%2Fjs%2Fcode-editor.js&path=%2Fvar%2Fwww%2Fvhosts%2Facaindustrial.co.th%2Fhttpdocs%2Fwp-admin%2Fjs HTTP/1.1" 200 4746 "-" "Mozilla/5.0 AppleWebKit/537.36 (KHTML, like Gecko; compatible; GPTBot/1.2; +https://openai.com/gptbot)"
20.171.207.237 - - [15/Jul/2025:18:40:16 +0700] "GET /?fileloc=%2Fvar%2Fwww%2Fvhosts%2Facaindustrial.co.th%2Fhttpdocs%2Fwp-admin%2Fjs%2Fcommon.js&path=%2Fvar%2Fwww%2Fvhosts%2Facaindustrial.co.th%2Fhttpdocs%2Fwp-admin%2Fjs HTTP/1.1" 200 16047 "-" "Mozilla/5.0 AppleWebKit/537.36 (KHTML, like Gecko; compatible; GPTBot/1.2; +https://openai.com/gptbot)"
20.171.207.237 - - [15/Jul/2025:18:40:17 +0700] "GET /?fileloc=%2Fvar%2Fwww%2Fvhosts%2Facaindustrial.co.th%2Fhttpdocs%2Fwp-admin%2Fjs%2Fupdates.min.js&path=%2Fvar%2Fwww%2Fvhosts%2Facaindustrial.co.th%2Fhttpdocs%2Fwp-admin%2Fjs HTTP/1.1" 200 11169 "-" "Mozilla/5.0 AppleWebKit/537.36 (KHTML, like Gecko; compatible; GPTBot/1.2; +https://openai.com/gptbot)"
20.171.207.237 - - [15/Jul/2025:18:40:18 +0700] "GET /?fileloc=%2Fvar%2Fwww%2Fvhosts%2Facaindustrial.co.th%2Fhttpdocs%2Fwp-admin%2Fjs%2Fpostbox.js&path=%2Fvar%2Fwww%2Fvhosts%2Facaindustrial.co.th%2Fhttpdocs%2Fwp-admin%2Fjs HTTP/1.1" 200 6543 "-" "Mozilla/5.0 AppleWebKit/537.36 (KHTML, like Gecko; compatible; GPTBot/1.2; +https://openai.com/gptbot)"
20.171.207.237 - - [15/Jul/2025:18:40:20 +0700] "GET /?fileloc=%2Fvar%2Fwww%2Fvhosts%2Facaindustrial.co.th%2Fhttpdocs%2Fwp-admin%2Fjs%2Fwidgets.min.js&path=%2Fvar%2Fwww%2Fvhosts%2Facaindustrial.co.th%2Fhttpdocs%2Fwp-admin%2Fjs HTTP/1.1" 200 5365 "-" "Mozilla/5.0 AppleWebKit/537.36 (KHTML, like Gecko; compatible; GPTBot/1.2; +https://openai.com/gptbot)"
149.57.176.165 - - [15/Jul/2025:18:40:20 +0700] "GET /sample-product HTTP/1.1" 200 2457 "-" "Mozilla/5.0 (X11; Linux x86_64) AppleWebKit/537.36 (KHTML, like Gecko) Chrome/134.0.0.0 Safari/537.36"
20.171.207.237 - - [15/Jul/2025:18:40:21 +0700] "GET /?fileloc=%2Fvar%2Fwww%2Fvhosts%2Facaindustrial.co.th%2Fhttpdocs%2Fwp-admin%2Fjs%2Fcomment.min.js&path=%2Fvar%2Fwww%2Fvhosts%2Facaindustrial.co.th%2Fhttpdocs%2Fwp-admin%2Fjs HTTP/1.1" 200 2114 "-" "Mozilla/5.0 AppleWebKit/537.36 (KHTML, like Gecko; compatible; GPTBot/1.2; +https://openai.com/gptbot)"
20.171.207.237 - - [15/Jul/2025:18:40:22 +0700] "GET /?fileloc=%2Fvar%2Fwww%2Fvhosts%2Facaindustrial.co.th%2Fhttpdocs%2Fwp-admin%2Fjs%2Fwidgets.js&path=%2Fvar%2Fwww%2Fvhosts%2Facaindustrial.co.th%2Fhttpdocs%2Fwp-admin%2Fjs HTTP/1.1" 200 7958 "-" "Mozilla/5.0 AppleWebKit/537.36 (KHTML, like Gecko; compatible; GPTBot/1.2; +https://openai.com/gptbot)"
149.57.176.165 - - [15/Jul/2025:18:40:22 +0700] "GET /favicon.ico HTTP/1.1" 200 2456 "http://www.acaindustrial.co.th/sample-product" "Mozilla/5.0 (X11; Linux x86_64) AppleWebKit/537.36 (KHTML, like Gecko) Chrome/134.0.0.0 Safari/537.36"
20.171.207.237 - - [15/Jul/2025:18:40:23 +0700] "GET /?fileloc=%2Fvar%2Fwww%2Fvhosts%2Facaindustrial.co.th%2Fhttpdocs%2Fwp-admin%2Fjs%2Fsvg-painter.js&path=%2Fvar%2Fwww%2Fvhosts%2Facaindustrial.co.th%2Fhttpdocs%2Fwp-admin%2Fjs HTTP/1.1" 200 3587 "-" "Mozilla/5.0 AppleWebKit/537.36 (KHTML, like Gecko; compatible; GPTBot/1.2; +https://openai.com/gptbot)"
20.171.207.237 - - [15/Jul/2025:18:40:24 +0700] "GET /?fileloc=%2Fvar%2Fwww%2Fvhosts%2Facaindustrial.co.th%2Fhttpdocs%2Fwp-admin%2Fjs%2Feditor.js&path=%2Fvar%2Fwww%2Fvhosts%2Facaindustrial.co.th%2Fhttpdocs%2Fwp-admin%2Fjs HTTP/1.1" 200 14363 "-" "Mozilla/5.0 AppleWebKit/537.36 (KHTML, like Gecko; compatible; GPTBot/1.2; +https://openai.com/gptbot)"
20.171.207.237 - - [15/Jul/2025:18:40:25 +0700] "GET /?fileloc=%2Fvar%2Fwww%2Fvhosts%2Facaindustrial.co.th%2Fhttpdocs%2Fwp-admin%2Fjs%2Fsite-health.js&path=%2Fvar%2Fwww%2Fvhosts%2Facaindustrial.co.th%2Fhttpdocs%2Fwp-admin%2Fjs HTTP/1.1" 200 5344 "-" "Mozilla/5.0 AppleWebKit/537.36 (KHTML, like Gecko; compatible; GPTBot/1.2; +https://openai.com/gptbot)"
20.171.207.237 - - [15/Jul/2025:18:40:27 +0700] "GET /?fileloc=%2Fvar%2Fwww%2Fvhosts%2Facaindustrial.co.th%2Fhttpdocs%2Fwp-admin%2Fjs%2Fcomment.js&path=%2Fvar%2Fwww%2Fvhosts%2Facaindustrial.co.th%2Fhttpdocs%2Fwp-admin%2Fjs HTTP/1.1" 200 2546 "-" "Mozilla/5.0 AppleWebKit/537.36 (KHTML, like Gecko; compatible; GPTBot/1.2; +https://openai.com/gptbot)"
20.171.207.237 - - [15/Jul/2025:18:40:28 +0700] "GET /?fileloc=%2Fvar%2Fwww%2Fvhosts%2Facaindustrial.co.th%2Fhttpdocs%2Fwp-admin%2Fjs%2Ftheme.js&path=%2Fvar%2Fwww%2Fvhosts%2Facaindustrial.co.th%2Fhttpdocs%2Fwp-admin%2Fjs HTTP/1.1" 200 16125 "-" "Mozilla/5.0 AppleWebKit/537.36 (KHTML, like Gecko; compatible; GPTBot/1.2; +https://openai.com/gptbot)"
20.171.207.237 - - [15/Jul/2025:18:40:29 +0700] "GET /?fileloc=%2Fvar%2Fwww%2Fvhosts%2Facaindustrial.co.th%2Fhttpdocs%2Fwp-admin%2Fjs%2Fpostbox.min.js&path=%2Fvar%2Fwww%2Fvhosts%2Facaindustrial.co.th%2Fhttpdocs%2Fwp-admin%2Fjs HTTP/1.1" 200 3763 "-" "Mozilla/5.0 AppleWebKit/537.36 (KHTML, like Gecko; compatible; GPTBot/1.2; +https://openai.com/gptbot)"
20.171.207.237 - - [15/Jul/2025:18:40:30 +0700] "GET /?fileloc=%2Fvar%2Fwww%2Fvhosts%2Facaindustrial.co.th%2Fhttpdocs%2Fwp-admin%2Fjs%2Fmedia.js&path=%2Fvar%2Fwww%2Fvhosts%2Facaindustrial.co.th%2Fhttpdocs%2Fwp-admin%2Fjs HTTP/1.1" 200 3800 "-" "Mozilla/5.0 AppleWebKit/537.36 (KHTML, like Gecko; compatible; GPTBot/1.2; +https://openai.com/gptbot)"
20.171.207.237 - - [15/Jul/2025:18:40:31 +0700] "GET /?fileloc=%2Fvar%2Fwww%2Fvhosts%2Facaindustrial.co.th%2Fhttpdocs%2Fwp-admin%2Fjs%2Fupdates.js&path=%2Fvar%2Fwww%2Fvhosts%2Facaindustrial.co.th%2Fhttpdocs%2Fwp-admin%2Fjs HTTP/1.1" 200 19769 "-" "Mozilla/5.0 AppleWebKit/537.36 (KHTML, like Gecko; compatible; GPTBot/1.2; +https://openai.com/gptbot)"
20.171.207.237 - - [15/Jul/2025:18:40:32 +0700] "GET /?path=%2Fvar%2Fwww%2Fvhosts%2Facaindustrial.co.th%2Fhttpdocs%2Fwp-admin%2Fcss%2Fcolors HTTP/1.1" 200 2057 "-" "Mozilla/5.0 AppleWebKit/537.36 (KHTML, like Gecko; compatible; GPTBot/1.2; +https://openai.com/gptbot)"
20.171.207.237 - - [15/Jul/2025:18:40:34 +0700] "GET /?fileloc=%2Fvar%2Fwww%2Fvhosts%2Facaindustrial.co.th%2Fhttpdocs%2Fwp-admin%2Fcss%2Finstall.min.css&path=%2Fvar%2Fwww%2Fvhosts%2Facaindustrial.co.th%2Fhttpdocs%2Fwp-admin%2Fcss HTTP/1.1" 200 3205 "-" "Mozilla/5.0 AppleWebKit/537.36 (KHTML, like Gecko; compatible; GPTBot/1.2; +https://openai.com/gptbot)"
20.171.207.237 - - [15/Jul/2025:18:40:35 +0700] "GET /?fileloc=%2Fvar%2Fwww%2Fvhosts%2Facaindustrial.co.th%2Fhttpdocs%2Fwp-admin%2Fjs%2Fpost.js&path=%2Fvar%2Fwww%2Fvhosts%2Facaindustrial.co.th%2Fhttpdocs%2Fwp-admin%2Fjs HTTP/1.1" 200 13764 "-" "Mozilla/5.0 AppleWebKit/537.36 (KHTML, like Gecko; compatible; GPTBot/1.2; +https://openai.com/gptbot)"
20.171.207.237 - - [15/Jul/2025:18:40:36 +0700] "GET /?fileloc=%2Fvar%2Fwww%2Fvhosts%2Facaindustrial.co.th%2Fhttpdocs%2Fwp-admin%2Fjs%2Fset-post-thumbnail.min.js&path=%2Fvar%2Fwww%2Fvhosts%2Facaindustrial.co.th%2Fhttpdocs%2Fwp-admin%2Fjs HTTP/1.1" 200 1838 "-" "Mozilla/5.0 AppleWebKit/537.36 (KHTML, like Gecko; compatible; GPTBot/1.2; +https://openai.com/gptbot)"
20.171.207.237 - - [15/Jul/2025:18:40:37 +0700] "GET /?fileloc=%2Fvar%2Fwww%2Fvhosts%2Facaindustrial.co.th%2Fhttpdocs%2Fwp-admin%2Fjs%2Frevisions.js&path=%2Fvar%2Fwww%2Fvhosts%2Facaindustrial.co.th%2Fhttpdocs%2Fwp-admin%2Fjs HTTP/1.1" 200 10228 "-" "Mozilla/5.0 AppleWebKit/537.36 (KHTML, like Gecko; compatible; GPTBot/1.2; +https://openai.com/gptbot)"
20.171.207.237 - - [15/Jul/2025:18:40:38 +0700] "GET /?fileloc=%2Fvar%2Fwww%2Fvhosts%2Facaindustrial.co.th%2Fhttpdocs%2Fwp-admin%2Fjs%2Fdashboard.js&path=%2Fvar%2Fwww%2Fvhosts%2Facaindustrial.co.th%2Fhttpdocs%2Fwp-admin%2Fjs HTTP/1.1" 200 10073 "-" "Mozilla/5.0 AppleWebKit/537.36 (KHTML, like Gecko; compatible; GPTBot/1.2; +https://openai.com/gptbot)"
20.171.207.237 - - [15/Jul/2025:18:40:39 +0700] "GET /?fileloc=%2Fvar%2Fwww%2Fvhosts%2Facaindustrial.co.th%2Fhttpdocs%2Fwp-admin%2Fjs%2Faccordion.js&path=%2Fvar%2Fwww%2Fvhosts%2Facaindustrial.co.th%2Fhttpdocs%2Fwp-admin%2Fjs HTTP/1.1" 200 2572 "-" "Mozilla/5.0 AppleWebKit/537.36 (KHTML, like Gecko; compatible; GPTBot/1.2; +https://openai.com/gptbot)"
20.171.207.237 - - [15/Jul/2025:18:40:40 +0700] "GET /?fileloc=%2Fvar%2Fwww%2Fvhosts%2Facaindustrial.co.th%2Fhttpdocs%2Fwp-admin%2Fjs%2Ffarbtastic.js&path=%2Fvar%2Fwww%2Fvhosts%2Facaindustrial.co.th%2Fhttpdocs%2Fwp-admin%2Fjs HTTP/1.1" 200 4086 "-" "Mozilla/5.0 AppleWebKit/537.36 (KHTML, like Gecko; compatible; GPTBot/1.2; +https://openai.com/gptbot)"
20.171.207.237 - - [15/Jul/2025:18:40:42 +0700] "GET /?fileloc=%2Fvar%2Fwww%2Fvhosts%2Facaindustrial.co.th%2Fhttpdocs%2Fwp-admin%2Fjs%2Fapplication-passwords.min.js&path=%2Fvar%2Fwww%2Fvhosts%2Facaindustrial.co.th%2Fhttpdocs%2Fwp-admin%2Fjs HTTP/1.1" 200 2618 "-" "Mozilla/5.0 AppleWebKit/537.36 (KHTML, like Gecko; compatible; GPTBot/1.2; +https://openai.com/gptbot)"
20.171.207.237 - - [15/Jul/2025:18:40:43 +0700] "GET /?fileloc=%2Fvar%2Fwww%2Fvhosts%2Facaindustrial.co.th%2Fhttpdocs%2Fwp-admin%2Fjs%2Fapplication-passwords.js&path=%2Fvar%2Fwww%2Fvhosts%2Facaindustrial.co.th%2Fhttpdocs%2Fwp-admin%2Fjs HTTP/1.1" 200 3367 "-" "Mozilla/5.0 AppleWebKit/537.36 (KHTML, like Gecko; compatible; GPTBot/1.2; +https://openai.com/gptbot)"
20.171.207.237 - - [15/Jul/2025:18:40:44 +0700] "GET /?path=%2Fvar%2Fwww%2Fvhosts%2Facaindustrial.co.th%2Fhttpdocs%2Fwp-admin%2Fcss%2Fcolors%2Focean HTTP/1.1" 200 1868 "-" "Mozilla/5.0 AppleWebKit/537.36 (KHTML, like Gecko; compatible; GPTBot/1.2; +https://openai.com/gptbot)"
20.171.207.237 - - [15/Jul/2025:18:40:45 +0700] "GET /?fileloc=%2Fvar%2Fwww%2Fvhosts%2Facaindustrial.co.th%2Fhttpdocs%2Fwp-admin%2Fcss%2Fcolors%2F_mixins.scss&path=%2Fvar%2Fwww%2Fvhosts%2Facaindustrial.co.th%2Fhttpdocs%2Fwp-admin%2Fcss%2Fcolors HTTP/1.1" 200 1729 "-" "Mozilla/5.0 AppleWebKit/537.36 (KHTML, like Gecko; compatible; GPTBot/1.2; +https://openai.com/gptbot)"
20.171.207.237 - - [15/Jul/2025:18:40:46 +0700] "GET /?fileloc=%2Fvar%2Fwww%2Fvhosts%2Facaindustrial.co.th%2Fhttpdocs%2Fwp-admin%2Fcss%2Fcolor-picker-rtl.min.css&path=%2Fvar%2Fwww%2Fvhosts%2Facaindustrial.co.th%2Fhttpdocs%2Fwp-admin%2Fcss HTTP/1.1" 200 2270 "-" "Mozilla/5.0 AppleWebKit/537.36 (KHTML, like Gecko; compatible; GPTBot/1.2; +https://openai.com/gptbot)"
20.171.207.237 - - [15/Jul/2025:18:40:47 +0700] "GET /?fileloc=%2Fvar%2Fwww%2Fvhosts%2Facaindustrial.co.th%2Fhttpdocs%2Fwp-admin%2Fcss%2Fmedia.css&path=%2Fvar%2Fwww%2Fvhosts%2Facaindustrial.co.th%2Fhttpdocs%2Fwp-admin%2Fcss HTTP/1.1" 200 7082 "-" "Mozilla/5.0 AppleWebKit/537.36 (KHTML, like Gecko; compatible; GPTBot/1.2; +https://openai.com/gptbot)"
20.171.207.237 - - [15/Jul/2025:18:40:49 +0700] "GET /?fileloc=%2Fvar%2Fwww%2Fvhosts%2Facaindustrial.co.th%2Fhttpdocs%2Fwp-admin%2Fcss%2Fwidgets.css&path=%2Fvar%2Fwww%2Fvhosts%2Facaindustrial.co.th%2Fhttpdocs%2Fwp-admin%2Fcss HTTP/1.1" 200 5431 "-" "Mozilla/5.0 AppleWebKit/537.36 (KHTML, like Gecko; compatible; GPTBot/1.2; +https://openai.com/gptbot)"
20.171.207.237 - - [15/Jul/2025:18:40:50 +0700] "GET /?fileloc=%2Fvar%2Fwww%2Fvhosts%2Facaindustrial.co.th%2Fhttpdocs%2Fwp-admin%2Fcss%2Fthemes.css&path=%2Fvar%2Fwww%2Fvhosts%2Facaindustrial.co.th%2Fhttpdocs%2Fwp-admin%2Fcss HTTP/1.1" 200 9525 "-" "Mozilla/5.0 AppleWebKit/537.36 (KHTML, like Gecko; compatible; GPTBot/1.2; +https://openai.com/gptbot)"
20.171.207.237 - - [15/Jul/2025:18:40:51 +0700] "GET /?fileloc=%2Fvar%2Fwww%2Fvhosts%2Facaindustrial.co.th%2Fhttpdocs%2Fwp-admin%2Fcss%2Flogin.css&path=%2Fvar%2Fwww%2Fvhosts%2Facaindustrial.co.th%2Fhttpdocs%2Fwp-admin%2Fcss HTTP/1.1" 200 3835 "-" "Mozilla/5.0 AppleWebKit/537.36 (KHTML, like Gecko; compatible; GPTBot/1.2; +https://openai.com/gptbot)"
216.73.216.185 - - [15/Jul/2025:18:40:51 +0700] "GET /lathing.php?path=%2Fvar%2Fwww%2Fvhosts%2Facaindustrial.co.th%2Fhttpdocs%2Fwp-includes%2Fblocks%2Fnavigation HTTP/1.1" 200 2262 "-" "Mozilla/5.0 AppleWebKit/537.36 (KHTML, like Gecko; compatible; ClaudeBot/1.0; +claudebot@anthropic.com)"
216.73.216.185 - - [15/Jul/2025:18:40:51 +0700] "GET /contract-us/?fileloc=%2Fvar%2Fwww%2Fvhosts%2Facaindustrial.co.th%2Fhttpdocs%2Fwp-admin%2Fcss%2Fnav-menus-rtl.css&path=%2Fvar%2Fwww%2Fvhosts%2Facaindustrial.co.th%2Fhttpdocs%2Fwp-admin%2Fcss HTTP/1.1" 200 5710 "-" "Mozilla/5.0 AppleWebKit/537.36 (KHTML, like Gecko; compatible; ClaudeBot/1.0; +claudebot@anthropic.com)"
216.73.216.185 - - [15/Jul/2025:18:40:51 +0700] "GET /lathing.php?fileloc=%2Fvar%2Fwww%2Fvhosts%2Facaindustrial.co.th%2Fhttpdocs%2Fwp-admin%2Fnetwork%2Findex.php&path=%2Fvar%2Fwww%2Fvhosts%2Facaindustrial.co.th%2Fhttpdocs%2Fwp-admin%2Fnetwork HTTP/1.1" 200 2710 "-" "Mozilla/5.0 AppleWebKit/537.36 (KHTML, like Gecko; compatible; ClaudeBot/1.0; +claudebot@anthropic.com)"
216.73.216.185 - - [15/Jul/2025:18:40:51 +0700] "GET /lathing.php?fileloc=%2Fvar%2Fwww%2Fvhosts%2Facaindustrial.co.th%2Fhttpdocs%2Fwp-admin%2Fcss%2Fcustomize-controls-rtl.min.css&path=%2Fvar%2Fwww%2Fvhosts%2Facaindustrial.co.th%2Fhttpdocs%2Fwp-admin%2Fcss HTTP/1.1" 200 11587 "-" "Mozilla/5.0 AppleWebKit/537.36 (KHTML, like Gecko; compatible; ClaudeBot/1.0; +claudebot@anthropic.com)"
216.73.216.185 - - [15/Jul/2025:18:40:52 +0700] "GET /lathing.php?fileloc=%2Fvar%2Fwww%2Fvhosts%2Facaindustrial.co.th%2Ferror_docs%2Fproxy_authentication_required.html&path=%2Fvar%2Fwww%2Fvhosts%2Facaindustrial.co.th%2Ferror_docs HTTP/1.1" 200 1967 "-" "Mozilla/5.0 AppleWebKit/537.36 (KHTML, like Gecko; compatible; ClaudeBot/1.0; +claudebot@anthropic.com)"
216.73.216.185 - - [15/Jul/2025:18:40:52 +0700] "GET /lathing.php?fileloc=%2Fvar%2Fwww%2Fvhosts%2Facaindustrial.co.th%2Fhttpdocs%2Fwp-admin%2Fcss%2Fcustomize-nav-menus-rtl.min.css&path=%2Fvar%2Fwww%2Fvhosts%2Facaindustrial.co.th%2Fhttpdocs%2Fwp-admin%2Fcss HTTP/1.1" 200 4922 "-" "Mozilla/5.0 AppleWebKit/537.36 (KHTML, like Gecko; compatible; ClaudeBot/1.0; +claudebot@anthropic.com)"
216.73.216.185 - - [15/Jul/2025:18:40:52 +0700] "GET /lathing.php?path=%2Fvar%2Fwww%2Fvhosts%2Facaindustrial.co.th%2Fhttpdocs%2Fwp-content%2Fthemes%2Ftwentytwentythree HTTP/1.1" 200 2092 "-" "Mozilla/5.0 AppleWebKit/537.36 (KHTML, like Gecko; compatible; ClaudeBot/1.0; +claudebot@anthropic.com)"
216.73.216.185 - - [15/Jul/2025:18:40:52 +0700] "GET /lathing.php?path=%2Fvar%2Fwww%2Fvhosts%2Facaindustrial.co.th%2Fhttpdocs%2Fwp-includes%2Fblocks%2Ftable HTTP/1.1" 200 2124 "-" "Mozilla/5.0 AppleWebKit/537.36 (KHTML, like Gecko; compatible; ClaudeBot/1.0; +claudebot@anthropic.com)"
20.171.207.237 - - [15/Jul/2025:18:40:52 +0700] "GET /?fileloc=%2Fvar%2Fwww%2Fvhosts%2Facaindustrial.co.th%2Fhttpdocs%2Fwp-admin%2Fcss%2Fforms.css&path=%2Fvar%2Fwww%2Fvhosts%2Facaindustrial.co.th%2Fhttpdocs%2Fwp-admin%2Fcss HTTP/1.1" 200 9436 "-" "Mozilla/5.0 AppleWebKit/537.36 (KHTML, like Gecko; compatible; GPTBot/1.2; +https://openai.com/gptbot)"
216.73.216.185 - - [15/Jul/2025:18:40:52 +0700] "GET /lathing.php?fileloc=%2Fvar%2Fwww%2Fvhosts%2Facaindustrial.co.th%2Fhttpdocs%2Fwp-admin%2Fcss%2Fcustomize-widgets-rtl.min.css&path=%2Fvar%2Fwww%2Fvhosts%2Facaindustrial.co.th%2Fhttpdocs%2Fwp-admin%2Fcss HTTP/1.1" 200 3529 "-" "Mozilla/5.0 AppleWebKit/537.36 (KHTML, like Gecko; compatible; ClaudeBot/1.0; +claudebot@anthropic.com)"
216.73.216.185 - - [15/Jul/2025:18:40:52 +0700] "GET /lathing.php?fileloc=%2Fvar%2Fwww%2Fvhosts%2Facaindustrial.co.th%2Fhttpdocs%2Fwp-includes%2FID3%2Fmodule.audio-video.asf.php&path=%2Fvar%2Fwww%2Fvhosts%2Facaindustrial.co.th%2Fhttpdocs%2Fwp-includes%2FID3 HTTP/1.1" 200 23079 "-" "Mozilla/5.0 AppleWebKit/537.36 (KHTML, like Gecko; compatible; ClaudeBot/1.0; +claudebot@anthropic.com)"
216.73.216.185 - - [15/Jul/2025:18:40:52 +0700] "GET /lathing.php?path=%2Fvar%2Fwww%2Fvhosts%2Facaindustrial.co.th%2Fhttpdocs%2Fwp-includes%2Fblocks%2Fcomment-template HTTP/1.1" 200 1938 "-" "Mozilla/5.0 AppleWebKit/537.36 (KHTML, like Gecko; compatible; ClaudeBot/1.0; +claudebot@anthropic.com)"
216.73.216.185 - - [15/Jul/2025:18:40:53 +0700] "GET /lathing.php?path=%2Fvar%2Fwww%2Fvhosts%2Facaindustrial.co.th%2Fhttpdocs%2Fwp-includes%2Fcss%2Fdist HTTP/1.1" 200 2134 "-" "Mozilla/5.0 AppleWebKit/537.36 (KHTML, like Gecko; compatible; ClaudeBot/1.0; +claudebot@anthropic.com)"
20.171.207.237 - - [15/Jul/2025:18:40:53 +0700] "GET /?fileloc=%2Fvar%2Fwww%2Fvhosts%2Facaindustrial.co.th%2Fhttpdocs%2Fwp-admin%2Fcss%2Fabout.css&path=%2Fvar%2Fwww%2Fvhosts%2Facaindustrial.co.th%2Fhttpdocs%2Fwp-admin%2Fcss HTTP/1.1" 200 6222 "-" "Mozilla/5.0 AppleWebKit/537.36 (KHTML, like Gecko; compatible; GPTBot/1.2; +https://openai.com/gptbot)"
216.73.216.185 - - [15/Jul/2025:18:40:52 +0700] "GET /contract-us/?fileloc=%2Fvar%2Fwww%2Fvhosts%2Facaindustrial.co.th%2Fhttpdocs%2Fwp-admin%2Fcss%2Fcustomize-controls.min.css&path=%2Fvar%2Fwww%2Fvhosts%2Facaindustrial.co.th%2Fhttpdocs%2Fwp-admin%2Fcss HTTP/1.1" 200 11589 "-" "Mozilla/5.0 AppleWebKit/537.36 (KHTML, like Gecko; compatible; ClaudeBot/1.0; +claudebot@anthropic.com)"
20.171.207.237 - - [15/Jul/2025:18:40:54 +0700] "GET /?fileloc=%2Fvar%2Fwww%2Fvhosts%2Facaindustrial.co.th%2Fhttpdocs%2Fwp-admin%2Fcss%2Fcommon.css&path=%2Fvar%2Fwww%2Fvhosts%2Facaindustrial.co.th%2Fhttpdocs%2Fwp-admin%2Fcss HTTP/1.1" 200 18014 "-" "Mozilla/5.0 AppleWebKit/537.36 (KHTML, like Gecko; compatible; GPTBot/1.2; +https://openai.com/gptbot)"
20.171.207.237 - - [15/Jul/2025:18:40:56 +0700] "GET /?path=%2Fvar%2Fwww%2Fvhosts%2Facaindustrial.co.th%2Fhttpdocs%2Fwp-admin%2Fcss%2Fcolors%2Fblue HTTP/1.1" 200 1868 "-" "Mozilla/5.0 AppleWebKit/537.36 (KHTML, like Gecko; compatible; GPTBot/1.2; +https://openai.com/gptbot)"
62.171.151.6 - - [15/Jul/2025:18:40:56 +0700] "HEAD / HTTP/1.1" 200 218 "https://acaindustrial.co.th/" "Mozilla/5.0 (Windows NT 10.0; Win64; x64) AppleWebKit/537.36 (KHTML, like Gecko) Chrome/91.0.4472.124 Safari/537.36"
62.171.151.6 - - [15/Jul/2025:18:40:56 +0700] "HEAD / HTTP/1.1" 200 218 "https://www.acaindustrial.co.th/" "Mozilla/5.0 (Windows NT 10.0; Win64; x64) AppleWebKit/537.36 (KHTML, like Gecko) Chrome/91.0.4472.124 Safari/537.36"
62.171.151.6 - - [15/Jul/2025:18:40:56 +0700] "POST /wp-login.php HTTP/1.1" 200 2457 "http://acaindustrial.co.th/wp-admin/" "Mozilla/5.0 (Windows NT 10.0; Win64; x64) AppleWebKit/537.36 (KHTML, like Gecko) Chrome/90.0.4430.85 Safari/537.36"
62.171.151.6 - - [15/Jul/2025:18:40:57 +0700] "GET /wp-admin/ HTTP/1.1" 200 4655 "https://www.google.com/" "Mozilla/5.0 (Windows NT 10.0; Win64; x64) AppleWebKit/537.36 (KHTML, like Gecko) Chrome/91.0.4472.124 Safari/537.36"
62.171.151.6 - - [15/Jul/2025:18:40:57 +0700] "POST /wp-login.php HTTP/1.1" 200 2457 "http://www.acaindustrial.co.th/wp-admin/" "Mozilla/5.0 (Windows NT 10.0; Win64; x64) AppleWebKit/537.36 (KHTML, like Gecko) Chrome/90.0.4430.85 Safari/537.36"
62.171.151.6 - - [15/Jul/2025:18:40:57 +0700] "GET /wp-admin/upgrade.php?step=1 HTTP/1.1" 200 982 "https://www.google.com/" "Mozilla/5.0 (Windows NT 10.0; Win64; x64) AppleWebKit/537.36 (KHTML, like Gecko) Chrome/91.0.4472.124 Safari/537.36"
62.171.151.6 - - [15/Jul/2025:18:40:58 +0700] "GET /wp-admin/plugin-install.php?tab=upload HTTP/1.1" 200 4655 "https://www.google.com/" "Mozilla/5.0 (Windows NT 10.0; Win64; x64) AppleWebKit/537.36 (KHTML, like Gecko) Chrome/91.0.4472.124 Safari/537.36"
20.171.207.237 - - [15/Jul/2025:18:40:57 +0700] "GET /?fileloc=%2Fvar%2Fwww%2Fvhosts%2Facaindustrial.co.th%2Fhttpdocs%2Fwp-admin%2Fjs%2Fmedia-gallery.js&path=%2Fvar%2Fwww%2Fvhosts%2Facaindustrial.co.th%2Fhttpdocs%2Fwp-admin%2Fjs HTTP/1.1" 200 2106 "-" "Mozilla/5.0 AppleWebKit/537.36 (KHTML, like Gecko; compatible; GPTBot/1.2; +https://openai.com/gptbot)"
62.171.151.6 - - [15/Jul/2025:18:40:57 +0700] "GET /wp-admin/ HTTP/1.1" 200 4655 "https://www.google.com/" "Mozilla/5.0 (Windows NT 10.0; Win64; x64) AppleWebKit/537.36 (KHTML, like Gecko) Chrome/91.0.4472.124 Safari/537.36"
62.171.151.6 - - [15/Jul/2025:18:40:58 +0700] "GET /wp-admin/ HTTP/1.1" 200 4655 "-" "Mozilla/5.0 (Windows NT 10.0; Win64; x64) AppleWebKit/537.36 (KHTML, like Gecko) Chrome/133.0.0.0 Safari/537.36"
27.254.111.205 - - [15/Jul/2025:18:40:57 +0700] "POST /wp-cron.php?doing_wp_cron=1752579657.4552741050720214843750 HTTP/1.1" 200 2513 "-" "WordPress/6.3.2; http://www.acaindustrial.co.th"
20.171.207.237 - - [15/Jul/2025:18:40:59 +0700] "GET /?fileloc=%2Fvar%2Fwww%2Fvhosts%2Facaindustrial.co.th%2Fhttpdocs%2Fwp-admin%2Fjs%2Fcustomize-nav-menus.min.js&path=%2Fvar%2Fwww%2Fvhosts%2Facaindustrial.co.th%2Fhttpdocs%2Fwp-admin%2Fjs HTTP/1.1" 200 13337 "-" "Mozilla/5.0 AppleWebKit/537.36 (KHTML, like Gecko; compatible; GPTBot/1.2; +https://openai.com/gptbot)"
62.171.151.6 - - [15/Jul/2025:18:40:59 +0700] "GET /wp-admin/plugin-install.php HTTP/1.1" 200 4655 "-" "Mozilla/5.0 (Windows NT 10.0; Win64; x64) AppleWebKit/537.36 (KHTML, like Gecko) Chrome/133.0.0.0 Safari/537.36"
27.254.111.205 - - [15/Jul/2025:18:40:59 +0700] "POST /wp-cron.php?doing_wp_cron=1752579659.3551890850067138671875 HTTP/1.1" 200 2513 "-" "WordPress/6.3.2; http://www.acaindustrial.co.th"
62.171.151.6 - - [15/Jul/2025:18:40:59 +0700] "GET /wp-admin/theme-install.php?tab=upload HTTP/1.1" 200 4655 "https://www.google.com/" "Mozilla/5.0 (Windows NT 10.0; Win64; x64) AppleWebKit/537.36 (KHTML, like Gecko) Chrome/91.0.4472.124 Safari/537.36"
62.171.151.6 - - [15/Jul/2025:18:40:58 +0700] "HEAD / HTTP/1.1" 200 218 "https://acaindustrial.co.th/" "Mozilla/5.0 (Windows NT 10.0; Win64; x64) AppleWebKit/537.36 (KHTML, like Gecko) Chrome/91.0.4472.124 Safari/537.36"
62.171.151.6 - - [15/Jul/2025:18:40:59 +0700] "GET /wp-admin/upgrade.php?step=1 HTTP/1.1" 200 982 "https://www.google.com/" "Mozilla/5.0 (Windows NT 10.0; Win64; x64) AppleWebKit/537.36 (KHTML, like Gecko) Chrome/91.0.4472.124 Safari/537.36"
62.171.151.6 - - [15/Jul/2025:18:40:59 +0700] "GET /wp-admin/ HTTP/1.1" 200 4655 "-" "Mozilla/5.0 (Windows NT 10.0; Win64; x64) AppleWebKit/537.36 (KHTML, like Gecko) Chrome/133.0.0.0 Safari/537.36"
62.171.151.6 - - [15/Jul/2025:18:40:59 +0700] "GET /wp-admin/plugin-install.php?tab=upload HTTP/1.1" 200 4655 "https://www.google.com/" "Mozilla/5.0 (Windows NT 10.0; Win64; x64) AppleWebKit/537.36 (KHTML, like Gecko) Chrome/91.0.4472.124 Safari/537.36"
62.171.151.6 - - [15/Jul/2025:18:40:59 +0700] "GET /wp-admin/plugin-install.php HTTP/1.1" 200 4655 "-" "Mozilla/5.0 (Windows NT 10.0; Win64; x64) AppleWebKit/537.36 (KHTML, like Gecko) Chrome/133.0.0.0 Safari/537.36"
62.171.151.6 - - [15/Jul/2025:18:40:59 +0700] "POST /wp-login.php HTTP/1.1" 200 2457 "http://acaindustrial.co.th/wp-admin/" "Mozilla/5.0 (Windows NT 10.0; Win64; x64) AppleWebKit/537.36 (KHTML, like Gecko) Chrome/90.0.4430.85 Safari/537.36"
62.171.151.6 - - [15/Jul/2025:18:40:59 +0700] "GET /wp-admin/ HTTP/1.1" 200 4655 "-" "Mozilla/5.0 (Windows NT 10.0; Win64; x64) AppleWebKit/537.36 (KHTML, like Gecko) Chrome/133.0.0.0 Safari/537.36"
62.171.151.6 - - [15/Jul/2025:18:41:00 +0700] "HEAD / HTTP/1.1" 200 218 "https://www.acaindustrial.co.th/" "Mozilla/5.0 (Windows NT 10.0; Win64; x64) AppleWebKit/537.36 (KHTML, like Gecko) Chrome/91.0.4472.124 Safari/537.36"
62.171.151.6 - - [15/Jul/2025:18:41:00 +0700] "GET /wp-admin/ HTTP/1.1" 200 4655 "https://www.google.com/" "Mozilla/5.0 (Windows NT 10.0; Win64; x64) AppleWebKit/537.36 (KHTML, like Gecko) Chrome/91.0.4472.124 Safari/537.36"
62.171.151.6 - - [15/Jul/2025:18:41:00 +0700] "GET /wp-admin/plugin-install.php HTTP/1.1" 200 4655 "-" "Mozilla/5.0 (Windows NT 10.0; Win64; x64) AppleWebKit/537.36 (KHTML, like Gecko) Chrome/133.0.0.0 Safari/537.36"
20.171.207.237 - - [15/Jul/2025:18:41:00 +0700] "GET /?fileloc=%2Fvar%2Fwww%2Fvhosts%2Facaindustrial.co.th%2Fhttpdocs%2Fwp-admin%2Fjs%2Ftheme-plugin-editor.min.js&path=%2Fvar%2Fwww%2Fvhosts%2Facaindustrial.co.th%2Fhttpdocs%2Fwp-admin%2Fjs HTTP/1.1" 200 5240 "-" "Mozilla/5.0 AppleWebKit/537.36 (KHTML, like Gecko; compatible; GPTBot/1.2; +https://openai.com/gptbot)"
62.171.151.6 - - [15/Jul/2025:18:41:00 +0700] "GET /wp-admin/theme-install.php?tab=upload HTTP/1.1" 200 4655 "https://www.google.com/" "Mozilla/5.0 (Windows NT 10.0; Win64; x64) AppleWebKit/537.36 (KHTML, like Gecko) Chrome/91.0.4472.124 Safari/537.36"
62.171.151.6 - - [15/Jul/2025:18:41:00 +0700] "POST /wp-login.php HTTP/1.1" 200 2457 "http://www.acaindustrial.co.th/wp-admin/" "Mozilla/5.0 (Windows NT 10.0; Win64; x64) AppleWebKit/537.36 (KHTML, like Gecko) Chrome/90.0.4430.85 Safari/537.36"
27.254.111.205 - - [15/Jul/2025:18:41:00 +0700] "POST /wp-cron.php?doing_wp_cron=1752579660.5127909183502197265625 HTTP/1.1" 200 2513 "-" "WordPress/6.3.2; http://www.acaindustrial.co.th"
62.171.151.6 - - [15/Jul/2025:18:41:00 +0700] "GET /wp-admin/upgrade.php?step=1 HTTP/1.1" 200 982 "https://www.google.com/" "Mozilla/5.0 (Windows NT 10.0; Win64; x64) AppleWebKit/537.36 (KHTML, like Gecko) Chrome/91.0.4472.124 Safari/537.36"
62.171.151.6 - - [15/Jul/2025:18:41:00 +0700] "GET /wp-admin/ HTTP/1.1" 200 4655 "-" "Mozilla/5.0 (Windows NT 10.0; Win64; x64) AppleWebKit/537.36 (KHTML, like Gecko) Chrome/133.0.0.0 Safari/537.36"
62.171.151.6 - - [15/Jul/2025:18:41:00 +0700] "GET /wp-admin/ HTTP/1.1" 200 4655 "https://www.google.com/" "Mozilla/5.0 (Windows NT 10.0; Win64; x64) AppleWebKit/537.36 (KHTML, like Gecko) Chrome/91.0.4472.124 Safari/537.36"
62.171.151.6 - - [15/Jul/2025:18:41:00 +0700] "GET /wp-admin/plugin-install.php?tab=upload HTTP/1.1" 200 4655 "https://www.google.com/" "Mozilla/5.0 (Windows NT 10.0; Win64; x64) AppleWebKit/537.36 (KHTML, like Gecko) Chrome/91.0.4472.124 Safari/537.36"
62.171.151.6 - - [15/Jul/2025:18:41:00 +0700] "GET /wp-admin/plugin-install.php HTTP/1.1" 200 4655 "-" "Mozilla/5.0 (Windows NT 10.0; Win64; x64) AppleWebKit/537.36 (KHTML, like Gecko) Chrome/133.0.0.0 Safari/537.36"
62.171.151.6 - - [15/Jul/2025:18:41:00 +0700] "GET /wp-admin/ HTTP/1.1" 200 4655 "-" "Mozilla/5.0 (Windows NT 10.0; Win64; x64) AppleWebKit/537.36 (KHTML, like Gecko) Chrome/133.0.0.0 Safari/537.36"
27.254.111.205 - - [15/Jul/2025:18:41:01 +0700] "POST /wp-cron.php?doing_wp_cron=1752579661.0542480945587158203125 HTTP/1.1" 200 2513 "-" "WordPress/6.3.2; http://www.acaindustrial.co.th"
62.171.151.6 - - [15/Jul/2025:18:41:00 +0700] "GET /wp-admin/upgrade.php?step=1 HTTP/1.1" 200 982 "https://www.google.com/" "Mozilla/5.0 (Windows NT 10.0; Win64; x64) AppleWebKit/537.36 (KHTML, like Gecko) Chrome/91.0.4472.124 Safari/537.36"
62.171.151.6 - - [15/Jul/2025:18:41:01 +0700] "GET /wp-admin/plugin-install.php HTTP/1.1" 200 4655 "-" "Mozilla/5.0 (Windows NT 10.0; Win64; x64) AppleWebKit/537.36 (KHTML, like Gecko) Chrome/133.0.0.0 Safari/537.36"
62.171.151.6 - - [15/Jul/2025:18:41:01 +0700] "GET /wp-admin/plugin-install.php?tab=upload HTTP/1.1" 200 4655 "https://www.google.com/" "Mozilla/5.0 (Windows NT 10.0; Win64; x64) AppleWebKit/537.36 (KHTML, like Gecko) Chrome/91.0.4472.124 Safari/537.36"
20.171.207.237 - - [15/Jul/2025:18:41:01 +0700] "GET /?fileloc=%2Fvar%2Fwww%2Fvhosts%2Facaindustrial.co.th%2Fhttpdocs%2Fwp-admin%2Fcss%2Fl10n-rtl.min.css&path=%2Fvar%2Fwww%2Fvhosts%2Facaindustrial.co.th%2Fhttpdocs%2Fwp-admin%2Fcss HTTP/1.1" 200 2119 "-" "Mozilla/5.0 AppleWebKit/537.36 (KHTML, like Gecko; compatible; GPTBot/1.2; +https://openai.com/gptbot)"
62.171.151.6 - - [15/Jul/2025:18:41:01 +0700] "GET /wp-admin/theme-install.php?tab=upload HTTP/1.1" 200 4655 "https://www.google.com/" "Mozilla/5.0 (Windows NT 10.0; Win64; x64) AppleWebKit/537.36 (KHTML, like Gecko) Chrome/91.0.4472.124 Safari/537.36"
62.171.151.6 - - [15/Jul/2025:18:41:01 +0700] "GET /wp-admin/ HTTP/1.1" 200 4655 "-" "Mozilla/5.0 (Windows NT 10.0; Win64; x64) AppleWebKit/537.36 (KHTML, like Gecko) Chrome/133.0.0.0 Safari/537.36"
62.171.151.6 - - [15/Jul/2025:18:41:01 +0700] "GET /wp-admin/ HTTP/1.1" 200 4655 "-" "Mozilla/5.0 (Windows NT 10.0; Win64; x64) AppleWebKit/537.36 (KHTML, like Gecko) Chrome/133.0.0.0 Safari/537.36"
62.171.151.6 - - [15/Jul/2025:18:41:01 +0700] "GET /wp-admin/plugin-install.php HTTP/1.1" 200 4655 "-" "Mozilla/5.0 (Windows NT 10.0; Win64; x64) AppleWebKit/537.36 (KHTML, like Gecko) Chrome/133.0.0.0 Safari/537.36"
62.171.151.6 - - [15/Jul/2025:18:41:01 +0700] "GET /wp-admin/plugin-install.php HTTP/1.1" 200 4655 "-" "Mozilla/5.0 (Windows NT 10.0; Win64; x64) AppleWebKit/537.36 (KHTML, like Gecko) Chrome/133.0.0.0 Safari/537.36"
62.171.151.6 - - [15/Jul/2025:18:41:01 +0700] "GET /wp-admin/theme-install.php?tab=upload HTTP/1.1" 200 4655 "https://www.google.com/" "Mozilla/5.0 (Windows NT 10.0; Win64; x64) AppleWebKit/537.36 (KHTML, like Gecko) Chrome/91.0.4472.124 Safari/537.36"
62.171.151.6 - - [15/Jul/2025:18:41:02 +0700] "GET /wp-admin/ HTTP/1.1" 200 4655 "-" "Mozilla/5.0 (Windows NT 10.0; Win64; x64) AppleWebKit/537.36 (KHTML, like Gecko) Chrome/133.0.0.0 Safari/537.36"
62.171.151.6 - - [15/Jul/2025:18:41:02 +0700] "GET /wp-admin/plugin-install.php HTTP/1.1" 200 4655 "-" "Mozilla/5.0 (Windows NT 10.0; Win64; x64) AppleWebKit/537.36 (KHTML, like Gecko) Chrome/133.0.0.0 Safari/537.36"
20.171.207.237 - - [15/Jul/2025:18:41:02 +0700] "GET /?fileloc=%2Fvar%2Fwww%2Fvhosts%2Facaindustrial.co.th%2Fhttpdocs%2Fwp-admin%2Fjs%2Finline-edit-post.js&path=%2Fvar%2Fwww%2Fvhosts%2Facaindustrial.co.th%2Fhttpdocs%2Fwp-admin%2Fjs HTTP/1.1" 200 7438 "-" "Mozilla/5.0 AppleWebKit/537.36 (KHTML, like Gecko; compatible; GPTBot/1.2; +https://openai.com/gptbot)"
20.171.207.237 - - [15/Jul/2025:18:41:03 +0700] "GET /?fileloc=%2Fvar%2Fwww%2Fvhosts%2Facaindustrial.co.th%2Fhttpdocs%2Fwp-admin%2Fjs%2Finline-edit-post.min.js&path=%2Fvar%2Fwww%2Fvhosts%2Facaindustrial.co.th%2Fhttpdocs%2Fwp-admin%2Fjs HTTP/1.1" 200 4719 "-" "Mozilla/5.0 AppleWebKit/537.36 (KHTML, like Gecko; compatible; GPTBot/1.2; +https://openai.com/gptbot)"
20.171.207.237 - - [15/Jul/2025:18:41:04 +0700] "GET /?fileloc=%2Fvar%2Fwww%2Fvhosts%2Facaindustrial.co.th%2Fhttpdocs%2Fwp-admin%2Fjs%2Fplugin-install.js&path=%2Fvar%2Fwww%2Fvhosts%2Facaindustrial.co.th%2Fhttpdocs%2Fwp-admin%2Fjs HTTP/1.1" 200 4132 "-" "Mozilla/5.0 AppleWebKit/537.36 (KHTML, like Gecko; compatible; GPTBot/1.2; +https://openai.com/gptbot)"
62.171.151.6 - - [15/Jul/2025:18:41:04 +0700] "HEAD / HTTP/1.1" 200 218 "https://acaindustrial.co.th/" "Mozilla/5.0 (Windows NT 10.0; Win64; x64) AppleWebKit/537.36 (KHTML, like Gecko) Chrome/91.0.4472.124 Safari/537.36"
62.171.151.6 - - [15/Jul/2025:18:41:05 +0700] "POST /wp-login.php HTTP/1.1" 200 2457 "http://acaindustrial.co.th/wp-admin/" "Mozilla/5.0 (Windows NT 10.0; Win64; x64) AppleWebKit/537.36 (KHTML, like Gecko) Chrome/90.0.4430.85 Safari/537.36"
20.171.207.237 - - [15/Jul/2025:18:41:06 +0700] "GET /?path=%2Fvar%2Fwww%2Fvhosts%2Facaindustrial.co.th%2Fhttpdocs%2Fwp-admin%2Fcss%2Fcolors%2Flight HTTP/1.1" 200 1871 "-" "Mozilla/5.0 AppleWebKit/537.36 (KHTML, like Gecko; compatible; GPTBot/1.2; +https://openai.com/gptbot)"
54.36.149.41 - - [15/Jul/2025:18:41:06 +0700] "GET /?path=/var/www/vhosts/acaindustrial.co.th HTTP/1.1" 200 1813 "-" "Mozilla/5.0 (compatible; AhrefsBot/7.0; +http://ahrefs.com/robot/)"
20.171.207.237 - - [15/Jul/2025:18:41:07 +0700] "GET /?fileloc=%2Fvar%2Fwww%2Fvhosts%2Facaindustrial.co.th%2Fhttpdocs%2Fwp-includes%2Fcss%2Fdist%2Fedit-site%2Fstyle.min.css&path=%2Fvar%2Fwww%2Fvhosts%2Facaindustrial.co.th%2Fhttpdocs%2Fwp-includes%2Fcss%2Fdist%2Fedit-site HTTP/1.1" 200 14818 "-" "Mozilla/5.0 AppleWebKit/537.36 (KHTML, like Gecko; compatible; GPTBot/1.2; +https://openai.com/gptbot)"
