216.73.216.185 - - [15/Jul/2025:13:38:17 +0700] "GET /qc-inspection/?fileloc=%2Fvar%2Fwww%2Fvhosts%2Facaindustrial.co.th%2Fhttpdocs%2Fwp-includes%2Frest-api%2Fclass-wp-rest-response.php&path=%2Fvar%2Fwww%2Fvhosts%2Facaindustrial.co.th%2Fhttpdocs%2Fwp-includes%2Frest-api HTTP/1.1" 200 3779 "-" "Mozilla/5.0 AppleWebKit/537.36 (KHTML, like Gecko; compatible; ClaudeBot/1.0; +claudebot@anthropic.com)"
216.73.216.185 - - [15/Jul/2025:13:38:17 +0700] "GET /qc-inspection/?fileloc=%2Fvar%2Fwww%2Fvhosts%2Facaindustrial.co.th%2Fhttpdocs%2Fwp-includes%2Fjs%2Fcustomize-preview-nav-menus.js&path=%2Fvar%2Fwww%2Fvhosts%2Facaindustrial.co.th%2Fhttpdocs%2Fwp-includes%2Fjs HTTP/1.1" 200 5698 "-" "Mozilla/5.0 AppleWebKit/537.36 (KHTML, like Gecko; compatible; ClaudeBot/1.0; +claudebot@anthropic.com)"
216.73.216.185 - - [15/Jul/2025:13:39:19 +0700] "GET /qc-inspection/?fileloc=%2Fvar%2Fwww%2Fvhosts%2Facaindustrial.co.th%2Fhttpdocs%2Fwp-includes%2Fwidgets%2Fclass-wp-widget-custom-html.php&path=%2Fvar%2Fwww%2Fvhosts%2Facaindustrial.co.th%2Fhttpdocs%2Fwp-includes%2Fwidgets HTTP/1.1" 200 5639 "-" "Mozilla/5.0 AppleWebKit/537.36 (KHTML, like Gecko; compatible; ClaudeBot/1.0; +claudebot@anthropic.com)"
216.73.216.185 - - [15/Jul/2025:13:39:20 +0700] "GET /qc-inspection/?fileloc=%2Fvar%2Fwww%2Fvhosts%2Facaindustrial.co.th%2Fhttpdocs%2Fwp-includes%2Frest-api%2Fclass-wp-rest-server.php&path=%2Fvar%2Fwww%2Fvhosts%2Facaindustrial.co.th%2Fhttpdocs%2Fwp-includes%2Frest-api HTTP/1.1" 200 15358 "-" "Mozilla/5.0 AppleWebKit/537.36 (KHTML, like Gecko; compatible; ClaudeBot/1.0; +claudebot@anthropic.com)"
43.159.148.221 - - [15/Jul/2025:13:39:31 +0700] "GET /?fileloc=/var/www/vhosts/acaindustrial.co.th/httpdocs/wp-includes/cache-compat.php&path=/var/www/vhosts/acaindustrial.co.th/httpdocs/wp-includes HTTP/1.1" 200 2830 "-" "Mozilla/5.0 (iPhone; CPU iPhone OS 13_2_3 like Mac OS X) AppleWebKit/605.1.15 (KHTML, like Gecko) Version/13.0.3 Mobile/15E148 Safari/604.1"
216.73.216.185 - - [15/Jul/2025:13:40:19 +0700] "GET /qc-inspection/?fileloc=%2Fvar%2Fwww%2Fvhosts%2Facaindustrial.co.th%2Fhttpdocs%2Fwp-includes%2Fjs%2Fwp-api.js&path=%2Fvar%2Fwww%2Fvhosts%2Facaindustrial.co.th%2Fhttpdocs%2Fwp-includes%2Fjs HTTP/1.1" 200 12516 "-" "Mozilla/5.0 AppleWebKit/537.36 (KHTML, like Gecko; compatible; ClaudeBot/1.0; +claudebot@anthropic.com)"
216.73.216.185 - - [15/Jul/2025:13:40:19 +0700] "GET /qc-inspection/?fileloc=%2Fvar%2Fwww%2Fvhosts%2Facaindustrial.co.th%2Fhttpdocs%2Fwp-includes%2Fblock-patterns%2Fquery-grid-posts.php&path=%2Fvar%2Fwww%2Fvhosts%2Facaindustrial.co.th%2Fhttpdocs%2Fwp-includes%2Fblock-patterns HTTP/1.1" 200 2024 "-" "Mozilla/5.0 AppleWebKit/537.36 (KHTML, like Gecko; compatible; ClaudeBot/1.0; +claudebot@anthropic.com)"
216.73.216.185 - - [15/Jul/2025:13:41:23 +0700] "GET /qc-inspection/?fileloc=%2Fvar%2Fwww%2Fvhosts%2Facaindustrial.co.th%2Fhttpdocs%2Fwp-includes%2Fjs%2Fzxcvbn-async.js&path=%2Fvar%2Fwww%2Fvhosts%2Facaindustrial.co.th%2Fhttpdocs%2Fwp-includes%2Fjs HTTP/1.1" 200 1933 "-" "Mozilla/5.0 AppleWebKit/537.36 (KHTML, like Gecko; compatible; ClaudeBot/1.0; +claudebot@anthropic.com)"
216.73.216.185 - - [15/Jul/2025:13:41:24 +0700] "GET /qc-inspection/?fileloc=%2Fvar%2Fwww%2Fvhosts%2Facaindustrial.co.th%2Fhttpdocs%2Fwp-includes%2Fjs%2Fwp-ajax-response.js&path=%2Fvar%2Fwww%2Fvhosts%2Facaindustrial.co.th%2Fhttpdocs%2Fwp-includes%2Fjs HTTP/1.1" 200 2969 "-" "Mozilla/5.0 AppleWebKit/537.36 (KHTML, like Gecko; compatible; ClaudeBot/1.0; +claudebot@anthropic.com)"
216.73.216.185 - - [15/Jul/2025:13:42:22 +0700] "GET /qc-inspection/?fileloc=%2Fvar%2Fwww%2Fvhosts%2Facaindustrial.co.th%2Fhttpdocs%2Fwp-includes%2Fjs%2Fhoverintent-js.min.js&path=%2Fvar%2Fwww%2Fvhosts%2Facaindustrial.co.th%2Fhttpdocs%2Fwp-includes%2Fjs HTTP/1.1" 200 2255 "-" "Mozilla/5.0 AppleWebKit/537.36 (KHTML, like Gecko; compatible; ClaudeBot/1.0; +claudebot@anthropic.com)"
216.73.216.185 - - [15/Jul/2025:13:42:22 +0700] "GET /qc-inspection/?fileloc=%2Fvar%2Fwww%2Fvhosts%2Facaindustrial.co.th%2Fhttpdocs%2Fwp-includes%2Fjs%2Fwp-custom-header.min.js&path=%2Fvar%2Fwww%2Fvhosts%2Facaindustrial.co.th%2Fhttpdocs%2Fwp-includes%2Fjs HTTP/1.1" 200 3154 "-" "Mozilla/5.0 AppleWebKit/537.36 (KHTML, like Gecko; compatible; ClaudeBot/1.0; +claudebot@anthropic.com)"
216.73.216.185 - - [15/Jul/2025:13:43:12 +0700] "GET /qc-inspection/?fileloc=%2Fvar%2Fwww%2Fvhosts%2Facaindustrial.co.th%2Fhttpdocs%2Fwp-includes%2Fjs%2Fwpdialog.js&path=%2Fvar%2Fwww%2Fvhosts%2Facaindustrial.co.th%2Fhttpdocs%2Fwp-includes%2Fjs HTTP/1.1" 200 1849 "-" "Mozilla/5.0 AppleWebKit/537.36 (KHTML, like Gecko; compatible; ClaudeBot/1.0; +claudebot@anthropic.com)"
216.73.216.185 - - [15/Jul/2025:13:43:12 +0700] "GET /qc-inspection/?fileloc=%2Fvar%2Fwww%2Fvhosts%2Facaindustrial.co.th%2Fhttpdocs%2Fwp-includes%2Fblock-patterns%2Fquery-large-title-posts.php&path=%2Fvar%2Fwww%2Fvhosts%2Facaindustrial.co.th%2Fhttpdocs%2Fwp-includes%2Fblock-patterns HTTP/1.1" 200 2298 "-" "Mozilla/5.0 AppleWebKit/537.36 (KHTML, like Gecko; compatible; ClaudeBot/1.0; +claudebot@anthropic.com)"
216.73.216.185 - - [15/Jul/2025:13:43:57 +0700] "GET /qc-inspection/?fileloc=%2Fvar%2Fwww%2Fvhosts%2Facaindustrial.co.th%2Fhttpdocs%2Fwp-includes%2Fjs%2Fwp-pointer.min.js&path=%2Fvar%2Fwww%2Fvhosts%2Facaindustrial.co.th%2Fhttpdocs%2Fwp-includes%2Fjs HTTP/1.1" 200 2898 "-" "Mozilla/5.0 AppleWebKit/537.36 (KHTML, like Gecko; compatible; ClaudeBot/1.0; +claudebot@anthropic.com)"
216.73.216.185 - - [15/Jul/2025:13:43:58 +0700] "GET /qc-inspection/?fileloc=%2Fvar%2Fwww%2Fvhosts%2Facaindustrial.co.th%2Fhttpdocs%2Fwp-includes%2Fjs%2Fcustomize-loader.js&path=%2Fvar%2Fwww%2Fvhosts%2Facaindustrial.co.th%2Fhttpdocs%2Fwp-includes%2Fjs HTTP/1.1" 200 4236 "-" "Mozilla/5.0 AppleWebKit/537.36 (KHTML, like Gecko; compatible; ClaudeBot/1.0; +claudebot@anthropic.com)"
216.73.216.185 - - [15/Jul/2025:13:44:44 +0700] "GET /qc-inspection/?fileloc=%2Fvar%2Fwww%2Fvhosts%2Facaindustrial.co.th%2Fhttpdocs%2Fwp-includes%2Fjs%2Fcustomize-selective-refresh.js&path=%2Fvar%2Fwww%2Fvhosts%2Facaindustrial.co.th%2Fhttpdocs%2Fwp-includes%2Fjs HTTP/1.1" 200 10510 "-" "Mozilla/5.0 AppleWebKit/537.36 (KHTML, like Gecko; compatible; ClaudeBot/1.0; +claudebot@anthropic.com)"
216.73.216.185 - - [15/Jul/2025:13:44:44 +0700] "GET /qc-inspection/?fileloc=%2Fvar%2Fwww%2Fvhosts%2Facaindustrial.co.th%2Fhttpdocs%2Fwp-includes%2Fjs%2Futils.js&path=%2Fvar%2Fwww%2Fvhosts%2Facaindustrial.co.th%2Fhttpdocs%2Fwp-includes%2Fjs HTTP/1.1" 200 3205 "-" "Mozilla/5.0 AppleWebKit/537.36 (KHTML, like Gecko; compatible; ClaudeBot/1.0; +claudebot@anthropic.com)"
216.73.216.185 - - [15/Jul/2025:13:45:32 +0700] "GET /qc-inspection/?fileloc=%2Fvar%2Fwww%2Fvhosts%2Facaindustrial.co.th%2Fhttpdocs%2Fwp-includes%2Fjs%2Fwp-lists.js&path=%2Fvar%2Fwww%2Fvhosts%2Facaindustrial.co.th%2Fhttpdocs%2Fwp-includes%2Fjs HTTP/1.1" 200 7003 "-" "Mozilla/5.0 AppleWebKit/537.36 (KHTML, like Gecko; compatible; ClaudeBot/1.0; +claudebot@anthropic.com)"
216.73.216.185 - - [15/Jul/2025:13:45:34 +0700] "GET /qc-inspection/?fileloc=%2Fvar%2Fwww%2Fvhosts%2Facaindustrial.co.th%2Fhttpdocs%2Fwp-includes%2Fjs%2Fwp-list-revisions.js&path=%2Fvar%2Fwww%2Fvhosts%2Facaindustrial.co.th%2Fhttpdocs%2Fwp-includes%2Fjs HTTP/1.1" 200 1955 "-" "Mozilla/5.0 AppleWebKit/537.36 (KHTML, like Gecko; compatible; ClaudeBot/1.0; +claudebot@anthropic.com)"
216.73.216.185 - - [15/Jul/2025:13:46:30 +0700] "GET /qc-inspection/?fileloc=%2Fvar%2Fwww%2Fvhosts%2Facaindustrial.co.th%2Fhttpdocs%2Fwp-includes%2Fwidgets%2Fclass-wp-widget-rss.php&path=%2Fvar%2Fwww%2Fvhosts%2Facaindustrial.co.th%2Fhttpdocs%2Fwp-includes%2Fwidgets HTTP/1.1" 200 3447 "-" "Mozilla/5.0 AppleWebKit/537.36 (KHTML, like Gecko; compatible; ClaudeBot/1.0; +claudebot@anthropic.com)"
216.73.216.185 - - [15/Jul/2025:13:46:31 +0700] "GET /qc-inspection/?fileloc=%2Fvar%2Fwww%2Fvhosts%2Facaindustrial.co.th%2Fhttpdocs%2Fwp-includes%2Fblock-patterns%2Fquery-standard-posts.php&path=%2Fvar%2Fwww%2Fvhosts%2Facaindustrial.co.th%2Fhttpdocs%2Fwp-includes%2Fblock-patterns HTTP/1.1" 200 1946 "-" "Mozilla/5.0 AppleWebKit/537.36 (KHTML, like Gecko; compatible; ClaudeBot/1.0; +claudebot@anthropic.com)"
216.73.216.185 - - [15/Jul/2025:13:47:31 +0700] "GET /qc-inspection/?fileloc=%2Fvar%2Fwww%2Fvhosts%2Facaindustrial.co.th%2Fhttpdocs%2Fwp-includes%2Fwidgets%2Fclass-wp-widget-block.php&path=%2Fvar%2Fwww%2Fvhosts%2Facaindustrial.co.th%2Fhttpdocs%2Fwp-includes%2Fwidgets HTTP/1.1" 200 3491 "-" "Mozilla/5.0 AppleWebKit/537.36 (KHTML, like Gecko; compatible; ClaudeBot/1.0; +claudebot@anthropic.com)"
104.47.26.62 - - [15/Jul/2025:13:47:40 +0700] "HEAD / HTTP/1.1" 200 218 "-" "-"
216.73.216.185 - - [15/Jul/2025:13:47:30 +0700] "GET /qc-inspection/?fileloc=%2Fvar%2Fwww%2Fvhosts%2Facaindustrial.co.th%2Fhttpdocs%2Fwp-includes%2Fjs%2Fwp-util.js&path=%2Fvar%2Fwww%2Fvhosts%2Facaindustrial.co.th%2Fhttpdocs%2Fwp-includes%2Fjs HTTP/1.1" 200 3256 "-" "Mozilla/5.0 AppleWebKit/537.36 (KHTML, like Gecko; compatible; ClaudeBot/1.0; +claudebot@anthropic.com)"
216.73.216.185 - - [15/Jul/2025:13:48:33 +0700] "GET /qc-inspection/?fileloc=%2Fvar%2Fwww%2Fvhosts%2Facaindustrial.co.th%2Fhttpdocs%2Fwp-includes%2Fjs%2Fshortcode.js&path=%2Fvar%2Fwww%2Fvhosts%2Facaindustrial.co.th%2Fhttpdocs%2Fwp-includes%2Fjs HTTP/1.1" 200 5123 "-" "Mozilla/5.0 AppleWebKit/537.36 (KHTML, like Gecko; compatible; ClaudeBot/1.0; +claudebot@anthropic.com)"
216.73.216.185 - - [15/Jul/2025:13:48:33 +0700] "GET /qc-inspection/?fileloc=%2Fvar%2Fwww%2Fvhosts%2Facaindustrial.co.th%2Fhttpdocs%2Fwp-includes%2Fjs%2Fwp-embed.js&path=%2Fvar%2Fwww%2Fvhosts%2Facaindustrial.co.th%2Fhttpdocs%2Fwp-includes%2Fjs HTTP/1.1" 200 3043 "-" "Mozilla/5.0 AppleWebKit/537.36 (KHTML, like Gecko; compatible; ClaudeBot/1.0; +claudebot@anthropic.com)"
216.73.216.185 - - [15/Jul/2025:13:49:26 +0700] "GET /qc-inspection/?fileloc=%2Fvar%2Fwww%2Fvhosts%2Facaindustrial.co.th%2Fhttpdocs%2Fwp-includes%2Fjs%2Fcustomize-preview-widgets.min.js&path=%2Fvar%2Fwww%2Fvhosts%2Facaindustrial.co.th%2Fhttpdocs%2Fwp-includes%2Fjs HTTP/1.1" 200 4165 "-" "Mozilla/5.0 AppleWebKit/537.36 (KHTML, like Gecko; compatible; ClaudeBot/1.0; +claudebot@anthropic.com)"
216.73.216.185 - - [15/Jul/2025:13:49:27 +0700] "GET /qc-inspection/?fileloc=%2Fvar%2Fwww%2Fvhosts%2Facaindustrial.co.th%2Fhttpdocs%2Fwp-includes%2Fblock-patterns%2Fquery-small-posts.php&path=%2Fvar%2Fwww%2Fvhosts%2Facaindustrial.co.th%2Fhttpdocs%2Fwp-includes%2Fblock-patterns HTTP/1.1" 200 2016 "-" "Mozilla/5.0 AppleWebKit/537.36 (KHTML, like Gecko; compatible; ClaudeBot/1.0; +claudebot@anthropic.com)"
216.73.216.185 - - [15/Jul/2025:13:50:20 +0700] "GET /qc-inspection/?fileloc=%2Fvar%2Fwww%2Fvhosts%2Facaindustrial.co.th%2Fhttpdocs%2Fwp-includes%2Fjs%2Fcustomize-preview-nav-menus.min.js&path=%2Fvar%2Fwww%2Fvhosts%2Facaindustrial.co.th%2Fhttpdocs%2Fwp-includes%2Fjs HTTP/1.1" 200 3320 "-" "Mozilla/5.0 AppleWebKit/537.36 (KHTML, like Gecko; compatible; ClaudeBot/1.0; +claudebot@anthropic.com)"
43.154.250.181 - - [15/Jul/2025:13:50:24 +0700] "GET /?fileloc=/var/www/vhosts/acaindustrial.co.th/httpdocs/wp-includes/class-feed.php&path=/var/www/vhosts/acaindustrial.co.th/httpdocs/wp-includes HTTP/1.1" 200 1728 "-" "Mozilla/5.0 (iPhone; CPU iPhone OS 13_2_3 like Mac OS X) AppleWebKit/605.1.15 (KHTML, like Gecko) Version/13.0.3 Mobile/15E148 Safari/604.1"
216.73.216.185 - - [15/Jul/2025:13:50:19 +0700] "GET /qc-inspection/?fileloc=%2Fvar%2Fwww%2Fvhosts%2Facaindustrial.co.th%2Fhttpdocs%2Fwp-includes%2Fjs%2Fcustomize-preview.js&path=%2Fvar%2Fwww%2Fvhosts%2Facaindustrial.co.th%2Fhttpdocs%2Fwp-includes%2Fjs HTTP/1.1" 200 9007 "-" "Mozilla/5.0 AppleWebKit/537.36 (KHTML, like Gecko; compatible; ClaudeBot/1.0; +claudebot@anthropic.com)"
216.73.216.185 - - [15/Jul/2025:13:51:15 +0700] "GET /qc-inspection/?fileloc=%2Fvar%2Fwww%2Fvhosts%2Facaindustrial.co.th%2Fhttpdocs%2Fwp-includes%2Fjs%2FhoverIntent.js&path=%2Fvar%2Fwww%2Fvhosts%2Facaindustrial.co.th%2Fhttpdocs%2Fwp-includes%2Fjs HTTP/1.1" 200 3978 "-" "Mozilla/5.0 AppleWebKit/537.36 (KHTML, like Gecko; compatible; ClaudeBot/1.0; +claudebot@anthropic.com)"
216.73.216.185 - - [15/Jul/2025:13:51:15 +0700] "GET /qc-inspection/?fileloc=%2Fvar%2Fwww%2Fvhosts%2Facaindustrial.co.th%2Fhttpdocs%2Fwp-includes%2Fjs%2Fcustomize-views.js&path=%2Fvar%2Fwww%2Fvhosts%2Facaindustrial.co.th%2Fhttpdocs%2Fwp-includes%2Fjs HTTP/1.1" 200 2963 "-" "Mozilla/5.0 AppleWebKit/537.36 (KHTML, like Gecko; compatible; ClaudeBot/1.0; +claudebot@anthropic.com)"
3.81.230.44 - - [15/Jul/2025:13:51:12 +0700] "GET /onsite-service/ HTTP/1.1" 200 2457 "-" "Mozilla/5.0 (Windows NT 10.0; Win64; x64) AppleWebKit/537.36 (KHTML, like Gecko) Chrome/86.0.4240.75 Safari/537.36"
3.81.230.44 - - [15/Jul/2025:13:51:12 +0700] "GET /milling/ HTTP/1.1" 200 2457 "-" "Mozilla/5.0 (Windows NT 10.0; Win64; x64) AppleWebKit/537.36 (KHTML, like Gecko) Chrome/86.0.4240.75 Safari/537.36"
216.73.216.185 - - [15/Jul/2025:13:52:11 +0700] "GET /qc-inspection/?fileloc=%2Fvar%2Fwww%2Fvhosts%2Facaindustrial.co.th%2Fhttpdocs%2Fwp-includes%2Fjs%2Fwp-api.min.js&path=%2Fvar%2Fwww%2Fvhosts%2Facaindustrial.co.th%2Fhttpdocs%2Fwp-includes%2Fjs HTTP/1.1" 200 5789 "-" "Mozilla/5.0 AppleWebKit/537.36 (KHTML, like Gecko; compatible; ClaudeBot/1.0; +claudebot@anthropic.com)"
216.73.216.185 - - [15/Jul/2025:13:52:11 +0700] "GET /qc-inspection/?fileloc=%2Fvar%2Fwww%2Fvhosts%2Facaindustrial.co.th%2Fhttpdocs%2Fwp-includes%2Fjs%2Fcustomize-base.js&path=%2Fvar%2Fwww%2Fvhosts%2Facaindustrial.co.th%2Fhttpdocs%2Fwp-includes%2Fjs HTTP/1.1" 200 8702 "-" "Mozilla/5.0 AppleWebKit/537.36 (KHTML, like Gecko; compatible; ClaudeBot/1.0; +claudebot@anthropic.com)"
216.73.216.185 - - [15/Jul/2025:13:53:01 +0700] "GET /qc-inspection/?fileloc=%2Fvar%2Fwww%2Fvhosts%2Facaindustrial.co.th%2Fhttpdocs%2Fwp-includes%2Fjs%2Fzxcvbn-async.min.js&path=%2Fvar%2Fwww%2Fvhosts%2Facaindustrial.co.th%2Fhttpdocs%2Fwp-includes%2Fjs HTTP/1.1" 200 1762 "-" "Mozilla/5.0 AppleWebKit/537.36 (KHTML, like Gecko; compatible; ClaudeBot/1.0; +claudebot@anthropic.com)"
216.73.216.185 - - [15/Jul/2025:13:53:01 +0700] "GET /qc-inspection/?fileloc=%2Fvar%2Fwww%2Fvhosts%2Facaindustrial.co.th%2Fhttpdocs%2Fwp-includes%2Fjs%2Fwp-ajax-response.min.js&path=%2Fvar%2Fwww%2Fvhosts%2Facaindustrial.co.th%2Fhttpdocs%2Fwp-includes%2Fjs HTTP/1.1" 200 2644 "-" "Mozilla/5.0 AppleWebKit/537.36 (KHTML, like Gecko; compatible; ClaudeBot/1.0; +claudebot@anthropic.com)"
216.73.216.185 - - [15/Jul/2025:13:53:48 +0700] "GET /qc-inspection/?fileloc=%2Fvar%2Fwww%2Fvhosts%2Facaindustrial.co.th%2Fhttpdocs%2Fwp-includes%2Fjs%2Fcustomize-models.js&path=%2Fvar%2Fwww%2Fvhosts%2Facaindustrial.co.th%2Fhttpdocs%2Fwp-includes%2Fjs HTTP/1.1" 200 3495 "-" "Mozilla/5.0 AppleWebKit/537.36 (KHTML, like Gecko; compatible; ClaudeBot/1.0; +claudebot@anthropic.com)"
216.73.216.185 - - [15/Jul/2025:13:53:49 +0700] "GET /qc-inspection/?fileloc=%2Fvar%2Fwww%2Fvhosts%2Facaindustrial.co.th%2Fhttpdocs%2Fwp-includes%2Fwidgets%2Fclass-wp-nav-menu-widget.php&path=%2Fvar%2Fwww%2Fvhosts%2Facaindustrial.co.th%2Fhttpdocs%2Fwp-includes%2Fwidgets HTTP/1.1" 200 3776 "-" "Mozilla/5.0 AppleWebKit/537.36 (KHTML, like Gecko; compatible; ClaudeBot/1.0; +claudebot@anthropic.com)"
136.226.236.92 - - [15/Jul/2025:13:54:32 +0700] "GET / HTTP/1.1" 200 2401 "https://www.google.com/" "Mozilla/5.0 (Windows NT 10.0; Win64; x64) AppleWebKit/537.36 (KHTML, like Gecko) Chrome/138.0.0.0 Safari/537.36 Edg/138.0.0.0"
136.226.236.92 - - [15/Jul/2025:13:54:33 +0700] "GET /favicon.ico HTTP/1.1" 200 2401 "http://www.acaindustrial.co.th/" "Mozilla/5.0 (Windows NT 10.0; Win64; x64) AppleWebKit/537.36 (KHTML, like Gecko) Chrome/138.0.0.0 Safari/537.36 Edg/138.0.0.0"
216.73.216.185 - - [15/Jul/2025:13:54:40 +0700] "GET /qc-inspection/?fileloc=%2Fvar%2Fwww%2Fvhosts%2Facaindustrial.co.th%2Fhttpdocs%2Fwp-includes%2Fwidgets%2Fclass-wp-widget-recent-posts.php&path=%2Fvar%2Fwww%2Fvhosts%2Facaindustrial.co.th%2Fhttpdocs%2Fwp-includes%2Fwidgets HTTP/1.1" 200 3453 "-" "Mozilla/5.0 AppleWebKit/537.36 (KHTML, like Gecko; compatible; ClaudeBot/1.0; +claudebot@anthropic.com)"
216.73.216.185 - - [15/Jul/2025:13:54:41 +0700] "GET /qc-inspection/?fileloc=%2Fvar%2Fwww%2Fvhosts%2Facaindustrial.co.th%2Fhttpdocs%2Fwp-includes%2Fjs%2Fcustomize-loader.min.js&path=%2Fvar%2Fwww%2Fvhosts%2Facaindustrial.co.th%2Fhttpdocs%2Fwp-includes%2Fjs HTTP/1.1" 200 2938 "-" "Mozilla/5.0 AppleWebKit/537.36 (KHTML, like Gecko; compatible; ClaudeBot/1.0; +claudebot@anthropic.com)"
136.226.236.92 - - [15/Jul/2025:13:54:42 +0700] "GET / HTTP/1.1" 200 2401 "https://www.google.com/" "Mozilla/5.0 (Windows NT 10.0; Win64; x64) AppleWebKit/537.36 (KHTML, like Gecko) Chrome/138.0.0.0 Safari/537.36 Edg/138.0.0.0"
136.226.236.92 - - [15/Jul/2025:13:54:42 +0700] "GET /favicon.ico HTTP/1.1" 200 2401 "http://www.acaindustrial.co.th/" "Mozilla/5.0 (Windows NT 10.0; Win64; x64) AppleWebKit/537.36 (KHTML, like Gecko) Chrome/138.0.0.0 Safari/537.36 Edg/138.0.0.0"
54.36.148.113 - - [15/Jul/2025:13:54:49 +0700] "GET /?fileloc=/var/www/vhosts/acaindustrial.co.th/httpdocs/wp-login.php&path=/var/www/vhosts/acaindustrial.co.th/httpdocs HTTP/1.1" 200 14371 "-" "Mozilla/5.0 (compatible; AhrefsBot/7.0; +http://ahrefs.com/robot/)"
85.208.96.207 - - [15/Jul/2025:13:55:17 +0700] "GET /robots.txt HTTP/1.1" 200 2420 "-" "Mozilla/5.0 (compatible; SemrushBot/7~bl; +http://www.semrush.com/bot.html)"
185.191.171.15 - - [15/Jul/2025:13:55:19 +0700] "GET /2025/06/14/betsixty-beoordeling-gokspellen-bonussen-betalingen-en-terugtrekkingen/ HTTP/1.1" 200 2420 "-" "Mozilla/5.0 (compatible; SemrushBot/7~bl; +http://www.semrush.com/bot.html)"
103.72.96.232 - - [15/Jul/2025:13:55:28 +0700] "POST /xmlrpc.php HTTP/1.1" 200 2420 "-" "Mozilla/5.0 (X11; Ubuntu; Linux x86_64; rv:85.0) Gecko/20100101 Firefox/91.0"
216.73.216.185 - - [15/Jul/2025:13:55:31 +0700] "GET /qc-inspection/?fileloc=%2Fvar%2Fwww%2Fvhosts%2Facaindustrial.co.th%2Fhttpdocs%2Fwp-includes%2Fjs%2Fwpdialog.min.js&path=%2Fvar%2Fwww%2Fvhosts%2Facaindustrial.co.th%2Fhttpdocs%2Fwp-includes%2Fjs HTTP/1.1" 200 1720 "-" "Mozilla/5.0 AppleWebKit/537.36 (KHTML, like Gecko; compatible; ClaudeBot/1.0; +claudebot@anthropic.com)"
216.73.216.185 - - [15/Jul/2025:13:55:31 +0700] "GET /qc-inspection/?fileloc=%2Fvar%2Fwww%2Fvhosts%2Facaindustrial.co.th%2Fhttpdocs%2Fwp-includes%2Fblock-patterns%2Fquery-medium-posts.php&path=%2Fvar%2Fwww%2Fvhosts%2Facaindustrial.co.th%2Fhttpdocs%2Fwp-includes%2Fblock-patterns HTTP/1.1" 200 2003 "-" "Mozilla/5.0 AppleWebKit/537.36 (KHTML, like Gecko; compatible; ClaudeBot/1.0; +claudebot@anthropic.com)"
216.73.216.185 - - [15/Jul/2025:13:56:21 +0700] "GET /qc-inspection/?fileloc=%2Fvar%2Fwww%2Fvhosts%2Facaindustrial.co.th%2Fhttpdocs%2Fwp-includes%2Fwidgets%2Fclass-wp-widget-pages.php&path=%2Fvar%2Fwww%2Fvhosts%2Facaindustrial.co.th%2Fhttpdocs%2Fwp-includes%2Fwidgets HTTP/1.1" 200 3317 "-" "Mozilla/5.0 AppleWebKit/537.36 (KHTML, like Gecko; compatible; ClaudeBot/1.0; +claudebot@anthropic.com)"
216.73.216.185 - - [15/Jul/2025:13:56:22 +0700] "GET /qc-inspection/?fileloc=%2Fvar%2Fwww%2Fvhosts%2Facaindustrial.co.th%2Fhttpdocs%2Fwp-includes%2Fjs%2Fmedia-editor.js&path=%2Fvar%2Fwww%2Fvhosts%2Facaindustrial.co.th%2Fhttpdocs%2Fwp-includes%2Fjs HTTP/1.1" 200 9213 "-" "Mozilla/5.0 AppleWebKit/537.36 (KHTML, like Gecko; compatible; ClaudeBot/1.0; +claudebot@anthropic.com)"
216.73.216.185 - - [15/Jul/2025:13:57:19 +0700] "GET /qc-inspection/?fileloc=%2Fvar%2Fwww%2Fvhosts%2Facaindustrial.co.th%2Fhttpdocs%2Fwp-includes%2Fjs%2Futils.min.js&path=%2Fvar%2Fwww%2Fvhosts%2Facaindustrial.co.th%2Fhttpdocs%2Fwp-includes%2Fjs HTTP/1.1" 200 2358 "-" "Mozilla/5.0 AppleWebKit/537.36 (KHTML, like Gecko; compatible; ClaudeBot/1.0; +claudebot@anthropic.com)"
216.73.216.185 - - [15/Jul/2025:13:57:19 +0700] "GET /qc-inspection/?fileloc=%2Fvar%2Fwww%2Fvhosts%2Facaindustrial.co.th%2Fhttpdocs%2Fwp-includes%2Fjs%2Fcustomize-selective-refresh.min.js&path=%2Fvar%2Fwww%2Fvhosts%2Facaindustrial.co.th%2Fhttpdocs%2Fwp-includes%2Fjs HTTP/1.1" 200 5223 "-" "Mozilla/5.0 AppleWebKit/537.36 (KHTML, like Gecko; compatible; ClaudeBot/1.0; +claudebot@anthropic.com)"
66.249.70.2 - - [15/Jul/2025:13:57:26 +0700] "GET /?fileloc=/var/www/vhosts/acaindustrial.co.th/httpdocs/wp-trackback.php&path=/var/www/vhosts/acaindustrial.co.th/httpdocs HTTP/1.1" 200 3315 "-" "Mozilla/5.0 (Linux; Android 6.0.1; Nexus 5X Build/MMB29P) AppleWebKit/537.36 (KHTML, like Gecko) Chrome/137.0.7151.103 Mobile Safari/537.36 (compatible; Googlebot/2.1; +http://www.google.com/bot.html)"
216.73.216.185 - - [15/Jul/2025:13:58:03 +0700] "GET /qc-inspection/?fileloc=%2Fvar%2Fwww%2Fvhosts%2Facaindustrial.co.th%2Fhttpdocs%2Fwp-includes%2Fjs%2Fwp-embed.min.js&path=%2Fvar%2Fwww%2Fvhosts%2Facaindustrial.co.th%2Fhttpdocs%2Fwp-includes%2Fjs HTTP/1.1" 200 2370 "-" "Mozilla/5.0 AppleWebKit/537.36 (KHTML, like Gecko; compatible; ClaudeBot/1.0; +claudebot@anthropic.com)"
216.73.216.185 - - [15/Jul/2025:13:58:03 +0700] "GET /qc-inspection/?fileloc=%2Fvar%2Fwww%2Fvhosts%2Facaindustrial.co.th%2Fhttpdocs%2Fwp-includes%2Fjs%2Fwp-list-revisions.min.js&path=%2Fvar%2Fwww%2Fvhosts%2Facaindustrial.co.th%2Fhttpdocs%2Fwp-includes%2Fjs HTTP/1.1" 200 1884 "-" "Mozilla/5.0 AppleWebKit/537.36 (KHTML, like Gecko; compatible; ClaudeBot/1.0; +claudebot@anthropic.com)"
216.73.216.185 - - [15/Jul/2025:13:58:47 +0700] "GET /qc-inspection/?fileloc=%2Fvar%2Fwww%2Fvhosts%2Facaindustrial.co.th%2Fhttpdocs%2Fwp-includes%2Fwidgets%2Fclass-wp-widget-text.php&path=%2Fvar%2Fwww%2Fvhosts%2Facaindustrial.co.th%2Fhttpdocs%2Fwp-includes%2Fwidgets HTTP/1.1" 200 7931 "-" "Mozilla/5.0 AppleWebKit/537.36 (KHTML, like Gecko; compatible; ClaudeBot/1.0; +claudebot@anthropic.com)"
216.73.216.185 - - [15/Jul/2025:13:58:47 +0700] "GET /qc-inspection/?fileloc=%2Fvar%2Fwww%2Fvhosts%2Facaindustrial.co.th%2Fhttpdocs%2Fwp-includes%2Fjs%2Fshortcode.min.js&path=%2Fvar%2Fwww%2Fvhosts%2Facaindustrial.co.th%2Fhttpdocs%2Fwp-includes%2Fjs HTTP/1.1" 200 2728 "-" "Mozilla/5.0 AppleWebKit/537.36 (KHTML, like Gecko; compatible; ClaudeBot/1.0; +claudebot@anthropic.com)"
216.73.216.185 - - [15/Jul/2025:13:59:39 +0700] "GET /qc-inspection/?fileloc=%2Fvar%2Fwww%2Fvhosts%2Facaindustrial.co.th%2Fhttpdocs%2Fwp-includes%2Fjs%2Fwp-sanitize.js&path=%2Fvar%2Fwww%2Fvhosts%2Facaindustrial.co.th%2Fhttpdocs%2Fwp-includes%2Fjs HTTP/1.1" 200 2092 "-" "Mozilla/5.0 AppleWebKit/537.36 (KHTML, like Gecko; compatible; ClaudeBot/1.0; +claudebot@anthropic.com)"
216.73.216.185 - - [15/Jul/2025:13:59:40 +0700] "GET /qc-inspection/?fileloc=%2Fvar%2Fwww%2Fvhosts%2Facaindustrial.co.th%2Fhttpdocs%2Fwp-includes%2Fjs%2Fwp-lists.min.js&path=%2Fvar%2Fwww%2Fvhosts%2Facaindustrial.co.th%2Fhttpdocs%2Fwp-includes%2Fjs HTTP/1.1" 200 4154 "-" "Mozilla/5.0 AppleWebKit/537.36 (KHTML, like Gecko; compatible; ClaudeBot/1.0; +claudebot@anthropic.com)"
43.131.32.36 - - [15/Jul/2025:14:00:02 +0700] "GET /?fileloc=/var/www/vhosts/acaindustrial.co.th/httpdocs/wp-includes/css/buttons.min.css&path=/var/www/vhosts/acaindustrial.co.th/httpdocs/wp-includes/css HTTP/1.1" 200 2866 "-" "Mozilla/5.0 (iPhone; CPU iPhone OS 13_2_3 like Mac OS X) AppleWebKit/605.1.15 (KHTML, like Gecko) Version/13.0.3 Mobile/15E148 Safari/604.1"
216.73.216.185 - - [15/Jul/2025:14:00:39 +0700] "GET /qc-inspection/?fileloc=%2Fvar%2Fwww%2Fvhosts%2Facaindustrial.co.th%2Fhttpdocs%2Fwp-includes%2Fwidgets%2Fclass-wp-widget-links.php&path=%2Fvar%2Fwww%2Fvhosts%2Facaindustrial.co.th%2Fhttpdocs%2Fwp-includes%2Fwidgets HTTP/1.1" 200 3483 "-" "Mozilla/5.0 AppleWebKit/537.36 (KHTML, like Gecko; compatible; ClaudeBot/1.0; +claudebot@anthropic.com)"
216.73.216.185 - - [15/Jul/2025:14:00:39 +0700] "GET /qc-inspection/?fileloc=%2Fvar%2Fwww%2Fvhosts%2Facaindustrial.co.th%2Fhttpdocs%2Fwp-includes%2Fwidgets%2Fclass-wp-widget-categories.php&path=%2Fvar%2Fwww%2Fvhosts%2Facaindustrial.co.th%2Fhttpdocs%2Fwp-includes%2Fwidgets HTTP/1.1" 200 3690 "-" "Mozilla/5.0 AppleWebKit/537.36 (KHTML, like Gecko; compatible; ClaudeBot/1.0; +claudebot@anthropic.com)"
216.73.216.185 - - [15/Jul/2025:14:01:43 +0700] "GET /robots.txt HTTP/1.1" 200 2457 "-" "Mozilla/5.0 AppleWebKit/537.36 (KHTML, like Gecko; compatible; ClaudeBot/1.0; +claudebot@anthropic.com)"
216.73.216.185 - - [15/Jul/2025:14:01:43 +0700] "GET /qc-inspection/?fileloc=%2Fvar%2Fwww%2Fvhosts%2Facaindustrial.co.th%2Fhttpdocs%2Fwp-includes%2Fjs%2Fwp-auth-check.js&path=%2Fvar%2Fwww%2Fvhosts%2Facaindustrial.co.th%2Fhttpdocs%2Fwp-includes%2Fjs HTTP/1.1" 200 3141 "-" "Mozilla/5.0 AppleWebKit/537.36 (KHTML, like Gecko; compatible; ClaudeBot/1.0; +claudebot@anthropic.com)"
216.73.216.185 - - [15/Jul/2025:14:01:44 +0700] "GET /qc-inspection/?fileloc=%2Fvar%2Fwww%2Fvhosts%2Facaindustrial.co.th%2Fhttpdocs%2Fwp-includes%2Fjs%2Fwp-util.min.js&path=%2Fvar%2Fwww%2Fvhosts%2Facaindustrial.co.th%2Fhttpdocs%2Fwp-includes%2Fjs HTTP/1.1" 200 2294 "-" "Mozilla/5.0 AppleWebKit/537.36 (KHTML, like Gecko; compatible; ClaudeBot/1.0; +claudebot@anthropic.com)"
216.73.216.185 - - [15/Jul/2025:14:02:42 +0700] "GET /qc-inspection/?fileloc=%2Fvar%2Fwww%2Fvhosts%2Facaindustrial.co.th%2Fhttpdocs%2Fwp-includes%2Fjs%2Fwp-backbone.js&path=%2Fvar%2Fwww%2Fvhosts%2Facaindustrial.co.th%2Fhttpdocs%2Fwp-includes%2Fjs HTTP/1.1" 200 5188 "-" "Mozilla/5.0 AppleWebKit/537.36 (KHTML, like Gecko; compatible; ClaudeBot/1.0; +claudebot@anthropic.com)"
216.73.216.185 - - [15/Jul/2025:14:02:42 +0700] "GET /qc-inspection/?fileloc=%2Fvar%2Fwww%2Fvhosts%2Facaindustrial.co.th%2Fhttpdocs%2Fwp-includes%2Fjs%2Fadmin-bar.js&path=%2Fvar%2Fwww%2Fvhosts%2Facaindustrial.co.th%2Fhttpdocs%2Fwp-includes%2Fjs HTTP/1.1" 200 4368 "-" "Mozilla/5.0 AppleWebKit/537.36 (KHTML, like Gecko; compatible; ClaudeBot/1.0; +claudebot@anthropic.com)"
216.73.216.185 - - [15/Jul/2025:14:03:40 +0700] "GET /qc-inspection/?fileloc=%2Fvar%2Fwww%2Fvhosts%2Facaindustrial.co.th%2Fhttpdocs%2Fwp-includes%2Fjs%2Fwplink.js&path=%2Fvar%2Fwww%2Fvhosts%2Facaindustrial.co.th%2Fhttpdocs%2Fwp-includes%2Fjs HTTP/1.1" 200 7603 "-" "Mozilla/5.0 AppleWebKit/537.36 (KHTML, like Gecko; compatible; ClaudeBot/1.0; +claudebot@anthropic.com)"
216.73.216.185 - - [15/Jul/2025:14:03:40 +0700] "GET /qc-inspection/?fileloc=%2Fvar%2Fwww%2Fvhosts%2Facaindustrial.co.th%2Fhttpdocs%2Fwp-includes%2Fjs%2Fcustomize-preview.min.js&path=%2Fvar%2Fwww%2Fvhosts%2Facaindustrial.co.th%2Fhttpdocs%2Fwp-includes%2Fjs HTTP/1.1" 200 4705 "-" "Mozilla/5.0 AppleWebKit/537.36 (KHTML, like Gecko; compatible; ClaudeBot/1.0; +claudebot@anthropic.com)"
216.73.216.185 - - [15/Jul/2025:14:04:32 +0700] "GET /qc-inspection/?fileloc=%2Fvar%2Fwww%2Fvhosts%2Facaindustrial.co.th%2Fhttpdocs%2Fwp-includes%2Fjs%2Fcustomize-views.min.js&path=%2Fvar%2Fwww%2Fvhosts%2Facaindustrial.co.th%2Fhttpdocs%2Fwp-includes%2Fjs HTTP/1.1" 200 2409 "-" "Mozilla/5.0 AppleWebKit/537.36 (KHTML, like Gecko; compatible; ClaudeBot/1.0; +claudebot@anthropic.com)"
216.73.216.185 - - [15/Jul/2025:14:04:32 +0700] "GET /qc-inspection/?fileloc=%2Fvar%2Fwww%2Fvhosts%2Facaindustrial.co.th%2Fhttpdocs%2Fwp-includes%2Fjs%2Fbackbone.js&path=%2Fvar%2Fwww%2Fvhosts%2Facaindustrial.co.th%2Fhttpdocs%2Fwp-includes%2Fjs HTTP/1.1" 200 23546 "-" "Mozilla/5.0 AppleWebKit/537.36 (KHTML, like Gecko; compatible; ClaudeBot/1.0; +claudebot@anthropic.com)"
216.73.216.185 - - [15/Jul/2025:14:05:15 +0700] "GET /qc-inspection/?fileloc=%2Fvar%2Fwww%2Fvhosts%2Facaindustrial.co.th%2Fhttpdocs%2Fwp-includes%2Fjs%2FhoverIntent.min.js&path=%2Fvar%2Fwww%2Fvhosts%2Facaindustrial.co.th%2Fhttpdocs%2Fwp-includes%2Fjs HTTP/1.1" 200 2245 "-" "Mozilla/5.0 AppleWebKit/537.36 (KHTML, like Gecko; compatible; ClaudeBot/1.0; +claudebot@anthropic.com)"
216.73.216.185 - - [15/Jul/2025:14:05:15 +0700] "GET /qc-inspection/?fileloc=%2Fvar%2Fwww%2Fvhosts%2Facaindustrial.co.th%2Fhttpdocs%2Fwp-includes%2Fjs%2Fwp-embed-template.js&path=%2Fvar%2Fwww%2Fvhosts%2Facaindustrial.co.th%2Fhttpdocs%2Fwp-includes%2Fjs HTTP/1.1" 200 3395 "-" "Mozilla/5.0 AppleWebKit/537.36 (KHTML, like Gecko; compatible; ClaudeBot/1.0; +claudebot@anthropic.com)"
216.73.216.185 - - [15/Jul/2025:14:06:03 +0700] "GET /qc-inspection/?fileloc=%2Fvar%2Fwww%2Fvhosts%2Facaindustrial.co.th%2Fhttpdocs%2Fwp-includes%2Fjs%2Fcustomize-base.min.js&path=%2Fvar%2Fwww%2Fvhosts%2Facaindustrial.co.th%2Fhttpdocs%2Fwp-includes%2Fjs HTTP/1.1" 200 4072 "-" "Mozilla/5.0 AppleWebKit/537.36 (KHTML, like Gecko; compatible; ClaudeBot/1.0; +claudebot@anthropic.com)"
216.73.216.185 - - [15/Jul/2025:14:06:03 +0700] "GET /qc-inspection/?fileloc=%2Fvar%2Fwww%2Fvhosts%2Facaindustrial.co.th%2Fhttpdocs%2Fwp-includes%2Fjs%2Fjson2.js&path=%2Fvar%2Fwww%2Fvhosts%2Facaindustrial.co.th%2Fhttpdocs%2Fwp-includes%2Fjs HTTP/1.1" 200 7183 "-" "Mozilla/5.0 AppleWebKit/537.36 (KHTML, like Gecko; compatible; ClaudeBot/1.0; +claudebot@anthropic.com)"
216.73.216.185 - - [15/Jul/2025:14:07:13 +0700] "GET /qc-inspection/?fileloc=%2Fvar%2Fwww%2Fvhosts%2Facaindustrial.co.th%2Fhttpdocs%2Fwp-includes%2Fjs%2Ftw-sack.js&path=%2Fvar%2Fwww%2Fvhosts%2Facaindustrial.co.th%2Fhttpdocs%2Fwp-includes%2Fjs HTTP/1.1" 200 3058 "-" "Mozilla/5.0 AppleWebKit/537.36 (KHTML, like Gecko; compatible; ClaudeBot/1.0; +claudebot@anthropic.com)"
216.73.216.185 - - [15/Jul/2025:14:07:13 +0700] "GET /qc-inspection/?fileloc=%2Fvar%2Fwww%2Fvhosts%2Facaindustrial.co.th%2Fhttpdocs%2Fwp-includes%2Fwidgets%2Fclass-wp-widget-search.php&path=%2Fvar%2Fwww%2Fvhosts%2Facaindustrial.co.th%2Fhttpdocs%2Fwp-includes%2Fwidgets HTTP/1.1" 200 2498 "-" "Mozilla/5.0 AppleWebKit/537.36 (KHTML, like Gecko; compatible; ClaudeBot/1.0; +claudebot@anthropic.com)"
43.156.156.96 - - [15/Jul/2025:14:07:50 +0700] "GET /?fileloc=/var/www/vhosts/acaindustrial.co.th/httpdocs/wp-includes/css/wp-embed-template-ie.css&path=/var/www/vhosts/acaindustrial.co.th/httpdocs/wp-includes/css HTTP/1.1" 200 2286 "-" "Mozilla/5.0 (iPhone; CPU iPhone OS 13_2_3 like Mac OS X) AppleWebKit/605.1.15 (KHTML, like Gecko) Version/13.0.3 Mobile/15E148 Safari/604.1"
216.73.216.185 - - [15/Jul/2025:14:08:05 +0700] "GET /qc-inspection/?fileloc=%2Fvar%2Fwww%2Fvhosts%2Facaindustrial.co.th%2Fhttpdocs%2Fwp-includes%2Fjs%2Fmce-view.js&path=%2Fvar%2Fwww%2Fvhosts%2Facaindustrial.co.th%2Fhttpdocs%2Fwp-includes%2Fjs HTTP/1.1" 200 8672 "-" "Mozilla/5.0 AppleWebKit/537.36 (KHTML, like Gecko; compatible; ClaudeBot/1.0; +claudebot@anthropic.com)"
216.73.216.185 - - [15/Jul/2025:14:08:05 +0700] "GET /qc-inspection/?fileloc=%2Fvar%2Fwww%2Fvhosts%2Facaindustrial.co.th%2Fhttpdocs%2Fwp-includes%2Fjs%2Fcustomize-models.min.js&path=%2Fvar%2Fwww%2Fvhosts%2Facaindustrial.co.th%2Fhttpdocs%2Fwp-includes%2Fjs HTTP/1.1" 200 2732 "-" "Mozilla/5.0 AppleWebKit/537.36 (KHTML, like Gecko; compatible; ClaudeBot/1.0; +claudebot@anthropic.com)"
216.73.216.185 - - [15/Jul/2025:14:08:47 +0700] "GET /qc-inspection/?fileloc=%2Fvar%2Fwww%2Fvhosts%2Facaindustrial.co.th%2Fhttpdocs%2Fwp-includes%2Fwidgets%2Fclass-wp-widget-archives.php&path=%2Fvar%2Fwww%2Fvhosts%2Facaindustrial.co.th%2Fhttpdocs%2Fwp-includes%2Fwidgets HTTP/1.1" 200 3595 "-" "Mozilla/5.0 AppleWebKit/537.36 (KHTML, like Gecko; compatible; ClaudeBot/1.0; +claudebot@anthropic.com)"
216.73.216.185 - - [15/Jul/2025:14:09:33 +0700] "GET /qc-inspection/?fileloc=%2Fvar%2Fwww%2Fvhosts%2Facaindustrial.co.th%2Fhttpdocs%2Fwp-includes%2Fjs%2Fmedia-editor.min.js&path=%2Fvar%2Fwww%2Fvhosts%2Facaindustrial.co.th%2Fhttpdocs%2Fwp-includes%2Fjs HTTP/1.1" 200 5265 "-" "Mozilla/5.0 AppleWebKit/537.36 (KHTML, like Gecko; compatible; ClaudeBot/1.0; +claudebot@anthropic.com)"
216.73.216.185 - - [15/Jul/2025:14:10:24 +0700] "GET /qc-inspection/?fileloc=%2Fvar%2Fwww%2Fvhosts%2Facaindustrial.co.th%2Fhttpdocs%2Fwp-includes%2Fjs%2Fwp-emoji-loader.js&path=%2Fvar%2Fwww%2Fvhosts%2Facaindustrial.co.th%2Fhttpdocs%2Fwp-includes%2Fjs HTTP/1.1" 200 5268 "-" "Mozilla/5.0 AppleWebKit/537.36 (KHTML, like Gecko; compatible; ClaudeBot/1.0; +claudebot@anthropic.com)"
216.73.216.185 - - [15/Jul/2025:14:11:23 +0700] "GET /qc-inspection/?fileloc=%2Fvar%2Fwww%2Fvhosts%2Facaindustrial.co.th%2Fhttpdocs%2Fwp-includes%2Fjs%2Fcolorpicker.js&path=%2Fvar%2Fwww%2Fvhosts%2Facaindustrial.co.th%2Fhttpdocs%2Fwp-includes%2Fjs HTTP/1.1" 200 10376 "-" "Mozilla/5.0 AppleWebKit/537.36 (KHTML, like Gecko; compatible; ClaudeBot/1.0; +claudebot@anthropic.com)"
216.73.216.185 - - [15/Jul/2025:14:12:20 +0700] "GET /qc-inspection/?fileloc=%2Fvar%2Fwww%2Fvhosts%2Facaindustrial.co.th%2Fhttpdocs%2Fwp-includes%2Fwidgets%2Fclass-wp-widget-meta.php&path=%2Fvar%2Fwww%2Fvhosts%2Facaindustrial.co.th%2Fhttpdocs%2Fwp-includes%2Fwidgets HTTP/1.1" 200 3035 "-" "Mozilla/5.0 AppleWebKit/537.36 (KHTML, like Gecko; compatible; ClaudeBot/1.0; +claudebot@anthropic.com)"
216.73.216.185 - - [15/Jul/2025:14:13:03 +0700] "GET /qc-inspection/?fileloc=%2Fvar%2Fwww%2Fvhosts%2Facaindustrial.co.th%2Fhttpdocs%2Fwp-includes%2Fjs%2Fclipboard.js&path=%2Fvar%2Fwww%2Fvhosts%2Facaindustrial.co.th%2Fhttpdocs%2Fwp-includes%2Fjs HTTP/1.1" 200 8508 "-" "Mozilla/5.0 AppleWebKit/537.36 (KHTML, like Gecko; compatible; ClaudeBot/1.0; +claudebot@anthropic.com)"
216.73.216.185 - - [15/Jul/2025:14:14:03 +0700] "GET /qc-inspection/?fileloc=%2Fvar%2Fwww%2Fvhosts%2Facaindustrial.co.th%2Fhttpdocs%2Fwp-includes%2Fwidgets%2Fclass-wp-widget-media-image.php&path=%2Fvar%2Fwww%2Fvhosts%2Facaindustrial.co.th%2Fhttpdocs%2Fwp-includes%2Fwidgets HTTP/1.1" 200 5096 "-" "Mozilla/5.0 AppleWebKit/537.36 (KHTML, like Gecko; compatible; ClaudeBot/1.0; +claudebot@anthropic.com)"
216.73.216.185 - - [15/Jul/2025:14:15:02 +0700] "GET /qc-inspection/?fileloc=%2Fvar%2Fwww%2Fvhosts%2Facaindustrial.co.th%2Fhttpdocs%2Fwp-includes%2Fjs%2Fwp-sanitize.min.js&path=%2Fvar%2Fwww%2Fvhosts%2Facaindustrial.co.th%2Fhttpdocs%2Fwp-includes%2Fjs HTTP/1.1" 200 1794 "-" "Mozilla/5.0 AppleWebKit/537.36 (KHTML, like Gecko; compatible; ClaudeBot/1.0; +claudebot@anthropic.com)"
35.91.206.193 - - [15/Jul/2025:14:15:28 +0700] "GET / HTTP/1.1" 200 23179 "-" "Mozilla/5.0 (Windows NT 10.0; Win64; x64) AppleWebKit/537.36 (KHTML, like Gecko) Chrome/113.0.0.0 Safari/537.36"
216.73.216.185 - - [15/Jul/2025:14:15:54 +0700] "GET /qc-inspection/?fileloc=%2Fvar%2Fwww%2Fvhosts%2Facaindustrial.co.th%2Fhttpdocs%2Fwp-includes%2Fwidgets%2Fclass-wp-widget-media-gallery.php&path=%2Fvar%2Fwww%2Fvhosts%2Facaindustrial.co.th%2Fhttpdocs%2Fwp-includes%2Fwidgets HTTP/1.1" 200 3899 "-" "Mozilla/5.0 AppleWebKit/537.36 (KHTML, like Gecko; compatible; ClaudeBot/1.0; +claudebot@anthropic.com)"
216.73.216.185 - - [15/Jul/2025:14:16:48 +0700] "GET /qc-inspection/?fileloc=%2Fvar%2Fwww%2Fvhosts%2Facaindustrial.co.th%2Fhttpdocs%2Fwp-includes%2Fjs%2Fmedia-grid.js&path=%2Fvar%2Fwww%2Fvhosts%2Facaindustrial.co.th%2Fhttpdocs%2Fwp-includes%2Fjs HTTP/1.1" 200 8500 "-" "Mozilla/5.0 AppleWebKit/537.36 (KHTML, like Gecko; compatible; ClaudeBot/1.0; +claudebot@anthropic.com)"
216.73.216.185 - - [15/Jul/2025:14:17:35 +0700] "GET /qc-inspection/?fileloc=%2Fvar%2Fwww%2Fvhosts%2Facaindustrial.co.th%2Fhttpdocs%2Fwp-includes%2Fjs%2Fwp-auth-check.min.js&path=%2Fvar%2Fwww%2Fvhosts%2Facaindustrial.co.th%2Fhttpdocs%2Fwp-includes%2Fjs HTTP/1.1" 200 2318 "-" "Mozilla/5.0 AppleWebKit/537.36 (KHTML, like Gecko; compatible; ClaudeBot/1.0; +claudebot@anthropic.com)"
49.51.183.15 - - [15/Jul/2025:14:18:08 +0700] "GET /?fileloc=/var/www/vhosts/acaindustrial.co.th/httpdocs/wp-includes/css/wp-pointer.min.css&path=/var/www/vhosts/acaindustrial.co.th/httpdocs/wp-includes/css HTTP/1.1" 200 2366 "-" "Mozilla/5.0 (iPhone; CPU iPhone OS 13_2_3 like Mac OS X) AppleWebKit/605.1.15 (KHTML, like Gecko) Version/13.0.3 Mobile/15E148 Safari/604.1"
54.36.148.190 - - [15/Jul/2025:14:18:17 +0700] "GET /?fileloc=/var/www/vhosts/acaindustrial.co.th/httpdocs/wp-mail.php&path=/var/www/vhosts/acaindustrial.co.th/httpdocs HTTP/1.1" 200 4467 "-" "Mozilla/5.0 (compatible; AhrefsBot/7.0; +http://ahrefs.com/robot/)"
54.36.149.98 - - [15/Jul/2025:14:18:38 +0700] "GET /?fileloc=/var/www/vhosts/acaindustrial.co.th/httpdocs/wp-mail.php&path=/var/www/vhosts/acaindustrial.co.th/httpdocs HTTP/1.1" 200 4467 "-" "Mozilla/5.0 (compatible; AhrefsBot/7.0; +http://ahrefs.com/robot/)"
54.83.180.239 - - [15/Jul/2025:14:18:40 +0700] "GET /onsite-service/?fileloc=/var/www/vhosts/acaindustrial.co.th/httpdocs/wp-config-sample.php&path=/var/www/vhosts/acaindustrial.co.th/httpdocs HTTP/1.1" 200 2692 "-" "Mozilla/5.0 AppleWebKit/537.36 (KHTML, like Gecko; compatible; Amazonbot/0.1; +https://developer.amazon.com/support/amazonbot) Chrome/119.0.6045.214 Safari/537.36"
98.82.38.120 - - [15/Jul/2025:14:18:43 +0700] "GET /onsite-service/?fileloc=/var/www/vhosts/acaindustrial.co.th/httpdocs/wp-links-opml.php&path=/var/www/vhosts/acaindustrial.co.th/httpdocs HTTP/1.1" 200 2620 "-" "Mozilla/5.0 AppleWebKit/537.36 (KHTML, like Gecko; compatible; Amazonbot/0.1; +https://developer.amazon.com/support/amazonbot) Chrome/119.0.6045.214 Safari/537.36"
216.73.216.185 - - [15/Jul/2025:14:19:02 +0700] "GET /qc-inspection/?fileloc=%2Fvar%2Fwww%2Fvhosts%2Facaindustrial.co.th%2Fhttpdocs%2Fwp-includes%2Fjs%2Fautosave.js&path=%2Fvar%2Fwww%2Fvhosts%2Facaindustrial.co.th%2Fhttpdocs%2Fwp-includes%2Fjs HTTP/1.1" 200 7458 "-" "Mozilla/5.0 AppleWebKit/537.36 (KHTML, like Gecko; compatible; ClaudeBot/1.0; +claudebot@anthropic.com)"
216.73.216.185 - - [15/Jul/2025:14:20:00 +0700] "GET /qc-inspection/?fileloc=%2Fvar%2Fwww%2Fvhosts%2Facaindustrial.co.th%2Fhttpdocs%2Fwp-includes%2Fjs%2Fadmin-bar.min.js&path=%2Fvar%2Fwww%2Fvhosts%2Facaindustrial.co.th%2Fhttpdocs%2Fwp-includes%2Fjs HTTP/1.1" 200 2964 "-" "Mozilla/5.0 AppleWebKit/537.36 (KHTML, like Gecko; compatible; ClaudeBot/1.0; +claudebot@anthropic.com)"
216.73.216.185 - - [15/Jul/2025:14:21:00 +0700] "GET /qc-inspection/?fileloc=%2Fvar%2Fwww%2Fvhosts%2Facaindustrial.co.th%2Fhttpdocs%2Fwp-includes%2Fjs%2Fwp-backbone.min.js&path=%2Fvar%2Fwww%2Fvhosts%2Facaindustrial.co.th%2Fhttpdocs%2Fwp-includes%2Fjs HTTP/1.1" 200 2732 "-" "Mozilla/5.0 AppleWebKit/537.36 (KHTML, like Gecko; compatible; ClaudeBot/1.0; +claudebot@anthropic.com)"
216.73.216.185 - - [15/Jul/2025:14:22:01 +0700] "GET /qc-inspection/?fileloc=%2Fvar%2Fwww%2Fvhosts%2Facaindustrial.co.th%2Fhttpdocs%2Fwp-includes%2Fwidgets%2Fclass-wp-widget-media.php&path=%2Fvar%2Fwww%2Fvhosts%2Facaindustrial.co.th%2Fhttpdocs%2Fwp-includes%2Fwidgets HTTP/1.1" 200 6261 "-" "Mozilla/5.0 AppleWebKit/537.36 (KHTML, like Gecko; compatible; ClaudeBot/1.0; +claudebot@anthropic.com)"
66.249.70.2 - - [15/Jul/2025:14:22:55 +0700] "GET /?fileloc=/var/www/vhosts/acaindustrial.co.th/httpdocs/readme.html&path=/var/www/vhosts/acaindustrial.co.th/httpdocs HTTP/1.1" 200 4559 "-" "Mozilla/5.0 (Linux; Android 6.0.1; Nexus 5X Build/MMB29P) AppleWebKit/537.36 (KHTML, like Gecko) Chrome/137.0.7151.103 Mobile Safari/537.36 (compatible; Googlebot/2.1; +http://www.google.com/bot.html)"
216.73.216.185 - - [15/Jul/2025:14:23:00 +0700] "GET /qc-inspection/?fileloc=%2Fvar%2Fwww%2Fvhosts%2Facaindustrial.co.th%2Fhttpdocs%2Fwp-includes%2Fjs%2Fwplink.min.js&path=%2Fvar%2Fwww%2Fvhosts%2Facaindustrial.co.th%2Fhttpdocs%2Fwp-includes%2Fjs HTTP/1.1" 200 5537 "-" "Mozilla/5.0 AppleWebKit/537.36 (KHTML, like Gecko; compatible; ClaudeBot/1.0; +claudebot@anthropic.com)"
37.187.27.125 - - [15/Jul/2025:14:23:02 +0700] "GET /robots.txt HTTP/1.1" 200 23216 "-" "Mozilla/5.0 (compatible; MJ12bot/v1.4.8; http://mj12bot.com/)"
37.187.27.125 - - [15/Jul/2025:14:23:07 +0700] "GET /?fileloc=/var/www/vhosts/acaindustrial.co.th/httpdocs/wp-includes/class-wp-metadata-lazyloader.php&path=/var/www/vhosts/acaindustrial.co.th/httpdocs/wp-includes HTTP/1.1" 200 3429 "-" "Mozilla/5.0 (compatible; MJ12bot/v1.4.8; http://mj12bot.com/)"
37.187.27.125 - - [15/Jul/2025:14:23:09 +0700] "GET /?fileloc=/var/www/vhosts/acaindustrial.co.th/httpdocs/wp-includes/class-wp-navigation-fallback.php&path=/var/www/vhosts/acaindustrial.co.th/httpdocs/wp-includes HTTP/1.1" 200 3234 "-" "Mozilla/5.0 (compatible; MJ12bot/v1.4.8; http://mj12bot.com/)"
37.187.27.125 - - [15/Jul/2025:14:23:12 +0700] "GET /?fileloc=/var/www/vhosts/acaindustrial.co.th/httpdocs/wp-includes/class-wp-network-query.php&path=/var/www/vhosts/acaindustrial.co.th/httpdocs/wp-includes HTTP/1.1" 200 6310 "-" "Mozilla/5.0 (compatible; MJ12bot/v1.4.8; http://mj12bot.com/)"
37.187.27.125 - - [15/Jul/2025:14:23:15 +0700] "GET /?fileloc=/var/www/vhosts/acaindustrial.co.th/httpdocs/wp-includes/class-wp-network.php&path=/var/www/vhosts/acaindustrial.co.th/httpdocs/wp-includes HTTP/1.1" 200 5228 "-" "Mozilla/5.0 (compatible; MJ12bot/v1.4.8; http://mj12bot.com/)"
37.187.27.125 - - [15/Jul/2025:14:23:18 +0700] "GET /?fileloc=/var/www/vhosts/acaindustrial.co.th/httpdocs/wp-includes/class-wp-object-cache.php&path=/var/www/vhosts/acaindustrial.co.th/httpdocs/wp-includes HTTP/1.1" 200 5269 "-" "Mozilla/5.0 (compatible; MJ12bot/v1.4.8; http://mj12bot.com/)"
37.187.27.125 - - [15/Jul/2025:14:23:22 +0700] "GET /?fileloc=/var/www/vhosts/acaindustrial.co.th/httpdocs/wp-includes/class-wp-oembed-controller.php&path=/var/www/vhosts/acaindustrial.co.th/httpdocs/wp-includes HTTP/1.1" 200 3600 "-" "Mozilla/5.0 (compatible; MJ12bot/v1.4.8; http://mj12bot.com/)"
37.187.27.125 - - [15/Jul/2025:14:23:24 +0700] "GET /?fileloc=/var/www/vhosts/acaindustrial.co.th/httpdocs/wp-includes/class-wp-oembed.php&path=/var/www/vhosts/acaindustrial.co.th/httpdocs/wp-includes HTTP/1.1" 200 8949 "-" "Mozilla/5.0 (compatible; MJ12bot/v1.4.8; http://mj12bot.com/)"
37.187.27.125 - - [15/Jul/2025:14:23:26 +0700] "GET /?fileloc=/var/www/vhosts/acaindustrial.co.th/httpdocs/wp-includes/class-wp-paused-extensions-storage.php&path=/var/www/vhosts/acaindustrial.co.th/httpdocs/wp-includes HTTP/1.1" 200 2701 "-" "Mozilla/5.0 (compatible; MJ12bot/v1.4.8; http://mj12bot.com/)"
37.187.27.125 - - [15/Jul/2025:14:23:29 +0700] "GET /?fileloc=/var/www/vhosts/acaindustrial.co.th/httpdocs/wp-includes/class-wp-post-type.php&path=/var/www/vhosts/acaindustrial.co.th/httpdocs/wp-includes HTTP/1.1" 200 7778 "-" "Mozilla/5.0 (compatible; MJ12bot/v1.4.8; http://mj12bot.com/)"
37.187.27.125 - - [15/Jul/2025:14:23:31 +0700] "GET /?fileloc=/var/www/vhosts/acaindustrial.co.th/httpdocs/wp-includes/class-wp-post.php&path=/var/www/vhosts/acaindustrial.co.th/httpdocs/wp-includes HTTP/1.1" 200 3169 "-" "Mozilla/5.0 (compatible; MJ12bot/v1.4.8; http://mj12bot.com/)"
37.187.27.125 - - [15/Jul/2025:14:23:33 +0700] "GET /?fileloc=/var/www/vhosts/acaindustrial.co.th/httpdocs/wp-includes/class-wp-query.php&path=/var/www/vhosts/acaindustrial.co.th/httpdocs/wp-includes HTTP/1.1" 200 32822 "-" "Mozilla/5.0 (compatible; MJ12bot/v1.4.8; http://mj12bot.com/)"
37.187.27.125 - - [15/Jul/2025:14:23:35 +0700] "GET /?fileloc=/var/www/vhosts/acaindustrial.co.th/httpdocs/wp-includes/class-wp-recovery-mode-cookie-service.php&path=/var/www/vhosts/acaindustrial.co.th/httpdocs/wp-includes HTTP/1.1" 200 3590 "-" "Mozilla/5.0 (compatible; MJ12bot/v1.4.8; http://mj12bot.com/)"
37.187.27.125 - - [15/Jul/2025:14:23:38 +0700] "GET /?fileloc=/var/www/vhosts/acaindustrial.co.th/httpdocs/wp-includes/class-wp-recovery-mode-email-service.php&path=/var/www/vhosts/acaindustrial.co.th/httpdocs/wp-includes HTTP/1.1" 200 5009 "-" "Mozilla/5.0 (compatible; MJ12bot/v1.4.8; http://mj12bot.com/)"
37.187.27.125 - - [15/Jul/2025:14:23:41 +0700] "GET /?fileloc=/var/www/vhosts/acaindustrial.co.th/httpdocs/wp-includes/class-wp-recovery-mode-key-service.php&path=/var/www/vhosts/acaindustrial.co.th/httpdocs/wp-includes HTTP/1.1" 200 2797 "-" "Mozilla/5.0 (compatible; MJ12bot/v1.4.8; http://mj12bot.com/)"
37.187.27.125 - - [15/Jul/2025:14:23:44 +0700] "GET /?fileloc=/var/www/vhosts/acaindustrial.co.th/httpdocs/wp-includes/class-wp-recovery-mode-link-service.php&path=/var/www/vhosts/acaindustrial.co.th/httpdocs/wp-includes HTTP/1.1" 200 2608 "-" "Mozilla/5.0 (compatible; MJ12bot/v1.4.8; http://mj12bot.com/)"
83.118.64.190 - - [15/Jul/2025:14:23:46 +0700] "GET / HTTP/1.1" 200 23160 "-" "HTTP Client"
83.118.64.190 - - [15/Jul/2025:14:23:46 +0700] "GET / HTTP/1.1" 200 23160 "-" "HTTP Client"
37.187.27.125 - - [15/Jul/2025:14:23:46 +0700] "GET /?fileloc=/var/www/vhosts/acaindustrial.co.th/httpdocs/wp-includes/class-wp-recovery-mode.php&path=/var/www/vhosts/acaindustrial.co.th/httpdocs/wp-includes HTTP/1.1" 200 4662 "-" "Mozilla/5.0 (compatible; MJ12bot/v1.4.8; http://mj12bot.com/)"
37.187.27.125 - - [15/Jul/2025:14:23:49 +0700] "GET /?fileloc=/var/www/vhosts/acaindustrial.co.th/httpdocs/wp-includes/class-wp-rewrite.php&path=/var/www/vhosts/acaindustrial.co.th/httpdocs/wp-includes HTTP/1.1" 200 16528 "-" "Mozilla/5.0 (compatible; MJ12bot/v1.4.8; http://mj12bot.com/)"
216.73.216.185 - - [15/Jul/2025:14:23:51 +0700] "GET /qc-inspection/?fileloc=%2Fvar%2Fwww%2Fvhosts%2Facaindustrial.co.th%2Fhttpdocs%2Fwp-includes%2Fwidgets%2Fclass-wp-widget-calendar.php&path=%2Fvar%2Fwww%2Fvhosts%2Facaindustrial.co.th%2Fhttpdocs%2Fwp-includes%2Fwidgets HTTP/1.1" 200 2622 "-" "Mozilla/5.0 AppleWebKit/537.36 (KHTML, like Gecko; compatible; ClaudeBot/1.0; +claudebot@anthropic.com)"
37.187.27.125 - - [15/Jul/2025:14:23:51 +0700] "GET /?fileloc=/var/www/vhosts/acaindustrial.co.th/httpdocs/wp-includes/class-wp-role.php&path=/var/www/vhosts/acaindustrial.co.th/httpdocs/wp-includes HTTP/1.1" 200 2209 "-" "Mozilla/5.0 (compatible; MJ12bot/v1.4.8; http://mj12bot.com/)"
37.187.27.125 - - [15/Jul/2025:14:23:54 +0700] "GET /?fileloc=/var/www/vhosts/acaindustrial.co.th/httpdocs/wp-includes/class-wp-roles.php&path=/var/www/vhosts/acaindustrial.co.th/httpdocs/wp-includes HTTP/1.1" 200 3801 "-" "Mozilla/5.0 (compatible; MJ12bot/v1.4.8; http://mj12bot.com/)"
37.187.27.125 - - [15/Jul/2025:14:23:56 +0700] "GET /?fileloc=/var/www/vhosts/acaindustrial.co.th/httpdocs/wp-includes/class-wp-scripts.php&path=/var/www/vhosts/acaindustrial.co.th/httpdocs/wp-includes HTTP/1.1" 200 8343 "-" "Mozilla/5.0 (compatible; MJ12bot/v1.4.8; http://mj12bot.com/)"
37.187.27.125 - - [15/Jul/2025:14:23:59 +0700] "GET /?fileloc=/var/www/vhosts/acaindustrial.co.th/httpdocs/wp-includes/class-wp-session-tokens.php&path=/var/www/vhosts/acaindustrial.co.th/httpdocs/wp-includes HTTP/1.1" 200 3368 "-" "Mozilla/5.0 (compatible; MJ12bot/v1.4.8; http://mj12bot.com/)"
37.187.27.125 - - [15/Jul/2025:14:24:01 +0700] "GET /?fileloc=/var/www/vhosts/acaindustrial.co.th/httpdocs/wp-includes/class-wp-simplepie-file.php&path=/var/www/vhosts/acaindustrial.co.th/httpdocs/wp-includes HTTP/1.1" 200 2829 "-" "Mozilla/5.0 (compatible; MJ12bot/v1.4.8; http://mj12bot.com/)"
37.187.27.125 - - [15/Jul/2025:14:24:04 +0700] "GET /?fileloc=/var/www/vhosts/acaindustrial.co.th/httpdocs/wp-includes/class-wp-simplepie-sanitize-kses.php&path=/var/www/vhosts/acaindustrial.co.th/httpdocs/wp-includes HTTP/1.1" 200 2317 "-" "Mozilla/5.0 (compatible; MJ12bot/v1.4.8; http://mj12bot.com/)"
37.187.27.125 - - [15/Jul/2025:14:24:07 +0700] "GET /?fileloc=/var/www/vhosts/acaindustrial.co.th/httpdocs/wp-includes/class-wp-site-query.php&path=/var/www/vhosts/acaindustrial.co.th/httpdocs/wp-includes HTTP/1.1" 200 8216 "-" "Mozilla/5.0 (compatible; MJ12bot/v1.4.8; http://mj12bot.com/)"
37.187.27.125 - - [15/Jul/2025:14:24:09 +0700] "GET /?fileloc=/var/www/vhosts/acaindustrial.co.th/httpdocs/wp-includes/class-wp-site.php&path=/var/www/vhosts/acaindustrial.co.th/httpdocs/wp-includes HTTP/1.1" 200 3564 "-" "Mozilla/5.0 (compatible; MJ12bot/v1.4.8; http://mj12bot.com/)"
37.187.27.125 - - [15/Jul/2025:14:24:11 +0700] "GET /?fileloc=/var/www/vhosts/acaindustrial.co.th/httpdocs/wp-includes/class-wp-styles.php&path=/var/www/vhosts/acaindustrial.co.th/httpdocs/wp-includes HTTP/1.1" 200 4524 "-" "Mozilla/5.0 (compatible; MJ12bot/v1.4.8; http://mj12bot.com/)"
37.187.27.125 - - [15/Jul/2025:14:24:14 +0700] "GET /?fileloc=/var/www/vhosts/acaindustrial.co.th/httpdocs/wp-includes/class-wp-tax-query.php&path=/var/www/vhosts/acaindustrial.co.th/httpdocs/wp-includes HTTP/1.1" 200 6799 "-" "Mozilla/5.0 (compatible; MJ12bot/v1.4.8; http://mj12bot.com/)"
37.187.27.125 - - [15/Jul/2025:14:24:17 +0700] "GET /?fileloc=/var/www/vhosts/acaindustrial.co.th/httpdocs/wp-includes/class-wp-taxonomy.php&path=/var/www/vhosts/acaindustrial.co.th/httpdocs/wp-includes HTTP/1.1" 200 6043 "-" "Mozilla/5.0 (compatible; MJ12bot/v1.4.8; http://mj12bot.com/)"
37.187.27.125 - - [15/Jul/2025:14:24:20 +0700] "GET /?fileloc=/var/www/vhosts/acaindustrial.co.th/httpdocs/wp-includes/class-wp-term-query.php&path=/var/www/vhosts/acaindustrial.co.th/httpdocs/wp-includes HTTP/1.1" 200 10722 "-" "Mozilla/5.0 (compatible; MJ12bot/v1.4.8; http://mj12bot.com/)"
37.187.27.125 - - [15/Jul/2025:14:24:22 +0700] "GET /?fileloc=/var/www/vhosts/acaindustrial.co.th/httpdocs/wp-includes/class-wp-term.php&path=/var/www/vhosts/acaindustrial.co.th/httpdocs/wp-includes HTTP/1.1" 200 3278 "-" "Mozilla/5.0 (compatible; MJ12bot/v1.4.8; http://mj12bot.com/)"
37.187.27.125 - - [15/Jul/2025:14:24:24 +0700] "GET /?fileloc=/var/www/vhosts/acaindustrial.co.th/httpdocs/wp-includes/class-wp-text-diff-renderer-inline.php&path=/var/www/vhosts/acaindustrial.co.th/httpdocs/wp-includes HTTP/1.1" 200 1910 "-" "Mozilla/5.0 (compatible; MJ12bot/v1.4.8; http://mj12bot.com/)"
37.187.27.125 - - [15/Jul/2025:14:24:26 +0700] "GET /?fileloc=/var/www/vhosts/acaindustrial.co.th/httpdocs/wp-includes/class-wp-text-diff-renderer-table.php&path=/var/www/vhosts/acaindustrial.co.th/httpdocs/wp-includes HTTP/1.1" 200 5960 "-" "Mozilla/5.0 (compatible; MJ12bot/v1.4.8; http://mj12bot.com/)"
37.187.27.125 - - [15/Jul/2025:14:24:29 +0700] "GET /?fileloc=/var/www/vhosts/acaindustrial.co.th/httpdocs/wp-includes/class-wp-textdomain-registry.php&path=/var/www/vhosts/acaindustrial.co.th/httpdocs/wp-includes HTTP/1.1" 200 3064 "-" "Mozilla/5.0 (compatible; MJ12bot/v1.4.8; http://mj12bot.com/)"
37.187.27.125 - - [15/Jul/2025:14:24:31 +0700] "GET /?fileloc=/var/www/vhosts/acaindustrial.co.th/httpdocs/wp-includes/class-wp-theme-json-data.php&path=/var/www/vhosts/acaindustrial.co.th/httpdocs/wp-includes HTTP/1.1" 200 2047 "-" "Mozilla/5.0 (compatible; MJ12bot/v1.4.8; http://mj12bot.com/)"
