62.171.151.6 - - [15/Jul/2025:03:39:54 +0700] "GET /wp-admin/upgrade.php?step=1 HTTP/1.1" 200 982 "https://www.google.com/" "Mozilla/5.0 (Windows NT 10.0; Win64; x64) AppleWebKit/537.36 (KHTML, like Gecko) Chrome/91.0.4472.124 Safari/537.36"
62.171.151.6 - - [15/Jul/2025:03:39:54 +0700] "GET /wp-admin/plugin-install.php?tab=upload HTTP/1.1" 200 4655 "https://www.google.com/" "Mozilla/5.0 (Windows NT 10.0; Win64; x64) AppleWebKit/537.36 (KHTML, like Gecko) Chrome/91.0.4472.124 Safari/537.36"
62.171.151.6 - - [15/Jul/2025:03:39:54 +0700] "GET /wp-admin/ HTTP/1.1" 200 4655 "-" "Mozilla/5.0 (Windows NT 10.0; Win64; x64) AppleWebKit/537.36 (KHTML, like Gecko) Chrome/133.0.0.0 Safari/537.36"
62.171.151.6 - - [15/Jul/2025:03:39:55 +0700] "GET /wp-admin/plugin-install.php HTTP/1.1" 200 4655 "-" "Mozilla/5.0 (Windows NT 10.0; Win64; x64) AppleWebKit/537.36 (KHTML, like Gecko) Chrome/133.0.0.0 Safari/537.36"
27.254.111.205 - - [15/Jul/2025:03:39:55 +0700] "POST /wp-cron.php?doing_wp_cron=1752525595.2188510894775390625000 HTTP/1.1" 200 2513 "-" "WordPress/6.3.2; http://www.acaindustrial.co.th"
62.171.151.6 - - [15/Jul/2025:03:39:54 +0700] "GET /wp-admin/upgrade.php?step=1 HTTP/1.1" 200 982 "https://www.google.com/" "Mozilla/5.0 (Windows NT 10.0; Win64; x64) AppleWebKit/537.36 (KHTML, like Gecko) Chrome/91.0.4472.124 Safari/537.36"
62.171.151.6 - - [15/Jul/2025:03:39:55 +0700] "GET /wp-admin/theme-install.php?tab=upload HTTP/1.1" 200 4655 "https://www.google.com/" "Mozilla/5.0 (Windows NT 10.0; Win64; x64) AppleWebKit/537.36 (KHTML, like Gecko) Chrome/91.0.4472.124 Safari/537.36"
62.171.151.6 - - [15/Jul/2025:03:39:54 +0700] "GET /wp-admin/plugin-install.php?tab=upload HTTP/1.1" 200 4655 "https://www.google.com/" "Mozilla/5.0 (Windows NT 10.0; Win64; x64) AppleWebKit/537.36 (KHTML, like Gecko) Chrome/91.0.4472.124 Safari/537.36"
62.171.151.6 - - [15/Jul/2025:03:39:55 +0700] "GET /wp-admin/ HTTP/1.1" 200 4655 "-" "Mozilla/5.0 (Windows NT 10.0; Win64; x64) AppleWebKit/537.36 (KHTML, like Gecko) Chrome/133.0.0.0 Safari/537.36"
62.171.151.6 - - [15/Jul/2025:03:39:55 +0700] "GET /wp-admin/plugin-install.php?tab=upload HTTP/1.1" 200 4655 "https://www.google.com/" "Mozilla/5.0 (Windows NT 10.0; Win64; x64) AppleWebKit/537.36 (KHTML, like Gecko) Chrome/91.0.4472.124 Safari/537.36"
62.171.151.6 - - [15/Jul/2025:03:39:55 +0700] "GET /wp-admin/ HTTP/1.1" 200 4655 "-" "Mozilla/5.0 (Windows NT 10.0; Win64; x64) AppleWebKit/537.36 (KHTML, like Gecko) Chrome/133.0.0.0 Safari/537.36"
62.171.151.6 - - [15/Jul/2025:03:39:55 +0700] "GET /wp-admin/plugin-install.php HTTP/1.1" 200 4655 "-" "Mozilla/5.0 (Windows NT 10.0; Win64; x64) AppleWebKit/537.36 (KHTML, like Gecko) Chrome/133.0.0.0 Safari/537.36"
62.171.151.6 - - [15/Jul/2025:03:39:55 +0700] "GET /wp-admin/ HTTP/1.1" 200 4655 "-" "Mozilla/5.0 (Windows NT 10.0; Win64; x64) AppleWebKit/537.36 (KHTML, like Gecko) Chrome/133.0.0.0 Safari/537.36"
62.171.151.6 - - [15/Jul/2025:03:39:55 +0700] "GET /wp-admin/plugin-install.php HTTP/1.1" 200 4655 "-" "Mozilla/5.0 (Windows NT 10.0; Win64; x64) AppleWebKit/537.36 (KHTML, like Gecko) Chrome/133.0.0.0 Safari/537.36"
62.171.151.6 - - [15/Jul/2025:03:39:55 +0700] "GET /wp-admin/theme-install.php?tab=upload HTTP/1.1" 200 4655 "https://www.google.com/" "Mozilla/5.0 (Windows NT 10.0; Win64; x64) AppleWebKit/537.36 (KHTML, like Gecko) Chrome/91.0.4472.124 Safari/537.36"
62.171.151.6 - - [15/Jul/2025:03:39:55 +0700] "GET /wp-admin/plugin-install.php HTTP/1.1" 200 4655 "-" "Mozilla/5.0 (Windows NT 10.0; Win64; x64) AppleWebKit/537.36 (KHTML, like Gecko) Chrome/133.0.0.0 Safari/537.36"
62.171.151.6 - - [15/Jul/2025:03:39:56 +0700] "HEAD / HTTP/1.1" 200 218 "https://www.acaindustrial.co.th/" "Mozilla/5.0 (Windows NT 10.0; Win64; x64) AppleWebKit/537.36 (KHTML, like Gecko) Chrome/91.0.4472.124 Safari/537.36"
62.171.151.6 - - [15/Jul/2025:03:39:56 +0700] "GET /wp-admin/theme-install.php?tab=upload HTTP/1.1" 200 4655 "https://www.google.com/" "Mozilla/5.0 (Windows NT 10.0; Win64; x64) AppleWebKit/537.36 (KHTML, like Gecko) Chrome/91.0.4472.124 Safari/537.36"
62.171.151.6 - - [15/Jul/2025:03:39:56 +0700] "GET /wp-admin/ HTTP/1.1" 200 4655 "-" "Mozilla/5.0 (Windows NT 10.0; Win64; x64) AppleWebKit/537.36 (KHTML, like Gecko) Chrome/133.0.0.0 Safari/537.36"
62.171.151.6 - - [15/Jul/2025:03:39:56 +0700] "GET /wp-admin/plugin-install.php HTTP/1.1" 200 4655 "-" "Mozilla/5.0 (Windows NT 10.0; Win64; x64) AppleWebKit/537.36 (KHTML, like Gecko) Chrome/133.0.0.0 Safari/537.36"
62.171.151.6 - - [15/Jul/2025:03:39:56 +0700] "GET /wp-admin/ HTTP/1.1" 200 4655 "-" "Mozilla/5.0 (Windows NT 10.0; Win64; x64) AppleWebKit/537.36 (KHTML, like Gecko) Chrome/133.0.0.0 Safari/537.36"
62.171.151.6 - - [15/Jul/2025:03:39:56 +0700] "POST /wp-login.php HTTP/1.1" 200 2457 "http://www.acaindustrial.co.th/wp-admin/" "Mozilla/5.0 (Windows NT 10.0; Win64; x64) AppleWebKit/537.36 (KHTML, like Gecko) Chrome/90.0.4430.85 Safari/537.36"
62.171.151.6 - - [15/Jul/2025:03:39:56 +0700] "GET /wp-admin/plugin-install.php HTTP/1.1" 200 4655 "-" "Mozilla/5.0 (Windows NT 10.0; Win64; x64) AppleWebKit/537.36 (KHTML, like Gecko) Chrome/133.0.0.0 Safari/537.36"
62.171.151.6 - - [15/Jul/2025:03:39:56 +0700] "GET /wp-admin/ HTTP/1.1" 200 4655 "https://www.google.com/" "Mozilla/5.0 (Windows NT 10.0; Win64; x64) AppleWebKit/537.36 (KHTML, like Gecko) Chrome/91.0.4472.124 Safari/537.36"
27.254.111.205 - - [15/Jul/2025:03:39:57 +0700] "POST /wp-cron.php?doing_wp_cron=1752525597.1313900947570800781250 HTTP/1.1" 200 2513 "-" "WordPress/6.3.2; http://www.acaindustrial.co.th"
62.171.151.6 - - [15/Jul/2025:03:39:56 +0700] "GET /wp-admin/upgrade.php?step=1 HTTP/1.1" 200 982 "https://www.google.com/" "Mozilla/5.0 (Windows NT 10.0; Win64; x64) AppleWebKit/537.36 (KHTML, like Gecko) Chrome/91.0.4472.124 Safari/537.36"
62.171.151.6 - - [15/Jul/2025:03:39:57 +0700] "GET /wp-admin/plugin-install.php?tab=upload HTTP/1.1" 200 4655 "https://www.google.com/" "Mozilla/5.0 (Windows NT 10.0; Win64; x64) AppleWebKit/537.36 (KHTML, like Gecko) Chrome/91.0.4472.124 Safari/537.36"
62.171.151.6 - - [15/Jul/2025:03:39:57 +0700] "GET /wp-admin/ HTTP/1.1" 200 4655 "-" "Mozilla/5.0 (Windows NT 10.0; Win64; x64) AppleWebKit/537.36 (KHTML, like Gecko) Chrome/133.0.0.0 Safari/537.36"
62.171.151.6 - - [15/Jul/2025:03:39:57 +0700] "GET /wp-admin/plugin-install.php HTTP/1.1" 200 4655 "-" "Mozilla/5.0 (Windows NT 10.0; Win64; x64) AppleWebKit/537.36 (KHTML, like Gecko) Chrome/133.0.0.0 Safari/537.36"
62.171.151.6 - - [15/Jul/2025:03:39:57 +0700] "HEAD / HTTP/1.1" 200 218 "https://acaindustrial.co.th/" "Mozilla/5.0 (Windows NT 10.0; Win64; x64) AppleWebKit/537.36 (KHTML, like Gecko) Chrome/91.0.4472.124 Safari/537.36"
62.171.151.6 - - [15/Jul/2025:03:39:57 +0700] "HEAD / HTTP/1.1" 200 218 "https://www.acaindustrial.co.th/" "Mozilla/5.0 (Windows NT 10.0; Win64; x64) AppleWebKit/537.36 (KHTML, like Gecko) Chrome/91.0.4472.124 Safari/537.36"
62.171.151.6 - - [15/Jul/2025:03:39:58 +0700] "GET /wp-admin/theme-install.php?tab=upload HTTP/1.1" 200 4655 "https://www.google.com/" "Mozilla/5.0 (Windows NT 10.0; Win64; x64) AppleWebKit/537.36 (KHTML, like Gecko) Chrome/91.0.4472.124 Safari/537.36"
62.171.151.6 - - [15/Jul/2025:03:39:58 +0700] "GET /wp-admin/ HTTP/1.1" 200 4655 "-" "Mozilla/5.0 (Windows NT 10.0; Win64; x64) AppleWebKit/537.36 (KHTML, like Gecko) Chrome/133.0.0.0 Safari/537.36"
62.171.151.6 - - [15/Jul/2025:03:39:58 +0700] "POST /wp-login.php HTTP/1.1" 200 2457 "http://acaindustrial.co.th/wp-admin/" "Mozilla/5.0 (Windows NT 10.0; Win64; x64) AppleWebKit/537.36 (KHTML, like Gecko) Chrome/90.0.4430.85 Safari/537.36"
62.171.151.6 - - [15/Jul/2025:03:39:58 +0700] "POST /wp-login.php HTTP/1.1" 200 2457 "http://www.acaindustrial.co.th/wp-admin/" "Mozilla/5.0 (Windows NT 10.0; Win64; x64) AppleWebKit/537.36 (KHTML, like Gecko) Chrome/90.0.4430.85 Safari/537.36"
62.171.151.6 - - [15/Jul/2025:03:39:58 +0700] "GET /wp-admin/plugin-install.php HTTP/1.1" 200 4655 "-" "Mozilla/5.0 (Windows NT 10.0; Win64; x64) AppleWebKit/537.36 (KHTML, like Gecko) Chrome/133.0.0.0 Safari/537.36"
62.171.151.6 - - [15/Jul/2025:03:39:58 +0700] "HEAD / HTTP/1.1" 200 218 "https://acaindustrial.co.th/" "Mozilla/5.0 (Windows NT 10.0; Win64; x64) AppleWebKit/537.36 (KHTML, like Gecko) Chrome/91.0.4472.124 Safari/537.36"
62.171.151.6 - - [15/Jul/2025:03:39:58 +0700] "GET /wp-admin/ HTTP/1.1" 200 4655 "https://www.google.com/" "Mozilla/5.0 (Windows NT 10.0; Win64; x64) AppleWebKit/537.36 (KHTML, like Gecko) Chrome/91.0.4472.124 Safari/537.36"
62.171.151.6 - - [15/Jul/2025:03:39:58 +0700] "GET /wp-admin/ HTTP/1.1" 200 4655 "https://www.google.com/" "Mozilla/5.0 (Windows NT 10.0; Win64; x64) AppleWebKit/537.36 (KHTML, like Gecko) Chrome/91.0.4472.124 Safari/537.36"
62.171.151.6 - - [15/Jul/2025:03:39:58 +0700] "GET /wp-admin/upgrade.php?step=1 HTTP/1.1" 200 982 "https://www.google.com/" "Mozilla/5.0 (Windows NT 10.0; Win64; x64) AppleWebKit/537.36 (KHTML, like Gecko) Chrome/91.0.4472.124 Safari/537.36"
62.171.151.6 - - [15/Jul/2025:03:39:58 +0700] "GET /wp-admin/upgrade.php?step=1 HTTP/1.1" 200 982 "https://www.google.com/" "Mozilla/5.0 (Windows NT 10.0; Win64; x64) AppleWebKit/537.36 (KHTML, like Gecko) Chrome/91.0.4472.124 Safari/537.36"
27.254.111.205 - - [15/Jul/2025:03:39:58 +0700] "POST /wp-cron.php?doing_wp_cron=1752525598.9705040454864501953125 HTTP/1.1" 200 2513 "-" "WordPress/6.3.2; http://www.acaindustrial.co.th"
62.171.151.6 - - [15/Jul/2025:03:39:58 +0700] "POST /wp-login.php HTTP/1.1" 200 2457 "http://acaindustrial.co.th/wp-admin/" "Mozilla/5.0 (Windows NT 10.0; Win64; x64) AppleWebKit/537.36 (KHTML, like Gecko) Chrome/90.0.4430.85 Safari/537.36"
27.254.111.205 - - [15/Jul/2025:03:39:58 +0700] "POST /wp-cron.php?doing_wp_cron=1752525598.9372270107269287109375 HTTP/1.1" 200 2513 "-" "WordPress/6.3.2; http://www.acaindustrial.co.th"
34.232.205.130 - - [15/Jul/2025:03:41:10 +0700] "HEAD /wordpress HTTP/1.1" 200 218 "-" "Mozilla/5.0 (X11; Linux x86_64) AppleWebKit/537.36 (KHTML, like Gecko) Chrome/96.0.4664.45 Safari/537.36"
114.119.154.9 - - [15/Jul/2025:03:42:02 +0700] "GET /2025/06/25/youwin-hepsibahis-hizli-ve-guvenli-giris/ HTTP/1.1" 200 2420 "http://www.acaindustrial.co.th/2025/06/26/youwin-%F0%9F%92%B0-indir-kullanicilarina-ozel-firsatlar/" "Mozilla/5.0 (Linux; Android 7.0;) AppleWebKit/537.36 (KHTML, like Gecko) Mobile Safari/537.36 (compatible; PetalBot;+https://webmaster.petalsearch.com/site/petalbot)"
195.154.52.32 - - [15/Jul/2025:03:43:02 +0700] "GET /2023/11/07/hello-world/ HTTP/1.1" 200 2457 "-" "Mozilla/5.0 (Windows NT 10.0; Win64; x64) AppleWebKit/537.36 (KHTML, like Gecko) Chrome/114.0.0.0 Safari/537.36 Edg/114.0.1264.71"
34.232.205.130 - - [15/Jul/2025:03:44:51 +0700] "HEAD /Wordpress HTTP/1.1" 200 218 "-" "Mozilla/5.0 (X11; Linux x86_64) AppleWebKit/537.36 (KHTML, like Gecko) Chrome/96.0.4664.45 Safari/537.36"
103.218.122.203 - - [15/Jul/2025:03:46:44 +0700] "POST /xmlrpc.php HTTP/1.1" 200 2401 "http://www.acaindustrial.co.th" "Mozilla/5.0 (Macintosh; Intel Mac OS X 13.3; rv:126.0) Gecko/20100101 Firefox/126.0"
34.232.205.130 - - [15/Jul/2025:03:46:45 +0700] "HEAD /WORDPRESS HTTP/1.1" 200 218 "-" "Mozilla/5.0 (X11; Linux x86_64) AppleWebKit/537.36 (KHTML, like Gecko) Chrome/96.0.4664.45 Safari/537.36"
216.244.66.194 - - [15/Jul/2025:03:48:36 +0700] "GET /robots.txt HTTP/1.1" 200 23160 "-" "Mozilla/5.0 (compatible; DotBot/1.2; +https://opensiteexplorer.org/dotbot; help@moz.com)"
216.244.66.194 - - [15/Jul/2025:03:50:16 +0700] "GET /precision-parts/ HTTP/1.1" 200 23160 "-" "Mozilla/5.0 (compatible; DotBot/1.2; +https://opensiteexplorer.org/dotbot; help@moz.com)"
34.232.205.130 - - [15/Jul/2025:03:50:55 +0700] "HEAD /WordPress HTTP/1.1" 200 218 "-" "Mozilla/5.0 (X11; Linux x86_64) AppleWebKit/537.36 (KHTML, like Gecko) Chrome/96.0.4664.45 Safari/537.36"
34.232.205.130 - - [15/Jul/2025:03:53:32 +0700] "HEAD /wp HTTP/1.1" 200 218 "-" "Mozilla/5.0 (X11; Linux x86_64) AppleWebKit/537.36 (KHTML, like Gecko) Chrome/96.0.4664.45 Safari/537.36"
34.232.205.130 - - [15/Jul/2025:03:56:47 +0700] "HEAD /Wp HTTP/1.1" 200 218 "-" "Mozilla/5.0 (X11; Linux x86_64) AppleWebKit/537.36 (KHTML, like Gecko) Chrome/96.0.4664.45 Safari/537.36"
35.238.203.213 - - [15/Jul/2025:03:57:03 +0700] "POST /xmlrpc.php HTTP/1.1" 200 2401 "http://www.acaindustrial.co.th" "Mozilla/5.0 (Macintosh; Intel Mac OS X 10.15; rv:126.0) Gecko/20100101 Firefox/126.0"
34.232.205.130 - - [15/Jul/2025:03:58:05 +0700] "HEAD /WP HTTP/1.1" 200 218 "-" "Mozilla/5.0 (X11; Linux x86_64) AppleWebKit/537.36 (KHTML, like Gecko) Chrome/96.0.4664.45 Safari/537.36"
34.232.205.130 - - [15/Jul/2025:04:00:48 +0700] "HEAD /old HTTP/1.1" 200 218 "-" "Mozilla/5.0 (X11; Linux x86_64) AppleWebKit/537.36 (KHTML, like Gecko) Chrome/96.0.4664.45 Safari/537.36"
34.232.205.130 - - [15/Jul/2025:04:04:26 +0700] "HEAD /Old HTTP/1.1" 200 218 "-" "Mozilla/5.0 (X11; Linux x86_64) AppleWebKit/537.36 (KHTML, like Gecko) Chrome/96.0.4664.45 Safari/537.36"
91.238.162.8 - - [15/Jul/2025:04:07:23 +0700] "POST /xmlrpc.php HTTP/1.1" 200 2401 "http://www.acaindustrial.co.th" "Mozilla/5.0 (Windows NT 10.0; Win64; x64) AppleWebKit/537.36 (KHTML, like Gecko) Chrome/113.0.5672.126 Safari/537.36 Edg/113.0.1774.50"
34.232.205.130 - - [15/Jul/2025:04:07:28 +0700] "HEAD /OLD HTTP/1.1" 200 218 "-" "Mozilla/5.0 (X11; Linux x86_64) AppleWebKit/537.36 (KHTML, like Gecko) Chrome/96.0.4664.45 Safari/537.36"
192.178.4.99 - - [15/Jul/2025:04:09:02 +0700] "GET /wp-content/uploads/2023/10/Caterpillar-Logo-640x400-1-e1698418190132.png HTTP/1.1" 304 166 "-" "Googlebot-Image/1.0"
34.232.205.130 - - [15/Jul/2025:04:11:00 +0700] "HEAD /oldsite HTTP/1.1" 200 218 "-" "Mozilla/5.0 (X11; Linux x86_64) AppleWebKit/537.36 (KHTML, like Gecko) Chrome/96.0.4664.45 Safari/537.36"
34.232.205.130 - - [15/Jul/2025:04:13:25 +0700] "HEAD /new HTTP/1.1" 200 218 "-" "Mozilla/5.0 (X11; Linux x86_64) AppleWebKit/537.36 (KHTML, like Gecko) Chrome/96.0.4664.45 Safari/537.36"
49.51.72.236 - - [15/Jul/2025:04:13:51 +0700] "GET / HTTP/1.1" 200 2420 "-" "Mozilla/5.0 (iPhone; CPU iPhone OS 13_2_3 like Mac OS X) AppleWebKit/605.1.15 (KHTML, like Gecko) Version/13.0.3 Mobile/15E148 Safari/604.1"
114.119.147.0 - - [15/Jul/2025:04:16:24 +0700] "GET /2023/ HTTP/1.1" 200 2420 "http://www.acaindustrial.co.th/2023/11/07/hello-world/" "Mozilla/5.0 (Linux; Android 7.0;) AppleWebKit/537.36 (KHTML, like Gecko) Mobile Safari/537.36 (compatible; PetalBot;+https://webmaster.petalsearch.com/site/petalbot)"
54.36.148.230 - - [15/Jul/2025:04:16:43 +0700] "GET / HTTP/1.1" 200 2401 "-" "Mozilla/5.0 (compatible; AhrefsBot/7.0; +http://ahrefs.com/robot/)"
34.232.205.130 - - [15/Jul/2025:04:17:37 +0700] "HEAD /New HTTP/1.1" 200 218 "-" "Mozilla/5.0 (X11; Linux x86_64) AppleWebKit/537.36 (KHTML, like Gecko) Chrome/96.0.4664.45 Safari/537.36"
34.93.16.66 - - [15/Jul/2025:04:17:43 +0700] "POST /xmlrpc.php HTTP/1.1" 200 2401 "http://www.acaindustrial.co.th" "Mozilla/5.0 (Windows NT 11.0; Win64; x64) AppleWebKit/537.36 (KHTML, like Gecko) Chrome/126.0.0.0 Safari/537.36 Edg/126.0.0.0"
34.232.205.130 - - [15/Jul/2025:04:19:15 +0700] "HEAD /NEW HTTP/1.1" 200 218 "-" "Mozilla/5.0 (X11; Linux x86_64) AppleWebKit/537.36 (KHTML, like Gecko) Chrome/96.0.4664.45 Safari/537.36"
216.73.216.212 - - [15/Jul/2025:04:19:57 +0700] "GET /robots.txt HTTP/1.1" 200 2457 "-" "Mozilla/5.0 AppleWebKit/537.36 (KHTML, like Gecko; compatible; ClaudeBot/1.0; +claudebot@anthropic.com)"
216.73.216.212 - - [15/Jul/2025:04:19:57 +0700] "GET /lathing.php HTTP/1.1" 200 2456 "-" "Mozilla/5.0 AppleWebKit/537.36 (KHTML, like Gecko; compatible; ClaudeBot/1.0; +claudebot@anthropic.com)"
119.13.125.62 - - [15/Jul/2025:04:23:00 +0700] "GET /pic/products/hitech6.jpg HTTP/1.1" 200 2457 "-" "Mozilla/5.0 (Macintosh; Intel Mac OS X 10_15_7) AppleWebKit/537.36 (KHTML, like Gecko) Chrome/120.0.0.0 Safari/537.36"
34.232.205.130 - - [15/Jul/2025:04:23:05 +0700] "HEAD /wp-old HTTP/1.1" 200 218 "-" "Mozilla/5.0 (X11; Linux x86_64) AppleWebKit/537.36 (KHTML, like Gecko) Chrome/96.0.4664.45 Safari/537.36"
52.203.152.231 - - [15/Jul/2025:04:23:39 +0700] "GET /robots.txt HTTP/1.1" 200 2420 "-" "Mozilla/5.0 AppleWebKit/537.36 (KHTML, like Gecko; compatible; Amazonbot/0.1; +https://developer.amazon.com/support/amazonbot) Chrome/119.0.6045.214 Safari/537.36"
52.203.152.231 - - [15/Jul/2025:04:23:40 +0700] "GET /onsite-service/ HTTP/1.1" 200 2420 "-" "Mozilla/5.0 AppleWebKit/537.36 (KHTML, like Gecko; compatible; Amazonbot/0.1; +https://developer.amazon.com/support/amazonbot) Chrome/119.0.6045.214 Safari/537.36"
34.232.205.130 - - [15/Jul/2025:04:25:28 +0700] "HEAD /2022 HTTP/1.1" 200 218 "-" "Mozilla/5.0 (X11; Linux x86_64) AppleWebKit/537.36 (KHTML, like Gecko) Chrome/96.0.4664.45 Safari/537.36"
216.73.216.212 - - [15/Jul/2025:04:25:48 +0700] "GET /contract-us/ HTTP/1.1" 200 2457 "-" "Mozilla/5.0 AppleWebKit/537.36 (KHTML, like Gecko; compatible; ClaudeBot/1.0; +claudebot@anthropic.com)"
34.232.205.130 - - [15/Jul/2025:04:27:27 +0700] "HEAD /2023 HTTP/1.1" 200 218 "-" "Mozilla/5.0 (X11; Linux x86_64) AppleWebKit/537.36 (KHTML, like Gecko) Chrome/96.0.4664.45 Safari/537.36"
78.135.85.79 - - [15/Jul/2025:04:28:03 +0700] "POST /xmlrpc.php HTTP/1.1" 200 2401 "http://www.acaindustrial.co.th" "Mozilla/5.0 (Windows NT 10.0; Win64; x64) AppleWebKit/537.36 (KHTML, like Gecko) Chrome/113.0.5672.93 Safari/537.36"
43.130.16.140 - - [15/Jul/2025:04:28:40 +0700] "GET /?fileloc=/var/www/vhosts/acaindustrial.co.th/httpdocs/.htaccess&path=/var/www/vhosts/acaindustrial.co.th/httpdocs HTTP/1.1" 200 1968 "-" "Mozilla/5.0 (iPhone; CPU iPhone OS 13_2_3 like Mac OS X) AppleWebKit/605.1.15 (KHTML, like Gecko) Version/13.0.3 Mobile/15E148 Safari/604.1"
34.232.205.130 - - [15/Jul/2025:04:30:18 +0700] "HEAD /2024 HTTP/1.1" 200 218 "-" "Mozilla/5.0 (X11; Linux x86_64) AppleWebKit/537.36 (KHTML, like Gecko) Chrome/96.0.4664.45 Safari/537.36"
34.232.205.130 - - [15/Jul/2025:04:32:07 +0700] "HEAD /2017 HTTP/1.1" 200 218 "-" "Mozilla/5.0 (X11; Linux x86_64) AppleWebKit/537.36 (KHTML, like Gecko) Chrome/96.0.4664.45 Safari/537.36"
34.232.205.130 - - [15/Jul/2025:04:35:03 +0700] "HEAD /2020 HTTP/1.1" 200 218 "-" "Mozilla/5.0 (X11; Linux x86_64) AppleWebKit/537.36 (KHTML, like Gecko) Chrome/96.0.4664.45 Safari/537.36"
34.232.205.130 - - [15/Jul/2025:04:38:10 +0700] "HEAD /2019 HTTP/1.1" 200 218 "-" "Mozilla/5.0 (X11; Linux x86_64) AppleWebKit/537.36 (KHTML, like Gecko) Chrome/96.0.4664.45 Safari/537.36"
222.255.214.45 - - [15/Jul/2025:04:38:17 +0700] "POST /xmlrpc.php HTTP/1.1" 200 2401 "http://www.acaindustrial.co.th" "Mozilla/5.0 (Macintosh; Intel Mac OS X 10_15_7) AppleWebKit/537.36 (KHTML, like Gecko) Chrome/113.0.5672.93 Safari/537.36"
43.130.57.76 - - [15/Jul/2025:04:39:44 +0700] "GET /?fileloc=/var/www/vhosts/acaindustrial.co.th/httpdocs/readme.html&path=/var/www/vhosts/acaindustrial.co.th/httpdocs HTTP/1.1" 200 4522 "-" "Mozilla/5.0 (iPhone; CPU iPhone OS 13_2_3 like Mac OS X) AppleWebKit/605.1.15 (KHTML, like Gecko) Version/13.0.3 Mobile/15E148 Safari/604.1"
34.232.205.130 - - [15/Jul/2025:04:40:21 +0700] "HEAD /2018 HTTP/1.1" 200 218 "-" "Mozilla/5.0 (X11; Linux x86_64) AppleWebKit/537.36 (KHTML, like Gecko) Chrome/96.0.4664.45 Safari/537.36"
34.232.205.130 - - [15/Jul/2025:04:44:25 +0700] "HEAD /backup HTTP/1.1" 200 218 "-" "Mozilla/5.0 (X11; Linux x86_64) AppleWebKit/537.36 (KHTML, like Gecko) Chrome/96.0.4664.45 Safari/537.36"
34.232.205.130 - - [15/Jul/2025:04:47:16 +0700] "HEAD /test HTTP/1.1" 200 218 "-" "Mozilla/5.0 (X11; Linux x86_64) AppleWebKit/537.36 (KHTML, like Gecko) Chrome/96.0.4664.45 Safari/537.36"
170.106.147.63 - - [15/Jul/2025:04:48:08 +0700] "GET /?fileloc=/var/www/vhosts/acaindustrial.co.th/httpdocs/wp-config.php&path=/var/www/vhosts/acaindustrial.co.th/httpdocs HTTP/1.1" 200 3223 "-" "Mozilla/5.0 (iPhone; CPU iPhone OS 13_2_3 like Mac OS X) AppleWebKit/605.1.15 (KHTML, like Gecko) Version/13.0.3 Mobile/15E148 Safari/604.1"
34.232.205.130 - - [15/Jul/2025:04:48:25 +0700] "HEAD /Test HTTP/1.1" 200 218 "-" "Mozilla/5.0 (X11; Linux x86_64) AppleWebKit/537.36 (KHTML, like Gecko) Chrome/96.0.4664.45 Safari/537.36"
95.217.84.11 - - [15/Jul/2025:04:48:37 +0700] "POST /xmlrpc.php HTTP/1.1" 200 2401 "http://www.acaindustrial.co.th" "Mozilla/5.0 (Windows NT 11.0; Win64; x64) AppleWebKit/537.36 (KHTML, like Gecko) Chrome/126.0.0.0 Safari/537.36"
34.232.205.130 - - [15/Jul/2025:04:52:09 +0700] "HEAD /TEST HTTP/1.1" 200 218 "-" "Mozilla/5.0 (X11; Linux x86_64) AppleWebKit/537.36 (KHTML, like Gecko) Chrome/96.0.4664.45 Safari/537.36"
205.185.121.21 - - [15/Jul/2025:04:55:22 +0700] "GET /wp-login.php HTTP/1.1" 200 23216 "-" "Mozilla/5.0 (Macintosh; Intel Mac OS X 10_9_3) AppleWebKit/537.75.14 (KHTML, like Gecko) Version/7.0.3 Safari/537.75.14"
34.232.205.130 - - [15/Jul/2025:04:55:23 +0700] "HEAD /demo HTTP/1.1" 200 218 "-" "Mozilla/5.0 (X11; Linux x86_64) AppleWebKit/537.36 (KHTML, like Gecko) Chrome/96.0.4664.45 Safari/537.36"
34.232.205.130 - - [15/Jul/2025:04:57:28 +0700] "HEAD /bc HTTP/1.1" 200 218 "-" "Mozilla/5.0 (X11; Linux x86_64) AppleWebKit/537.36 (KHTML, like Gecko) Chrome/96.0.4664.45 Safari/537.36"
49.51.183.220 - - [15/Jul/2025:04:58:53 +0700] "GET /?fileloc=/var/www/vhosts/acaindustrial.co.th/httpdocs/wp-settings.php&path=/var/www/vhosts/acaindustrial.co.th/httpdocs HTTP/1.1" 200 7028 "-" "Mozilla/5.0 (iPhone; CPU iPhone OS 13_2_3 like Mac OS X) AppleWebKit/605.1.15 (KHTML, like Gecko) Version/13.0.3 Mobile/15E148 Safari/604.1"
34.232.205.130 - - [15/Jul/2025:05:00:07 +0700] "HEAD /www HTTP/1.1" 200 218 "-" "Mozilla/5.0 (X11; Linux x86_64) AppleWebKit/537.36 (KHTML, like Gecko) Chrome/96.0.4664.45 Safari/537.36"
34.232.205.130 - - [15/Jul/2025:05:04:06 +0700] "HEAD /WWW HTTP/1.1" 200 218 "-" "Mozilla/5.0 (X11; Linux x86_64) AppleWebKit/537.36 (KHTML, like Gecko) Chrome/96.0.4664.45 Safari/537.36"
34.232.205.130 - - [15/Jul/2025:05:05:37 +0700] "HEAD /Www HTTP/1.1" 200 218 "-" "Mozilla/5.0 (X11; Linux x86_64) AppleWebKit/537.36 (KHTML, like Gecko) Chrome/96.0.4664.45 Safari/537.36"
34.232.205.130 - - [15/Jul/2025:05:09:03 +0700] "HEAD /2021 HTTP/1.1" 200 218 "-" "Mozilla/5.0 (X11; Linux x86_64) AppleWebKit/537.36 (KHTML, like Gecko) Chrome/96.0.4664.45 Safari/537.36"
205.185.118.101 - - [15/Jul/2025:05:10:07 +0700] "GET /wp-login.php HTTP/1.1" 200 23216 "-" "Mozilla/5.0 (Windows NT 6.1; WOW64) AppleWebKit/537.36 (KHTML, like Gecko) Chrome/35.0.1916.114 Safari/537.36"
34.232.205.130 - - [15/Jul/2025:05:10:10 +0700] "HEAD /main HTTP/1.1" 200 218 "-" "Mozilla/5.0 (X11; Linux x86_64) AppleWebKit/537.36 (KHTML, like Gecko) Chrome/96.0.4664.45 Safari/537.36"
34.232.205.130 - - [15/Jul/2025:05:13:16 +0700] "HEAD /old-site HTTP/1.1" 200 218 "-" "Mozilla/5.0 (X11; Linux x86_64) AppleWebKit/537.36 (KHTML, like Gecko) Chrome/96.0.4664.45 Safari/537.36"
198.98.57.22 - - [15/Jul/2025:05:13:49 +0700] "GET /wp-login.php HTTP/1.1" 200 23216 "-" "Mozilla/5.0 (Macintosh; Intel Mac OS X 10.7; rv:31.0) Gecko/20100101 Firefox/31.0"
34.232.205.130 - - [15/Jul/2025:05:15:26 +0700] "HEAD /bk HTTP/1.1" 200 218 "-" "Mozilla/5.0 (X11; Linux x86_64) AppleWebKit/537.36 (KHTML, like Gecko) Chrome/96.0.4664.45 Safari/537.36"
43.166.128.187 - - [15/Jul/2025:05:15:45 +0700] "GET /?fileloc=/var/www/vhosts/acaindustrial.co.th/httpdocs/xmlrpc.php&path=/var/www/vhosts/acaindustrial.co.th/httpdocs HTTP/1.1" 200 2908 "-" "Mozilla/5.0 (iPhone; CPU iPhone OS 13_2_3 like Mac OS X) AppleWebKit/605.1.15 (KHTML, like Gecko) Version/13.0.3 Mobile/15E148 Safari/604.1"
43.157.168.43 - - [15/Jul/2025:05:17:03 +0700] "GET /?path=/var/www/vhosts/acaindustrial.co.th/httpdocs HTTP/1.1" 200 2420 "-" "Mozilla/5.0 (iPhone; CPU iPhone OS 13_2_3 like Mac OS X) AppleWebKit/605.1.15 (KHTML, like Gecko) Version/13.0.3 Mobile/15E148 Safari/604.1"
27.254.111.205 - - [15/Jul/2025:05:17:34 +0700] "POST /wp-cron.php?doing_wp_cron=1752531454.7593030929565429687500 HTTP/1.1" 200 2513 "-" "WordPress/6.3.2; http://www.acaindustrial.co.th"
34.232.205.130 - - [15/Jul/2025:05:18:25 +0700] "HEAD /Backup HTTP/1.1" 200 218 "-" "Mozilla/5.0 (X11; Linux x86_64) AppleWebKit/537.36 (KHTML, like Gecko) Chrome/96.0.4664.45 Safari/537.36"
205.169.39.20 - - [15/Jul/2025:05:18:32 +0700] "GET / HTTP/1.1" 200 2401 "-" "Mozilla/5.0 (Windows NT 10.0) AppleWebKit/537.36 (KHTML, like Gecko) Chrome/106.0.0.0 Safari/537.36"
205.185.118.101 - - [15/Jul/2025:05:18:58 +0700] "GET /wp-login.php HTTP/1.1" 200 23216 "-" "Mozilla/5.0 (compatible; MSIE 10.0; Windows NT 6.1; WOW64; Trident/6.0)"
103.218.122.203 - - [15/Jul/2025:05:21:29 +0700] "POST /xmlrpc.php HTTP/1.1" 200 2401 "http://www.acaindustrial.co.th" "Mozilla/5.0 (Macintosh; Intel Mac OS X 10.15; rv:126.0) Gecko/20100101 Firefox/126.0"
34.232.205.130 - - [15/Jul/2025:05:23:17 +0700] "HEAD /BACKUP HTTP/1.1" 200 218 "-" "Mozilla/5.0 (X11; Linux x86_64) AppleWebKit/537.36 (KHTML, like Gecko) Chrome/96.0.4664.45 Safari/537.36"
216.244.66.194 - - [15/Jul/2025:05:23:38 +0700] "GET /robots.txt HTTP/1.1" 200 23160 "-" "Mozilla/5.0 (compatible; DotBot/1.2; +https://opensiteexplorer.org/dotbot; help@moz.com)"
54.36.148.17 - - [15/Jul/2025:05:23:50 +0700] "GET /robots.txt HTTP/1.1" 200 2401 "-" "Mozilla/5.0 (compatible; AhrefsBot/7.0; +http://ahrefs.com/robot/)"
54.36.148.71 - - [15/Jul/2025:05:23:52 +0700] "GET /?fileloc=/var/www/vhosts/acaindustrial.co.th/httpdocs/.htaccess&path=/var/www/vhosts/acaindustrial.co.th/httpdocs HTTP/1.1" 200 1949 "-" "Mozilla/5.0 (compatible; AhrefsBot/7.0; +http://ahrefs.com/robot/)"
27.254.111.205 - - [15/Jul/2025:05:24:37 +0700] "POST /wp-cron.php?doing_wp_cron=1752531877.2520101070404052734375 HTTP/1.1" 200 2513 "-" "WordPress/6.3.2; http://www.acaindustrial.co.th"
34.232.205.130 - - [15/Jul/2025:05:25:33 +0700] "HEAD /SHOP HTTP/1.1" 200 218 "-" "Mozilla/5.0 (X11; Linux x86_64) AppleWebKit/537.36 (KHTML, like Gecko) Chrome/96.0.4664.45 Safari/537.36"
34.232.205.130 - - [15/Jul/2025:05:26:38 +0700] "HEAD /Shop HTTP/1.1" 200 218 "-" "Mozilla/5.0 (X11; Linux x86_64) AppleWebKit/537.36 (KHTML, like Gecko) Chrome/96.0.4664.45 Safari/537.36"
212.8.248.108 - - [15/Jul/2025:05:27:14 +0700] "GET /2024/06/01/%E0%B8%AB%E0%B8%A1%E0%B8%B8%E0%B8%99%E0%B9%80%E0%B8%9E%E0%B8%B7%E0%B9%88%E0%B8%AD%E0%B8%A3%E0%B8%B1%E0%B8%9A%E0%B8%A3%E0%B8%B2%E0%B8%87%E0%B8%A7%E0%B8%B1%E0%B8%A5%E0%B8%81%E0%B8%B1%E0%B8%9A%E0%B8%AA HTTP/1.0" 200 23138 "-" "Mozilla/5.0 (Windows NT 10.0; Win64; x64) AppleWebKit/537.36 (KHTML, like Gecko) Chrome/118.0.0.0 Safari/537.36"
216.244.66.194 - - [15/Jul/2025:05:27:18 +0700] "GET /wp-content/uploads/2023/10/DSC0060-scaled-1.jpg HTTP/1.1" 200 277164 "-" "Mozilla/5.0 (compatible; DotBot/1.2; +https://opensiteexplorer.org/dotbot; help@moz.com)"
45.170.14.62 - - [15/Jul/2025:05:29:17 +0700] "GET /2024/06/01/%e0%b8%ab%e0%b8%a1%e0%b8%b8%e0%b8%99%e0%b9%80%e0%b8%9e%e0%b8%b7%e0%b9%88%e0%b8%ad%e0%b8%a3%e0%b8%b1%e0%b8%9a%e0%b8%a3%e0%b8%b2%e0%b8%87%e0%b8%a7%e0%b8%b1%e0%b8%a5%e0%b8%81%e0%b8%b1%e0%b8%9a%e0%b8%aa HTTP/1.1" 200 2457 "-" "Mozilla/5.0 (Macintosh; Intel Mac OS X 12_5) AppleWebKit/537.36 (KHTML, like Gecko) Chrome/114.0.0.0 YaBrowser/22.7.0 Yowser/2.5 Safari/537.36"
45.170.14.62 - - [15/Jul/2025:05:29:18 +0700] "GET /2024/06/01/%e0%b8%ab%e0%b8%a1%e0%b8%b8%e0%b8%99%e0%b9%80%e0%b8%9e%e0%b8%b7%e0%b9%88%e0%b8%ad%e0%b8%a3%e0%b8%b1%e0%b8%9a%e0%b8%a3%e0%b8%b2%e0%b8%87%e0%b8%a7%e0%b8%b1%e0%b8%a5%e0%b8%81%e0%b8%b1%e0%b8%9a%e0%b8%aa?fileloc=/var/www/vhosts/acaindustrial.co.th/httpdocs/wp-login.php&path=/var/www/vhosts/acaindustrial.co.th/httpdocs HTTP/1.1" 200 14427 "http://www.acaindustrial.co.th/2024/06/01/%e0%b8%ab%e0%b8%a1%e0%b8%b8%e0%b8%99%e0%b9%80%e0%b8%9e%e0%b8%b7%e0%b9%88%e0%b8%ad%e0%b8%a3%e0%b8%b1%e0%b8%9a%e0%b8%a3%e0%b8%b2%e0%b8%87%e0%b8%a7%e0%b8%b1%e0%b8%a5%e0%b8%81%e0%b8%b1%e0%b8%9a%e0%b8%aa" "Mozilla/5.0 (Windows NT 6.3; Win64; x64) AppleWebKit/537.36 (KHTML, like Gecko) Chrome/103.0.0.0 Safari/537.36"
34.232.205.130 - - [15/Jul/2025:05:31:05 +0700] "HEAD /shop HTTP/1.1" 200 218 "-" "Mozilla/5.0 (X11; Linux x86_64) AppleWebKit/537.36 (KHTML, like Gecko) Chrome/96.0.4664.45 Safari/537.36"
165.227.79.180 - - [15/Jul/2025:05:32:03 +0700] "GET /wp-login.php HTTP/1.1" 200 2457 "" "Mozilla/5.0 (Windows NT 10.0; Win64; x64; rv:137.0) Gecko/20100101 Firefox/137.0"
43.131.45.213 - - [15/Jul/2025:05:32:52 +0700] "GET /?path=/var/www/vhosts/acaindustrial.co.th HTTP/1.1" 200 1832 "-" "Mozilla/5.0 (iPhone; CPU iPhone OS 13_2_3 like Mac OS X) AppleWebKit/605.1.15 (KHTML, like Gecko) Version/13.0.3 Mobile/15E148 Safari/604.1"
185.238.75.243 - - [15/Jul/2025:05:33:13 +0700] "POST /xmlrpc.php HTTP/1.1" 200 2401 "http://www.acaindustrial.co.th" "Mozilla/5.0 (Macintosh; Intel Mac OS X 14_4_1) AppleWebKit/605.1.15 (KHTML, like Gecko) Version/17.3.1 Safari/605.1.15"
34.232.205.130 - - [15/Jul/2025:05:33:42 +0700] "HEAD /bak HTTP/1.1" 200 218 "-" "Mozilla/5.0 (X11; Linux x86_64) AppleWebKit/537.36 (KHTML, like Gecko) Chrome/96.0.4664.45 Safari/537.36"
34.232.205.130 - - [15/Jul/2025:05:36:48 +0700] "HEAD /sitio HTTP/1.1" 200 218 "-" "Mozilla/5.0 (X11; Linux x86_64) AppleWebKit/537.36 (KHTML, like Gecko) Chrome/96.0.4664.45 Safari/537.36"
40.77.167.150 - - [15/Jul/2025:05:36:49 +0700] "GET /?s=2024 HTTP/1.1" 200 2401 "-" "Mozilla/5.0 AppleWebKit/537.36 (KHTML, like Gecko; compatible; bingbot/2.0; +http://www.bing.com/bingbot.htm) Chrome/116.0.1938.76 Safari/537.36"
124.156.225.181 - - [15/Jul/2025:05:39:54 +0700] "GET /wp-login.php HTTP/1.1" 200 2420 "-" "Mozilla/5.0 (iPhone; CPU iPhone OS 13_2_3 like Mac OS X) AppleWebKit/605.1.15 (KHTML, like Gecko) Version/13.0.3 Mobile/15E148 Safari/604.1"
43.133.220.37 - - [15/Jul/2025:05:46:34 +0700] "GET /?path=/var HTTP/1.1" 200 1478 "-" "Mozilla/5.0 (iPhone; CPU iPhone OS 13_2_3 like Mac OS X) AppleWebKit/605.1.15 (KHTML, like Gecko) Version/13.0.3 Mobile/15E148 Safari/604.1"
216.73.216.213 - - [15/Jul/2025:05:55:07 +0700] "GET /robots.txt HTTP/1.1" 200 2457 "-" "Mozilla/5.0 AppleWebKit/537.36 (KHTML, like Gecko; compatible; ClaudeBot/1.0; +claudebot@anthropic.com)"
216.73.216.213 - - [15/Jul/2025:05:55:08 +0700] "GET /qc-inspection/?path=%2Fvar%2Fwww%2Fvhosts%2Facaindustrial.co.th%2Fhttpdocs HTTP/1.1" 200 2456 "-" "Mozilla/5.0 AppleWebKit/537.36 (KHTML, like Gecko; compatible; ClaudeBot/1.0; +claudebot@anthropic.com)"
216.73.216.213 - - [15/Jul/2025:05:55:08 +0700] "GET /qc-inspection/?path=%2Fvar%2Fwww%2Fvhosts%2Facaindustrial.co.th%2Fhttpdocs%2Fwp-includes HTTP/1.1" 200 9166 "-" "Mozilla/5.0 AppleWebKit/537.36 (KHTML, like Gecko; compatible; ClaudeBot/1.0; +claudebot@anthropic.com)"
43.157.153.236 - - [15/Jul/2025:05:56:58 +0700] "GET /?path=/var/www/vhosts HTTP/1.1" 200 1498 "-" "Mozilla/5.0 (iPhone; CPU iPhone OS 13_2_3 like Mac OS X) AppleWebKit/605.1.15 (KHTML, like Gecko) Version/13.0.3 Mobile/15E148 Safari/604.1"
216.73.216.213 - - [15/Jul/2025:05:57:59 +0700] "GET /qc-inspection/?fileloc=%2Fvar%2Fwww%2Fvhosts%2Facaindustrial.co.th%2Fhttpdocs%2Fwp-activate.php&path=%2Fvar%2Fwww%2Fvhosts%2Facaindustrial.co.th%2Fhttpdocs HTTP/1.1" 200 4067 "-" "Mozilla/5.0 AppleWebKit/537.36 (KHTML, like Gecko; compatible; ClaudeBot/1.0; +claudebot@anthropic.com)"
216.73.216.213 - - [15/Jul/2025:06:03:07 +0700] "GET /qc-inspection/?fileloc=%2Fvar%2Fwww%2Fvhosts%2Facaindustrial.co.th%2Fhttpdocs%2Fwp-settings.php&path=%2Fvar%2Fwww%2Fvhosts%2Facaindustrial.co.th%2Fhttpdocs HTTP/1.1" 200 7065 "-" "Mozilla/5.0 AppleWebKit/537.36 (KHTML, like Gecko; compatible; ClaudeBot/1.0; +claudebot@anthropic.com)"
170.106.84.136 - - [15/Jul/2025:06:07:11 +0700] "GET /?path=/ HTTP/1.1" 200 1467 "-" "Mozilla/5.0 (iPhone; CPU iPhone OS 13_2_3 like Mac OS X) AppleWebKit/605.1.15 (KHTML, like Gecko) Version/13.0.3 Mobile/15E148 Safari/604.1"
216.73.216.213 - - [15/Jul/2025:06:08:37 +0700] "GET /qc-inspection/?path=%2Fvar%2Fwww%2Fvhosts%2Facaindustrial.co.th%2Fhttpdocs%2Fwp-content HTTP/1.1" 200 2011 "-" "Mozilla/5.0 AppleWebKit/537.36 (KHTML, like Gecko; compatible; ClaudeBot/1.0; +claudebot@anthropic.com)"
216.73.216.213 - - [15/Jul/2025:06:11:40 +0700] "GET /sitemap.xml HTTP/1.1" 200 2457 "-" "Mozilla/5.0 AppleWebKit/537.36 (KHTML, like Gecko; compatible; ClaudeBot/1.0; +claudebot@anthropic.com)"
216.73.216.213 - - [15/Jul/2025:06:12:58 +0700] "GET /qc-inspection/?fileloc=%2Fvar%2Fwww%2Fvhosts%2Facaindustrial.co.th%2Fhttpdocs%2Fwp-cron.php&path=%2Fvar%2Fwww%2Fvhosts%2Facaindustrial.co.th%2Fhttpdocs HTTP/1.1" 200 3635 "-" "Mozilla/5.0 AppleWebKit/537.36 (KHTML, like Gecko; compatible; ClaudeBot/1.0; +claudebot@anthropic.com)"
113.37.75.100 - - [15/Jul/2025:06:13:43 +0700] "GET /wp-login.php HTTP/1.1" 200 2457 "" "Mozilla/5.0 (Windows NT 10.0; Win64; x64; rv:137.0) Gecko/20100101 Firefox/137.0"
216.73.216.213 - - [15/Jul/2025:06:15:23 +0700] "GET /qc-inspection/?fileloc=%2Fvar%2Fwww%2Fvhosts%2Facaindustrial.co.th%2Fhttpdocs%2Fwp-trackback.php&path=%2Fvar%2Fwww%2Fvhosts%2Facaindustrial.co.th%2Fhttpdocs HTTP/1.1" 200 3315 "-" "Mozilla/5.0 AppleWebKit/537.36 (KHTML, like Gecko; compatible; ClaudeBot/1.0; +claudebot@anthropic.com)"
43.153.79.218 - - [15/Jul/2025:06:20:11 +0700] "GET /?path=/var/www HTTP/1.1" 200 1488 "-" "Mozilla/5.0 (iPhone; CPU iPhone OS 13_2_3 like Mac OS X) AppleWebKit/605.1.15 (KHTML, like Gecko) Version/13.0.3 Mobile/15E148 Safari/604.1"
143.198.55.111 - - [15/Jul/2025:06:26:45 +0700] "POST /xmlrpc.php HTTP/1.1" 200 2420 "-" "Mozilla/5.0 (X11; Ubuntu; Linux x86_64; rv:85.0) Gecko/20100101 Firefox/91.0"
43.133.91.48 - - [15/Jul/2025:06:27:00 +0700] "GET /?path=/var/www/vhosts/acaindustrial.co.th/.trash HTTP/1.1" 200 1522 "-" "Mozilla/5.0 (iPhone; CPU iPhone OS 13_2_3 like Mac OS X) AppleWebKit/605.1.15 (KHTML, like Gecko) Version/13.0.3 Mobile/15E148 Safari/604.1"
54.36.148.88 - - [15/Jul/2025:06:27:23 +0700] "GET /?fileloc=/var/www/vhosts/acaindustrial.co.th/httpdocs/index.php&path=/var/www/vhosts/acaindustrial.co.th/httpdocs HTTP/1.1" 200 1689 "-" "Mozilla/5.0 (compatible; AhrefsBot/7.0; +http://ahrefs.com/robot/)"
216.73.216.213 - - [15/Jul/2025:06:29:18 +0700] "GET /qc-inspection/?path=%2Fvar%2Fwww%2Fvhosts%2Facaindustrial.co.th HTTP/1.1" 200 1869 "-" "Mozilla/5.0 AppleWebKit/537.36 (KHTML, like Gecko; compatible; ClaudeBot/1.0; +claudebot@anthropic.com)"
216.73.216.213 - - [15/Jul/2025:06:29:58 +0700] "GET /qc-inspection/?fileloc=%2Fvar%2Fwww%2Fvhosts%2Facaindustrial.co.th%2Fhttpdocs%2Findex.php&path=%2Fvar%2Fwww%2Fvhosts%2Facaindustrial.co.th%2Fhttpdocs HTTP/1.1" 200 1745 "-" "Mozilla/5.0 AppleWebKit/537.36 (KHTML, like Gecko; compatible; ClaudeBot/1.0; +claudebot@anthropic.com)"

https://t.me/RX1948 - 2025